-- https://www.phpmyadmin.net/
--

START TRANSACTION;



--
-- Database: `ibizho6_oc3038jt3112d10ig-cp-a08`
--

-- --------------------------------------------------------

--
-- Table structure for table `address`
--

CREATE TABLE `address` (
  `address_id` int(11) NOT NULL,
  `customer_id` int(11) NOT NULL,
  `firstname` varchar(32) NOT NULL,
  `lastname` varchar(32) NOT NULL,
  `company` varchar(40) NOT NULL,
  `address_1` varchar(128) NOT NULL,
  `address_2` varchar(128) NOT NULL,
  `city` varchar(128) NOT NULL,
  `postcode` varchar(10) NOT NULL,
  `country_id` int(11) NOT NULL DEFAULT 0,
  `zone_id` int(11) NOT NULL DEFAULT 0,
  `custom_field` text NOT NULL
) ENGINE=MyISAM DEFAULT CHARSET=utf8;

--
-- Dumping data for table `address`
--

INSERT INTO `address` (`address_id`, `customer_id`, `firstname`, `lastname`, `company`, `address_1`, `address_2`, `city`, `postcode`, `country_id`, `zone_id`, `custom_field`) VALUES
(985, 523, 'YM', 'Leung', '', '9H Wing Cheong Court', 'Fortune Plaza', 'Tai Po', '', 0, 0, ''),
(984, 522, 'pok man', 'chung', '', '大有街32號泰力工業中心1201室', '', 'hong kong', '', 0, 0, ''),
(983, 521, 'Trixie', 'Santosa', '', '10/11 mayer close noranda', '', 'Perth', '6062', 13, 198, ''),
(982, 520, 'Teddy', 'Tsoi', '', 'Flat 03, 23/F, Hoi Pik House (Block A)', 'Hoi Lok Court, 3 Lai Ying Street', 'Kowloon', '', 0, 0, ''),
(981, 519, 'Yuk lan', 'Lo', 'Salon de culture', '九龍美孚新村二期吉利徑平台7C舖', '', '香港', '', 0, 0, ''),
(980, 518, '嘉毅', '禤', '', '广东省广州市黄沙大道连庆新横街12号三楼前座', '', '广州', '', 0, 0, ''),
(979, 517, 'Sam', 'Yee', '', '#81-2380 Ranger lane', '', 'Port Coquitlam', 'V3B0M4', 38, 603, ''),
(978, 516, 'Kevin', 'Wong', '', '8A Tower 2, Victoria Skye', '1 Muk Ning St., Kowloon Bay', 'Hong Kong', '', 0, 0, ''),
(977, 515, 'Eric', 'Chan', '六褔珠寶金行', '屯門市廣場1期1樓1141號舖', '', '香港', '', 0, 0, ''),
(976, 514, 'Zhou', 'JingBang', '', '富民一街一巷四号', '威远', 'Dongguan', '523880', 0, 0, ''),
(975, 513, 'Daniel ', 'Long', '', '香港鴨脷洲海怡半島23A座37樓F室', '', 'Hong kong', '', 0, 0, ''),
(974, 512, 'Kimmy', 'Man', '', '3840 Vineyard Ave, Apt D ', '', 'Pleasanton ', '94566', 223, 3624, ''),
(973, 511, 'Conrad', 'Lis', 'Conrad Lis', '2833 North Wentworth Road', '', 'Tucson', '85749', 223, 3616, ''),
(972, 510, '小波', '谷', '', '北京市朝阳区望京利泽西街三区308号楼2单元2502', '', '北京市', '', 0, 0, ''),
(970, 508, 'Alan', 'Li', '', '132 Gemini Cres', '', 'Richmond Hill', 'L4S 2K5', 38, 610, ''),
(971, 509, 'Connie', 'Luk', '', 'Vibe Centro, T1A 23G', '9 Muk Ning St, ', 'Kai Tak, Kowloon ', '', 0, 0, ''),
(969, 507, 'kin', 'lee', '', '10 harding way', '', 'monroe', '10950', 223, 3655, ''),
(968, 506, '恩聪', '沈', '', '上海市静安区普善路390弄1号2301室', '', '上海', '', 0, 0, ''),
(966, 294, 'daohua', 'chen', '', 'sanlitun', '', 'Beijing', '100000', 0, 0, ''),
(967, 505, 'Wai Fong', 'Lam', '懲教署', 'Flat A, 1/F, Block 1,', 'CSD Staff Quarters, 64 Tung Tau Wan Road,', 'Stanley', '00000', 0, 0, ''),
(965, 293, 'William', 'Tang', '', 'Diamond Hill', '', 'Kowloon', '', 0, 0, ''),
(964, 292, 'Mona', 'Van Thienen', '', 'Dennenstraat 84', '', 'Mechelen', '', 21, 344, ''),
(963, 291, 'kon-kwok', 'chu', '', '46 Plymouth Drive', 'Bramhall', 'Stockport', 'SK7 2JB', 222, 3529, ''),
(962, 290, 'Enid', 'Tse', '', '2/f, Lee King Mansion, 83 Electric Road, Tin Hau', '', 'Tin Hsu', '', 0, 0, ''),
(961, 289, 'Bradley', 'Kung', '', '40 Elson St.', '', 'Markham', 'L3S2J4', 38, 610, ''),
(960, 288, 'Hugo', 'Chong', '', '天水圍', '', '天水圍', '', 0, 0, ''),
(959, 287, 'Pang Chun', 'Chan', '', 'Flat/G 18/F Chung Lam Count Lucky Plaza Wang Pak street1-15 Shatin', '', 'Hong Kong', '', 0, 0, ''),
(958, 286, 'Ada', 'Yuen', '', 'Rm H, 1/f', 'Hoi Yat Mansion, Riviera Garden', 'Tsuen wan', '', 0, 0, ''),
(957, 285, 'ben', 'Lee', '', 'Room D, 18/F, block 72, Stage 3, Broadway', 'Mei Foo Sun Chuen', 'Hong Kong', '', 0, 0, ''),
(955, 283, 'k', 'ko', '', '123', '', 'Hong kong', '', 0, 0, ''),
(956, 284, 'Mango', 'Wong', '', 'Flat G, 2/F, Blk 10 , Yuet Wu Villa', 'Tuen Mun, N.T.', 'Hong Kong ', '', 0, 0, ''),
(954, 282, 'Cindy', 'So', '', 'KLN', '', 'KLN', '', 0, 0, ''),
(953, 281, 'Bania', 'Lau', '', 'Flat D, 18/F , 72 Broadway, Mei Foo Sun Chuen', '', 'Kowloon', '', 0, 0, ''),
(952, 280, 'pui ling', 'chung', 'Seiko Epson Corp. Hong Kong Branch', '17/F, Watson Centre, ', '16-22 Kung Yip Street, Kwai Chung, ', 'N.T', '852', 0, 0, ''),
(951, 279, 'Vivian', 'Hau', '', 'H852E013P尖沙咀柯士甸道西1號1樓GIC行人通道順豐智能櫃', '', 'HK', '', 0, 0, ''),
(950, 278, 'Jaclyyn', 'Wong', '', 'House 8, La Hacienda,', '29 Mount Kellett Road', 'The Peak', '', 0, 0, ''),
(948, 276, 'Xanthe', 'CHENG', '', 'RM114,Ming Yu House', '', 'Tiu Keng Leng', '', 0, 0, ''),
(949, 277, 'Antony', 'LEE', '', '17A Tower 1, Marble Garden, 33 Marble Road', '', 'HK', '', 0, 0, ''),
(947, 275, 'Gaio Gina', 'Lee', '', 'RM 3009, BLK 3, 81, TAI CHUNG HAU RD', '', 'SAI KUNG', '', 0, 0, ''),
(946, 274, 'Sharon', 'Chan', '', '15C, Block A, Tempo Court', '4 Braemar Hill Road', 'North Point', '852', 0, 0, ''),
(945, 273, 'HY', 'Shiu', '', 'Room 20B, Island Residence, Shau Kei Wan Road 163, Shau Kei Wan, Hong Kong', '', 'Hong Kong', '', 0, 0, ''),
(944, 272, 'Eunice', 'Leung', '', 'Flat B, 3/F, Block 1', 'Whampoa Garden Site 4', 'Hung hom', '', 0, 0, ''),
(943, 271, 'Anthony', 'Leung', '', '羅便臣道83號16樓D座', '', '半山區', '', 0, 0, ''),
(942, 270, 'Yi', 'Ming', '', 'Causeway Bay', 'Times Square', 'Wan Chai', '', 0, 0, ''),
(940, 268, 'Fairy', 'Tang', '', '新界大埔廣福邨廣崇樓C1102室', '', '香港', '', 0, 0, ''),
(941, 269, 'tony', 'chan', 'club nine', 'North street 4-8 ,shop12b', 'Kennedy town', 'Hong kong', '852', 0, 0, ''),
(939, 267, 'SEK', 'LEONG', '', '40 slayton ave', '', 'staten island', '10314', 223, 3655, ''),
(938, 266, 'Pan', 'Chijie', '家', '石龙路999弄汇京佳丽园4号楼1603室', '', 'Shanghai', '200237', 0, 0, ''),
(937, 265, 'CHI HO', 'CHAN', '', 'Rm. 1407, Lai Ha Hse., Yuet Lai Crt., Kwai Chung', '', 'Hong Kong', '11111', 0, 0, ''),
(936, 264, 'Joe', 'Ching', '', '51 Lancaster House', '47 Beadon Road', 'London', 'W6 0BT', 222, 3553, ''),
(935, 263, 'chak ching', 'chau', '', 'tai po', '', 'hk', '', 0, 0, ''),
(934, 262, 'Pik Lin', 'Tang', '', 'Room 2214', 'Sik man house', 'Ho man tin estate Kowloon', '', 0, 0, ''),
(933, 261, 'Cherry', 'Yau', 'Standard Chartered Bank', '32/F, Standard Charetered Banking Building', '4-4A Des Voeux Road, Central', 'Hong Kong', '', 0, 0, ''),
(932, 260, 'CHI LAM', 'TANG', '上水馬會道順豐站', '香港北區上水馬會道148-A號地下後座10A舖', '', '新界', '+852', 0, 0, ''),
(931, 259, 'PUI KI', 'LI', '', 'Rm3301, Blk B, Fai King Hse, King Ming Crt,', 'No.6 Tsui Lam Rd', 'Tseung Kwan O', '', 0, 0, ''),
(930, 258, '潜', '陈', '', '潍城区和平路3555号和平广场营销中心5F', '', '潍坊市', '261000', 0, 707, ''),
(929, 257, 'Edmund', 'Law', '', '130 BRAVO', '', 'IRVINE', '92618-1310', 223, 3624, ''),
(928, 256, 'Ruby', 'Wong', '', 'Diamond Hill', '', 'HK', '', 0, 0, ''),
(927, 255, 'SIN MAN', 'SUN', '', '5/F, Tai Yau Building', '181 Johnston Road', 'Wan Chai', '', 0, 0, ''),
(926, 254, 'ANDY', 'ANDY', '', '7 7433 st. Albans road', '', 'Richmond', 'V6Y2K5', 38, 603, ''),
(925, 253, 'ken', 'wang', '', '77 Duttonwood Lane', '', 'Milpitas', '95035', 223, 3624, ''),
(924, 252, '志炳', '黄', '', '容桂街道小黄圃新二大街四巷4号', '', '广东省佛山市顺德区', '528300', 0, 0, ''),
(923, 251, 'vincent', 'chiu', '', 'cheung hang est', '', 'tsing yi', '', 0, 0, ''),
(922, 250, 'Phoebe', 'Tsui', '', 'FLAT A2, 12/F, BLK A', 'Dragon Court, 6 Dragon Terrace', 'Hong Kong', '', 0, 0, ''),
(921, 249, 'Andrew', 'Sze', 'ASTRI', '5/F, Photonics Centre,', '2 Science Park East Avenue,', 'Hong Kong Science Park', '', 0, 0, ''),
(920, 248, '谭少利', '谭', '', '山东省济南市莱城区汶河大道汶河名邸', '', '山东省济南市莱城区', '', 0, 707, ''),
(919, 247, 'Fung', 'Man', '', '筆架山道59-65號，伊利沙伯大厦', 'A 座3A室', '九龍塘', '', 0, 0, ''),
(918, 246, '曉恩', '梁', '仁濟醫院', '荃灣仁濟醫院B座5樓深切治療部', '', '新界', '', 0, 0, ''),
(917, 245, 'trhy', 'rew', '', '700 corpenters xing', '', 'folcroft', '19032', 223, 3663, ''),
(916, 244, 'Lap', 'Wong', '', '青山公路382號1座3樓B室', '1座3樓B室', '葵涌', '', 0, 0, ''),
(915, 243, 'Wai Kwong David', 'Lung', '', '126 Devonshire Drive', '', 'New Hyde Park', '11040-3616', 223, 3655, ''),
(914, 242, 'Lewis', 'Chung', '', 'Block 1 hibiscus park', 'Kwai fong', 'Hong Kong', '', 0, 0, ''),
(913, 234, 'Yip', 'Joe-Hin', 'Herr', 'Kronenstraße', '4', 'Karlsruhe', '76133', 81, 1254, ''),
(912, 231, '日战', '张', '', '江苏省常州市武进区 湖塘镇 绿地香颂16幢', '', '江苏省', '213000', 0, 0, ''),
(911, 231, '日战', '张', '', '江苏省常州市武进区 湖塘镇 绿地香颂16幢', '', '常州市', '213000', 0, 0, ''),
(910, 231, 'zhang', 'rizhan', '', '江苏省常州市武进区 广电西路 南田雅园 16幢', '', '江苏省常州市', '', 0, 0, ''),
(909, 231, 'zhang', 'rizhan', '', '江苏省常州市武进区 广电西路 南田雅园 16幢', '', '江苏省常州市', '213000', 0, 0, ''),
(908, 231, 'yang', 'jun', '', '上海市徐汇区', '', '上海', '200000', 0, 0, ''),
(907, 231, 'wu', 'jiapei', '', '江苏省南京市玄武区中山大道1001号', '', '江苏省', '', 0, 0, ''),
(906, 211, 'Francesca', 'Vernengo', '', '55 Island Road', 'Deepdene F3', 'Hong Kong', '', 0, 0, ''),
(905, 209, 'ZONGJIASHENG', 'LI', '', '10/F, RM09, CHOI SHUN HSE, CHOI TAK EST', '', 'NGAU TAU KOK', '', 0, 0, ''),
(904, 208, 'Backy', 'Kam', 'Cheong Tin LTD', '馬鞍山雅濤居一座43樓C室', '', 'Hongkong', '', 0, 0, ''),
(903, 207, 'Kelly', 'Lim', '', '11 North Buona Vista Drive, #03-08', '', 'singapore', '138589', 188, 0, ''),
(902, 206, 'Ivy', 'Siu', 'PUMA Asia Pacific Ltd', '7/F, Centre Parc, 11 Sheung Yuet Rd,', '', 'Kowloon Bay', '', 0, 0, ''),
(901, 205, 'Jackson', 'Youn', 'JEOL ASIA PTE. LTD.', '2 CORPORATION ROAD', '#01-12', 'Singapore', '618494', 188, 0, ''),
(900, 204, 'Kei', 'Takehara', '', 'U1907, 1 Harper Terrace', '', 'South Perth', '6151', 13, 198, ''),
(899, 203, 'YIK Shing', 'Lee', '', 'SAU MAU PING, PO TAT ESTATE, TAT YI HOUSE,ROOM 1414', '', 'HONG KONG', '', 0, 0, ''),
(898, 202, 'Yang', 'Jin', '', 'Beijing westcity ', '', 'Beijing', '', 0, 0, ''),
(897, 200, 'King ho', 'Chau', '', '68 simcoe street north', '', 'Oshawa', 'L1G 4S2', 38, 610, ''),
(896, 199, 'Zita', 'Wong', '', '紅磡民裕街41號凱旋中心1期5/F A5室', '', '九龍', '', 0, 0, ''),
(895, 198, 'Milk', 'Chan', '', 'Flat 15A, Ashley Garden, Shatin Park Stage 1, Shatin', '', 'Shatin', '', 0, 0, ''),
(894, 197, 'John', 'Mac', '', '666 Dongguan Avenue, Heng Da Ya Yuan, 44 Dong 1 Dan Yuan 201', '', 'Dongguan Shi', '523000', 0, 0, ''),
(893, 196, 'Wilson', 'Wong', 'Brandcom', 'Suite 2808-10, 28/F Prosperity Millennia Plaza', '663 King’s Road', 'North Point', '', 0, 0, ''),
(892, 195, '胤', '李', '', '中国上海市浦东新区灵岩南路801弄凌云公寓1号楼1708室', '', '上海', '', 0, 0, ''),
(891, 194, 'Max', 'Tan', '', '363B Sembawang Crescent #06-733', '', 'Singapore', '752363', 188, 0, ''),
(890, 193, 'Azlann', 'Az', '', 'Block 261B, #02-406', 'Sengkang East Way', 'Singapore', '542261', 188, 0, ''),
(889, 192, 'SEE WING', 'HO', '', '匯城集團大廈', '', '葵興', '', 0, 0, ''),
(888, 191, 'Edmund', 'Law', '', '130 Bravo', '', 'Irvine', '92618', 223, 3624, ''),
(887, 190, 'Kayle', 'Chin', '', 'UNIT 801, 8/F, KA WAH BANK CENTRE,', '232 DES VOEUX ROAD CENTRAL,', 'SHEUNG WAN', '000000', 0, 0, ''),
(886, 189, 'Annie', 'Yeung', '', '1025 East 22nd Avenue', '', 'Vancouver', 'V5V 1W2', 38, 603, ''),
(885, 189, 'Joseph', 'Lo', '', '3142 Pierview Crescent', '', 'Vancouver', 'V5S 0A9', 38, 603, ''),
(884, 188, 'Andy', 'Lyons', '', '406 Sheung Sze Wan Road', 'Clear Water Bay', 'Hong Kong', '', 0, 0, ''),
(883, 187, '阿', '牛', '', '江苏省常州市武进区 广电西路 南田雅苑 16幢', '', '常州市', '', 0, 0, ''),
(882, 187, '舒伟', '赵', '', '建工汇豪商务广场一楼（近吴中路）古井南路88', '徐汇区', '上海', '', 0, 0, ''),
(880, 185, 'Dennis', 'Yip', '', '47 Clive St', '', 'revesby', '', 13, 192, ''),
(881, 186, 'Wilson', 'Wong', '嘉利', '荃灣青山公路611至619號東南工業大廈10樓', '', '香港', '', 0, 0, ''),
(879, 184, 'Ryuta', 'Samukawa', '', '25 Metz Way', '', 'Wembley Downs', '6019', 13, 198, ''),
(878, 183, 'Elizabeth', 'Cornett', '', '3354 Highway 112', '', 'Lecompte', '71346', 223, 3640, ''),
(877, 182, 'frank', 'lee', '', '1659 35th street', '', 'OakBrook', '60523', 223, 3635, ''),
(876, 182, 'Frank', 'lee', '', '1659 35th street', '', 'OakBrook', '60523', 223, 3635, ''),
(875, 181, 'Vian', 'Yip', '', '昌盛苑昌潤閣2206室', '', '粉嶺', '', 0, 0, ''),
(874, 180, 'David', 'Kwan', '', 'Hong Kong', '', 'Hong Kong', '', 0, 0, ''),
(873, 179, 'Maggie', 'Chim', '', 'Wildbader Str. 55', '', 'Bad Wildbad', '75323', 81, 1254, ''),
(872, 178, 'Lap Anthony', 'Cheung', '', 'H852F080P沙田穗禾苑豐裕閣(A座)地下順便智能櫃', '', 'Hong Kong', '', 0, 0, ''),
(871, 178, 'Lap Anthony', 'Cheung', '', 'H852F080P沙田穗禾苑豐裕閣(A座)地下順便智能櫃', '', 'Hong Kong', '', 0, 0, ''),
(870, 177, 'HK', 'tsui', '', '青衣長康邨康榮樓14號地舖', '', '新界', '', 0, 0, ''),
(869, 176, 'Simon', 'Lee', '', 'T1-81C, Sorrento', '1 Austin Road West, Tsimshatsui', 'Hong Kong', '', 0, 0, ''),
(868, 175, 'Yuffrey', 'Huang', '', '81 CROYDON AVENUE', '', 'CROYDON PARK', '2133', 13, 192, ''),
(867, 174, 'Daling', 'Zheng', '', '28  Kingsbury Street', '', 'Norman Park. Brisbane', '4170', 13, 194, ''),
(866, 174, 'Daling', 'zheng', '', '28 King', '', 'syd', '', 13, 194, ''),
(865, 173, 'zhifeng', 'song', '', '13747 glasser ave', '', 'Orlando', '32826', 223, 3630, ''),
(864, 172, 'Ling', 'Hoy-jan', '', 'Bankwegelhof 89b', '', 'Beveren-Waas', '9120', 21, 351, ''),
(863, 171, 'Stanley', 'Kwan', '', '115 Tanager ct', '', 'Brisbane', '94010', 223, 3624, ''),
(862, 170, 'Patrick', 'Chow', '', 'Room2 4/F block D, Tai Po Garden', '', 'Hong Kong', '', 0, 0, ''),
(861, 169, 'Kin', 'Tang', '', '31/D Twr 8 Imperial Cullinan', '10 Hoi Fai Rd', 'Hong Kong', 'None', 0, 0, ''),
(860, 168, 'wing', 'chan', '', '111-29, 66TH AVE, APT 2A', '', 'FOREST HILLS', '11375', 223, 3655, ''),
(859, 167, 'Benkk', 'Stan', 'Bio', 'Kwai shing estate', 'Kwai chung', 'Hongkong', '0000', 0, 0, ''),
(858, 166, 'Sanna', 'Lam', 'TPCH', '19/F, SUN LIFE TOWER, THE GATEWAY, HARBOUR CITY, T.S.T. KLN.HK', '', 'HONG KONG', '', 0, 0, ''),
(857, 165, 'Kwan Wai', 'Wong', 'Headwin Trading Co Ltd', '九龍荔枝角青山道658号福至工業大厦十樓B室', '', '九龍', '', 0, 0, ''),
(856, 164, 'CHOR PONG', 'Cheng', 'Asian supa', '69 Oatley court', '', 'Belconnen', '', 13, 191, ''),
(855, 163, 'Andrew', 'Lam', '', 'Flat A,20/F,Block 9,Saddle Ridge Garden,Ma On Shan,N.T.', '', 'Hong Kong', '', 0, 0, ''),
(854, 162, 'Mark', 'Mark', 'MJH Imports', '1/18 Price Street', '', 'Southport', '4215', 13, 194, ''),
(853, 161, 'Douglas', 'Lee', '', '33 Duchess Ave', '', 'Rodd Point', '2046', 13, 192, ''),
(852, 160, 'ngai cheng', 'lam', '', 'Room G, 6/F, DorBoa Building, 9 Tsing Chui Path, Tuen Mun, N.T. ', '', 'Hong Kong', '', 0, 0, ''),
(851, 159, 'David', 'Leung', '', '1270 Yorkshire Woods Ct', '', 'Wheaton', '60189-6127', 223, 3635, ''),
(850, 157, 'Alfred', 'Cheung', '', '3187 Louis A Amos', '', 'Lachine', 'H8T 1C4', 38, 612, ''),
(849, 156, 'Alicia', 'Chng', '', 'Blk 424 Canberra Road', '#04-463', 'Singapore', '750424', 188, 0, ''),
(848, 155, 'Tuan', 'Huynh', '', '6594 Manzanita Ct', '', 'Chino', '91710-7463', 223, 3624, ''),
(847, 154, 'Quoc', 'LAM', '', '58 Chemin du serrier', '', 'EZE', '06360', 74, 1119, ''),
(846, 154, 'Quoc', 'LAM', '', '58 Chemin du Serrier', '', 'EZE', '06360', 74, 1119, ''),
(845, 154, 'Quoc', 'LAM', 'Telis', '14 avenue de Grande Bretagne ', '', 'Monaco ', '98000', 74, 1119, ''),
(844, 153, 'Teik Tong', 'Loi', 'TTUnimatic SB', '20 Jalan Pemberita U1/48, Temasya Industrial Park, Glenmarie,', '', 'Shah aAlam,', '40150', 129, 1983, ''),
(843, 152, 'Sharon', 'Leung', 'BGC Capital Markets (HK) Ltd', 'Suite 6402-08, 64th Floor,', 'Two IFC, 8 Finance Street', 'Central', '', 0, 0, ''),
(842, 152, 'Mei', 'Tang', '', '106 Man Nin St', '1/F', 'Sai Kung', '', 0, 0, ''),
(841, 151, 'Khan', 'Kai Sun', 'Nil', '55, Jalan Sukachita, Serangoon Park', '', 'Singapore', '358931', 188, 0, ''),
(840, 150, 'Armand', 'Leong', '', '台山菜園涌邊街平民大廈43號 B座3樓318室', '', '澳門', '', 0, 1933, ''),
(839, 149, 'Cynric', 'Ng', '', 'No.5, 25th street, Hong Lok Yuen', '', 'Hong Kong', '000000', 0, 0, ''),
(838, 147, 'YT', 'Chen', '', 'Unit 4, 5 Yarabah Ave', '', 'Gordon', '2072', 13, 192, ''),
(837, 146, 'siu ki', 'yeung', '', '富亨邨 亨耀樓3418', '', '大埔', '', 0, 0, ''),
(836, 145, 'Raymond', 'Lei', 'Eternity Investment', 'Unit 1211, Shun Tak Center', 'West Tower', 'Sheung Wan', '', 0, 0, ''),
(835, 144, 'Jeremy', 'Kou', '', '5 delta ave #05-05', '', 'Singapore', '160005', 188, 0, ''),
(834, 143, 'Yee', 'Lew', '', '15842 Eagle Cliff', '', 'San Antonio', '78232-3453', 223, 3669, ''),
(833, 142, 'Benjamin', 'Leung', '', '41 Luxton Avenue', '', 'Aurora', 'L4G 7J8', 38, 610, ''),
(832, 141, 'Sammy', 'Li', '', '10 Matlock Avenue', '', 'Newcastle upon Tyne', 'NE3 3GL', 222, 3601, ''),
(831, 140, 'Kin Yin ', 'Chan', '', '30/F, King Palace Plaza,', 'No. 55 King Yip Street,', 'HONG KONG', '', 0, 0, ''),
(830, 139, 'Wai yan', 'Liu', '', 'Flat 1322,tin Kam house ,shun tin estate ,kwun tong .', '', 'Hong kong', '', 0, 0, ''),
(829, 138, '麗敏', '潘', '', '葵芳邨葵泰樓8樓806室', '', '香港', '', 0, 0, ''),
(828, 137, 'May', 'HK', '', 'Shop G19, CityGate, 20 Tat Tung Road, Tung Chung, Tung Chung, Hong Kong', '', 'Tat Tung Road,', '', 0, 0, ''),
(827, 136, 'jeffrey', 'foo', '', '40-40 75 street apt 7g', '', 'Elmhurst', '11373', 223, 3655, ''),
(826, 135, 'Man Yee', 'Cheung', '', 'ROOM 7, 15/F, BLOCK A, OI WAI HOUSE, TSZ OI COURT, 2 WAN WAH STREET, TSZ WAN SHAN', '', 'KOWLOON', '', 0, 0, ''),
(825, 134, 'Ricky', 'Lo', '', 'Room 1708, 17/F Harcourt House,', '39 Gloucester Road, Hong Kong.', 'Wanchai', '', 0, 0, ''),
(824, 133, 'Suis', 'Kana ', '', 'G/F 111 KONG TAU TSUEN LONG HO ROAD YUEN LONG N.T ', '', 'Yuen Long ', '', 0, 0, ''),
(823, 132, 'Lee', 'Hsu', '', '#2117 Oceanic Industrial centre', '2 Lee Lok Street', 'Apleichau', '', 0, 0, ''),
(822, 131, 'Agnes', 'Chan', '', '735 255 th street', 'Unit G', 'Harbor city', '90710', 223, 3624, ''),
(821, 130, 'Patkee', 'Cheng', '', 'Iskurstraat 6', '', 'Almere', '1363 RC', 150, 2330, ''),
(820, 129, 'cheng', 'cheng', '', '36 Koola ave', '', 'East Killara', '', 13, 192, ''),
(819, 128, 'Andrew', 'Chan', 'Tiptrans Suite #17175', '干諾道西62-63號', '時代商業大廈3樓B室', '西營盤', '', 0, 0, ''),
(818, 127, 'Patrick', 'Chung', '', '2D Blk 4 Lok Hin Terrace', '', 'Chai Wan', '', 0, 0, ''),
(817, 126, 'Yongxiang', 'Yang', '', '11/588 Musgrave Rd', 'Robertson', 'Brisbane', '4109', 13, 194, ''),
(816, 125, 'Brenda', 'Wong', '', '10 Darvell Close', '', 'Wheelers Hill', '3150', 13, 197, ''),
(815, 124, 'Peter Ka wah', 'Luk', '', '109 Russell Drive', 'Wollaton', 'NOTTINGHAM', 'NG8 2BD', 222, 3579, ''),
(814, 123, 'Dominic', 'Lai', '', '207 Commons at Kingswood Drive', '', 'East Brunswick', '08816', 223, 3653, ''),
(813, 122, 'Wai Zee', 'Tse', '', 'North Point', '', 'Hong Kong', '', 0, 0, ''),
(812, 121, 'Christopher', 'Tang', '', '1 Paddock Lane', '', 'Sunderland', 'SR3 2BX', 222, 3601, ''),
(811, 120, '永立', '梁', '', '福永桥头福瑞路5号永恒鑫工业园A栋202', '', '深圳', '', 0, 0, ''),
(810, 119, '加進', '李', '', 'Rm 2907, 29/F, Block B, Tung Tao Court', 'Shau Kei Wan, Hong Kong', 'Hong Kong', '', 0, 0, ''),
(809, 118, 'Boldwin', 'Liu', '', 'PO Box 24', '', 'Avondale Heights', '3034', 13, 197, ''),
(808, 117, 'Paul', 'So', '', 'Richland Gardens', '', 'Kowloon Bay', '', 0, 0, ''),
(807, 116, 'Jimmy', 'Cun', '', '36374 DARVON ST', '', 'NEWARK', '94560', 223, 3624, ''),
(806, 115, 'Amanda', 'Chan', '', 'UNIT 4301A, METROPLAZA TOWER 2', '223 HING FONG ROAD', 'KWAI CHUNG', '', 0, 0, ''),
(804, 113, 'Boldwin', 'Liu', '', 'P.O Box 24', '', 'Avondale Heights', '3034', 13, 197, ''),
(805, 114, '维成', '倪', '', '湖南省长沙市开福区德雅路109号17栋', '', '浙江省温州市', '', 0, 0, ''),
(803, 112, '玉鶯', '郭', '', '新莊區中港路482號5樓', '', '新北市', '242', 0, 3149, ''),
(802, 111, 'Alan', 'Tan', 'Leader Computers', '38 Guthrie Street', '', 'Osborne Park', '6017', 13, 198, ''),
(801, 110, 'Gina', 'Yu', '', 'Rm 1B, 18F, Man Ying Building', 'No 1 Man Yuen St, Yau Ma Tei', 'Kowloon', '', 0, 0, ''),
(800, 109, 'Xinting', 'Wang', '', 'Flat F, Floor 12, Block F, Sunshine City', '', 'Hong Kong', '000000', 0, 0, ''),
(799, 108, 'Ruikun', 'XU', '', 'Ankersmidplein 35', '', 'Zaandam', '1506 CK ', 150, 2336, ''),
(798, 107, 'Kevin', 'Gao', '', '3211 146 Street', '', 'Flushing', '11354', 223, 3655, ''),
(797, 107, 'Kevin', 'Gao', '', '7234 47 Ave', '', 'Woodside', '11377', 223, 3655, ''),
(796, 106, 'Clarence', 'Lee', '', 'Yan Fai 1604', '', 'Fanling', '', 0, 0, ''),
(795, 105, 'Zhifeng', 'Song', '', '13747 Glasser ave', '', 'Orlando', '32816', 223, 3630, ''),
(794, 104, 'H Y', 'Lum', '', '荃灣青山道491-501號嘉力工業中心B座5樓18室', '', '荃灣', '', 0, 0, ''),
(793, 103, 'S. K.', 'Kam', 'Kowloon Tong Alliance Church', '134 Waterloo Road', '', 'Kowloon Tong', '', 0, 0, ''),
(792, 102, '寰宇', '张', '', '深圳市宝安区西乡镇桃源居6区18栋2单元702', '', '广东省深圳式宝安区', '', 0, 0, ''),
(791, 101, 'YUMEI', 'HSU', '', 'ZHENG DE NO.11, HOUZHOUZI, TAMSUI DIST', '', 'NEW TAIPEI CITY', '251', 0, 3149, ''),
(790, 100, 'Shun Choy', 'Leung', '', '5B, 18-20 Village Road, Happy Valley, HK', '', 'Hong Kong', '', 0, 0, ''),
(789, 99, 'Lotus ', 'Leung', '', 'Room 905, Chung Yuen House, Chuk Yuen North Estate', '', 'Wong Tai Sin', '0000', 0, 0, ''),
(788, 98, 'Margaret', 'Tang', '', 'Unit 8/ 17, Cambridge Street,  Gladesville ', '', 'Sydney ', '2111', 13, 192, ''),
(787, 97, 'Wing Lung', 'Yeung', '', 'Siu Lun Court', '', 'Tuen Mun', '', 0, 0, ''),
(785, 97, 'wing lung', 'yeung', '', 'siu lun court', '', 'tuen mun', '', 0, 0, ''),
(786, 97, 'wing lung', 'yeung', '', '20/f, 83 des voeux road', '', 'central', '', 0, 0, ''),
(784, 97, 'Wing Lung', 'Yeung', '', 'Siu Lun Court', '', 'Tuen Mun', '', 0, 0, ''),
(783, 96, 'Sally', 'Chan', '', 'Hong Kong', '', 'Hong Kong', '', 0, 0, ''),
(782, 95, 'YUE', 'LIU', '', '28 Hilder Road ', '', 'Ermington', '2115', 13, 192, ''),
(781, 95, 'QI', 'CAO', '', '4 Mondial Place', '', 'West Ryde', '2114', 13, 192, ''),
(780, 94, 'Hung', 'Suen', '', '20 father capodanno Blvd', '', 'Staten island', '10305', 223, 3655, ''),
(779, 94, 'Hung', 'Suen', '', '4 burnham rd', '', 'East Brunswick', '08816', 223, 3653, ''),
(778, 93, 'HAZEL', 'HO', '', '尖沙咀柯士甸道西1號1樓GIC行人通道順便智能櫃', 'H852E013P', '九龍', '', 0, 0, ''),
(777, 92, 'Antonella', 'Zandegu', 'Robert Zandegu', 'Unit 1, 9-11 Rosebank Terrace', 'Templestowe Lower', 'Templestowe Lower', '3107', 13, 197, ''),
(776, 91, 'Wing Hang', 'Sin', 'SIN WING HANG RAYMOND', 'FLAT D, 8TH FLOOR, TOWER 1, COVENT GARDEN, 88 MA TIN ROAD', '', 'YUEN LONG', '852', 0, 0, ''),
(775, 90, 'Wong', 'ky', '', 'kowloon', '', 'hong kong', '', 0, 0, ''),
(774, 89, 'Cherry', 'Chow', 'Hetermedia', '9/f, Infinitus Plaza', '199 Des Voeux Road Central', 'Hong Kong', '852', 0, 0, ''),
(773, 88, 'Andy', 'Lau', '', '14/F, 591 Nathan Road Mongkok, Kowloon.', '', 'Hong Kong', '', 0, 0, ''),
(772, 87, 'Bo Sing', 'Ng', '', 'Flat C, 9/F, Tower 1, The Riverpark, 8 Che Kung Miu Road,', '', 'Shatin', '', 0, 0, ''),
(771, 86, 'WING', 'PAN', '', '22 JENNIFER LANE', '', 'STATEN ISLAND', '10306', 223, 3655, ''),
(770, 85, 'Kelvin', 'Chan', '', 'Room 2303, 23/F, Hiu Fung House,', 'Fung Wah Estate, Chai Wan', 'Hong Kong', '', 0, 0, ''),
(769, 84, 'Kevin', 'Fong', '', 'No.66 First Street, Section M', 'Fairview Park', 'Yuen Long N.T. ', '', 0, 0, ''),
(768, 83, 'kai hong', 'tang', '', '76-36 113th Street', 'APT 1O', 'Forest Hills', '11375', 223, 3655, ''),
(767, 82, 'HO', 'ANNA', '', 'Flat A, 9/F., Elegant Garden, 18 Babington Path', '', 'Hong Kong', '', 0, 0, ''),
(766, 81, 'Vincent', 'Ip', '', '4 Safllower Lane', 'Kings Park', 'Harold Wood', 'RM3 0LN', 222, 3553, ''),
(765, 80, 'mimi', 'yap', '', 'time square', '', 'causeway bay', '', 0, 0, ''),
(764, 79, 'Steve', 'DaZuHui', '', 'Unit 1201, 12/F, Block A, Po Yip Building, 62-70 Texaco Road, Tsuen Wan, N.T', 'C/O GXZ028', 'Hong Kong', '', 0, 0, ''),
(763, 78, 'Ivan', 'Cheng', 'Landmark Mandarin Oriental Hotel (Eng De', 'Landmark, 15 Queen’s Road Central', '', 'Central', '', 0, 0, ''),
(762, 77, 'Yi Wing', 'Cheng', 'Primary School', 'North Point', '', 'Hong Kong', '', 0, 0, ''),
(761, 76, 'Johnson', 'Chan', '', 'Flat 3, 13/F, Block D, Greenville Gardens', '17 Shiu Fai Terrace', 'Wan Chai', '', 0, 0, ''),
(759, 75, 'Alvin', 'Liu', '', 'Spoorstraat', '246', 'Nijmegen', '6511AH', 150, 2332, ''),
(760, 76, 'Johnson', 'Chan', '', 'Caine House, 3 Arsenal Street', '', 'Wan Chai', '', 0, 0, ''),
(758, 74, 'Chung Pui', 'YIP', '晉升工程', 'Rm203,2/F,BlkB,ChungHingIndustrialMansions,25-27TaiYauSt,SanPoKong,Kln', '', 'HK', '852', 0, 0, ''),
(757, 73, 'Yelli', 'Hendry', '', 'The parc condominium blk 3', 'West coast walk', 'Singapore', '127140', 188, 0, ''),
(756, 73, 'Yelli', 'Ho', '', 'Jalan pinisi permai 3 no 6', '', 'Jakarta utara', '14450', 100, 1513, ''),
(755, 73, 'Tjin gin', 'Ho', '', '310 gloucester road', 'Causeway bay', 'Hong kong', '', 0, 0, ''),
(754, 72, 'Kevin', 'Kong', 'WinSYS Logistics Inc.', '15650 Don Julian Rd', '', 'City of Industry', '91745', 223, 3624, ''),
(753, 71, 'Winnie', 'Lo', '', 'Flat F, park Signature', '', 'Hong kong', '', 0, 0, ''),
(752, 70, 'Chun Yu', 'Leung', '', 'Flat 3023, Siu Keung House', 'Siu Kwai Court', 'Tuen Mun', '00', 0, 0, ''),
(751, 69, 'yuet yan', 'kong', '', '12/F,RM06,TSUI PING EST,TSUI CHUNG HSE,KWUN TONG,KLN', '', 'Hong Kong', '', 0, 0, ''),
(750, 68, 'Faith', 'Hou', '', '油塘鯉魚門邨鯉意樓1114室', '', '九龍', '', 0, 0, ''),
(749, 67, 'Alice', 'Chung', '', '16/F World Tech Centre', '95 How Ming Street, Kwun Tong', 'Hong Kong', '', 0, 0, ''),
(748, 66, 'Leung', 'Luke', '', '8924-149 street', '', 'Edmonton', 'T5R 1B8', 38, 602, ''),
(747, 65, 'Ka in', 'Cheung', '', '6060 Madrona Cr', '', 'Richmond', 'V7C2T4', 38, 603, ''),
(746, 65, 'Long Yuen', 'Lam', '', 'Room 103, 1/F, po Shan house, po pui court,', '', 'Kwun tong', '', 0, 0, ''),
(745, 64, 'David', 'Shen', '', '12583 Winery Drive', '', 'RANCHO CUCAMONGA', '91739', 223, 3624, ''),
(744, 63, 'WONG', 'Kat', '', 'Tuen Mun', '', 'Hong Kong', '', 0, 0, ''),
(743, 62, 'Genevieve', 'Chow', '', '27/f, 9 wing Hong street', '', 'Cheung sha wan', '', 0, 0, ''),
(742, 61, 'Peter', 'Lee', '', '東熹苑 逸熹閣', '', 'Sai Wan Ho', '', 0, 0, ''),
(740, 59, 'Sunny', 'Lam', '', '37 Rue De Fleury', '', 'Candiac', 'J5R 0A7', 38, 612, ''),
(741, 60, 'Hok Ching', 'Wong', '', 'Tsuen Wan', '', 'Hong Kong', '', 0, 0, ''),
(739, 58, 'Ray', 'Cheung', 'PVH', '9/f one Kowloon, 1 Wang Yuen st,', 'Kowloon bay', 'Kowloon', '', 0, 0, ''),
(738, 57, 'SIU MEI', 'HO', '', '灣仔駱克道398號華豐樓地下', '', '香港', '', 0, 0, ''),
(737, 56, 'Nolan', 'Kung', '', '231 MacDonald Ave', '', 'Burnaby', 'V5C 5V6', 38, 603, ''),
(736, 55, 'SO', 'Ting Hong', 'Dah Sing Bank Limited', '19/F , Island Place, North Point', '', 'Hong Kong', '', 0, 0, ''),
(735, 54, 'eva', 'chan', 'sanvic', 'rm 706  block A , Mai Hing industrial bldg , Kwun tong', '', 'hong kong', 'nil', 0, 0, ''),
(732, 51, 'Nicholas', 'Leung', '', 'Parcel Locker 1002922357', '3 Darcy St PARRAMATTA NSW 2150', 'Sydney', '2150', 13, 192, ''),
(733, 52, 'ivan', 'tsang', '', '20 ng fong st.', '', 'san po kong', '', 0, 0, ''),
(734, 53, 'Jeff', 'Yan', '', '26 C, Block 8, Parc Palaris', '18 Wylie Road,', 'Ho Man Tin', '', 0, 0, ''),
(731, 50, 'Jack', 'Yap', '', 'Blk 51, New Upper Changi Road #14-1516', '', 'Singapore', '461051', 188, 0, ''),
(729, 48, 'Suki', 'Lee', '', '27/F, Berkshire House, 25 Westlands Road, Island East', '', 'Hong Kong', '', 0, 0, ''),
(730, 49, 'Bianca', 'Ma', '', '236 S Ramona Ave', 'Unit 203', 'Monterey Park', '91754', 223, 3624, ''),
(728, 47, 'Jenny', 'Chow', 'Turner &amp; Townsend Ltd', 'Unit 201, 2/F, Pioneer Place', '33 Hoi Yuen Road', 'Hong Kong', '', 0, 0, ''),
(727, 46, 'Mike', 'Bertelli', 'Lidl Hong Kong Limited', 'Level 25, International Commerce Centre, 1 Austin Road West', '', 'Kowloon', '', 0, 0, ''),
(726, 45, 'Wai Keung ', 'Tang ', 'Oriental Pearl Trading Pty Ltd', '17/63 Norman St ', '', 'Peakhurst ', '2210', 13, 192, ''),
(725, 44, 'jennifer', 'hui', 'Grand Sign Kitchen', '4780 s. Rainbow Blvd #B', '', 'las vegas', '89139', 223, 3651, ''),
(724, 43, '單楹', '何', '', '香港仔石排灣邨碧山樓21樓20室', '', '香港', '', 0, 0, ''),
(723, 42, 'hua', 'lu', '', '6 blackstone valley place', 'suite 502', 'lincoln', '02865', 223, 3665, ''),
(722, 41, 'George', 'Hui', '', '15 holland park', '', 'wallsend', 'ne28 8uj', 222, 3601, ''),
(721, 40, 'Kam Ling', 'Chua', '', 'Lei King Wan', 'Sai Wan Ho', 'Hong Kong', '', 0, 0, ''),
(720, 39, 'Elliot', 'Chiu', '', '36 broadway avenue', '', 'HARLOW', 'CM17 0AG', 222, 3547, ''),
(718, 37, 'Eric', 'S.', '', 'Flat A3 on 19/F, Block A, Greenwood Garden', 'Nos.7-11 Sha Kok Street', 'Shatin', '', 0, 0, ''),
(719, 38, 'Kit', 'Yue', '', '24 Granite Pl', '', 'Eagle Vale', '2558', 13, 192, ''),
(717, 36, 'Jackie', 'Hu', '', '新界沙田沙田正街21-27號沙田廣場一樓12號舖順便智能櫃', '', '沙田', '', 0, 0, ''),
(716, 35, 'Mandy', 'Wong', '', 'H852CA19P', '', 'Hong Kong', '', 0, 0, ''),
(715, 35, 'Mandy', 'Wong', '', '觀塘開源道55號開聯工業中心B座11樓1109～1110室', '', '香港', '', 0, 0, ''),
(714, 34, '冶', '陶', '', '杨浦区国权北路1450弄新江湾尚景园44号1501室', '', '上海', '', 0, 0, ''),
(713, 34, '冶', '陶', '', '杨浦区国权北路1450弄新江湾尚景园44号1501室', '', '上海', '', 0, 0, ''),
(712, 34, '冶', '陶', '', '曲阳路820弄38号605室', '', '上海', '200437', 0, 0, ''),
(711, 34, '冶', '陶', '', '上海市黄浦区延安东路175号22楼', '', '上海', '200002', 0, 0, ''),
(710, 33, 'Luci', 'Wang', '', '36 Rocklands Ave', 'Mt Eden', 'Auckland', '1024', 153, 2344, ''),
(709, 32, 'Jonathan', 'MAK', '', '九龍,長沙灣,瓊林街111號,擎天廣場21C室', '', '香港', '', 0, 0, ''),
(708, 31, 'WAI TAK', 'CHOY', '', '10J, On Wah Building, 41-43 Au Pui Wan Street', 'Fotan', 'Shatin', '', 0, 0, ''),
(707, 30, 'Christian', 'Hepfinger', '', 'Hauptstraße 27', '', 'Olching', '82140', 81, 1255, ''),
(706, 29, '郁淳', '蘇', '', 'Flat D ,BLK 9 ,6F The Visionary Tung Chung, Lantau Island', '', 'Hong Kong', '', 0, 0, ''),
(705, 28, 'Jones', 'Chung', '', 'Room 5, 16/F, Tai Fat House, East Asia Gardens,', '2 Tsuen Wing Street', 'Tsuen Wan', '', 0, 0, ''),
(704, 27, 'Victor', 'pop', 'Mr', '27 Coombe Road', '', 'The Peak', '110', 0, 0, ''),
(703, 26, 'Amy', 'Wan', '', '8031 NW 66 Way', '', 'Parkland', '33067', 223, 3630, ''),
(702, 25, 'Tik hei', 'Ng', '', '49 wabash ter', '', 'San Francisco', '94134', 223, 3624, ''),
(700, 23, 'NG', 'RAY', '', 'Tsuen wan', '', 'Hing kong', '', 0, 0, ''),
(701, 24, 'Nelson', 'Leung', 'KaChunLai', '25B, Block 7, Locwood Court, Kingswood Villas, Tin Shui Wai, Hong Kong', '', 'Tin Shui Wai', '', 0, 0, ''),
(699, 22, 'Alex', 'Tai', '', '九龍油塘鯉魚門道56號油翠苑沃美閣地下(升降機堂)順便智能櫃+(H852CA50P)', '', 'Hong Kong', '', 0, 0, ''),
(698, 21, 'Kheng Keong', 'Tan', '', '660C, Jurong West St. 64, #09-368', '', 'Singapore', '643660', 188, 0, ''),
(697, 20, 'helen', 'yip', '', 'Address 1, testing, 123456', '', 'kowloon', '', 0, 0, ''),
(696, 19, 'Grant', 'Lee', '', '311 W 24th Pl', '', 'Chicago', '60616', 223, 3635, ''),
(695, 18, 'Ching San', 'Tsang', 'Able Sky Trading Limited', 'Rm 2, 28/F, Blk C', 'Manhattan Plaza', '23 Sai Ching Street', '', 0, 0, ''),
(694, 18, 'Ching San', 'Tsang', 'Able Sky Trading Limited', 'Blk H, 4/F, Wang Yip Ctr', '18 Wang Yip Street East', 'Yuen Long', '', 0, 0, ''),
(693, 17, 'Anthony', 'Yeung', 'Dynamic A Workshop Limited', 'G/F, No. 6 Mercer Street, Sheung Wan.', '', 'Sheung Wan', '', 0, 0, ''),
(692, 16, 'Janet', 'Ho', '', '8 Springleaf Walk', '', 'Singapore', '787861', 188, 117, ''),
(691, 15, '良峰', '朱', '海盐县理工学校', '中国浙江省嘉兴市海盐县武原镇枣园西路618号', '', '浙江省嘉兴市海盐县武原镇', '314300', 0, 0, ''),
(690, 14, 'George', 'Fokas', '', '38H, Block 2, The Merton, 38 New Praya, Kennedy Town', '', 'Hong Kong', '', 0, 0, ''),
(689, 13, 'KEITH', 'AU', '', '香港九龍香港新界將軍澳坑口海悅豪園UG17舖', '', '香港', '', 0, 0, ''),
(688, 13, 'KEITH', 'AU', '', 'HONG KONG', '', 'HONG KONG', '', 0, 0, ''),
(687, 12, 'Chi Wai', 'Lee', 'Artesyn Embedded Technologies, Inc.', '14/F, Lu Plaza, 2 Wing Yip Street,', 'Kwun Tong', 'Kownloon', '', 0, 0, ''),
(686, 10, 'Peter', 'Wong', '', 'Flat F, 3/F, City Centre Building', '144-149Gloucester Road', 'Wanchai', '', 0, 0, ''),
(685, 10, 'Peter', 'Wong', '', '66 Huxley Drive', '', 'Horsley', '2530', 13, 192, ''),
(684, 9, 'Krishna Das', 'Suman', 'Ovolo Group Ltd', '15/F, Universal Trade Centre', '3 Arbuthnot Road', 'Central', '', 0, 0, ''),
(683, 9, 'Emma', 'Msowoya', 'Apex Fund Services HK Limited', '17/F, Beautiful Group Tower', '77 Connaught Road', 'Sheung Wan', '', 0, 0, ''),
(682, 8, 'Chun', 'Ho', '', 'Flat F, 10th Floor, Tower 1', 'Greenwood Terrace, Chai Wan', 'Hong Kong', '', 0, 0, ''),
(681, 7, 'Kenneth', 'Chow', '', 'Shop A135 and A136, G/F, Zone A, H.A.N.D.S, On Ting Estate,', '2A Tuen Mun Heung Sze Wui Road, Tuen Mun', 'New Territories', '', 0, 0, ''),
(680, 6, 'Matthew', 'Cheung', '', 'test', '', 'test', '', 38, 610, ''),
(679, 6, 'Matthew', 'Cheung', '', 'Unit 227, 1/F, Lee Ka Ind. Bldg.', '8 Ng ', 'Kowloon', '00000', 0, 0, ''),
(678, 5, 'Miu Ying', 'Sze', '', 'Flat C, 4/F, Block 2, Li Do Garden, 41-63 Castle Peak Road, Sham Tseng, N.T.', '', 'Hong Kong', '', 0, 0, ''),
(674, 1, 'KEI SHING', 'NG', '', '新界屯門良運街3號建生商場地下順便智能櫃', '', 'Hong Kong', '', 0, 0, ''),
(675, 2, 'Jaci', 'Ho', '', 'Flat F, 23/F, Block 6, Liberte, 833 Lai Chi Kok Road, Kln', '', '荔枝角', '', 0, 0, ''),
(676, 3, 'Warren', 'Yu', 'HK Brewcraft', '4/F, 15 Cochrane St, Central', '', 'Hong Kong', '0000', 0, 0, ''),
(677, 4, 'Bonnie', 'Lee', 'Daikin Airconditioning (HK) Ltd.', '18/F Futura Plaza, 111-113 How Ming St.', '', 'Kwun Tong', '', 0, 0, ''),
(986, 524, 'Connie', 'Lui', '', '89 Deep Creek Drive', 'Doncaster East', 'Melbourne', '3109', 13, 197, ''),
(987, 524, '庭宽', '苏', '', '香洲区南湾南路6002号2栋2201', '碧桂园濠月湾', '珠海市', '519000', 0, 0, ''),
(988, 524, '博', '趙', '', '朝陽區東中華路788-2', '', '長春市', '130012', 0, 0, ''),
(989, 524, '伯易', '劉', '', '寶山區淞滨支路15弄5號302室', '', '上海市', '200940', 0, 0, ''),
(990, 525, 'Boldwin', 'Liu', '', 'PO Box 24', '', 'Avondale Heights', '3034', 13, 197, ''),
(991, 526, 'Soichiro', 'Fukutome', '', '3-16-23, Ishigami', '', 'Niiza', '', 107, 1691, ''),
(992, 527, 'Noel', 'Au', '', 'Flat A, 5/F, 43 Smithfield road, Smithfield court Block 1 , Kennedy town', '', 'Hong Kong', '', 0, 0, ''),
(993, 528, 'Salvador', 'Morales', '', 'Room 5070, Regal Airport Hotel', '9 Cheong Tat Road. Chek Lap Kok', 'Lantau Island', '00000', 0, 0, ''),
(994, 529, 'Fook Man', 'CHAN', '', 'cash', '', 'HK', '', 0, 0, ''),
(995, 530, 'Jaehun', 'Jang', '', 'Flat 18A The Apex Tower 2', '33 Wo Yi Hop Rd', 'Hong Kong', '', 0, 0, ''),
(996, 531, 'Fan', 'Sin', '', '香港薄扶林道64-68號景輝大廈B座15樓1室', '', '香港島', '', 0, 0, ''),
(997, 532, 'Jeen', 'Tan', 'Wi Jeen Tan', '47 Oodgeroo Ave', '', 'Franklin', '2913', 13, 191, ''),
(998, 533, '春林', '严', '', '大大 17602028603 广东省广州市白云区均禾街道平沙村平沙东街87号菜鸟驿站', '大大 17602028603 广东省广州市白云区均禾街道平沙村平沙东街87号菜鸟驿站', '广州市', '', 0, 0, ''),
(999, 534, 'Bonnie', 'Kwok', '', '九龍城沐寧街2號啟德一號一期', '第二座28樓F室', '香港', '', 0, 0, ''),
(1000, 535, 'ming', 'chan', '', 'rmF, 28/F., Tower 1, The Reach, Yuen Long', '', 'Hong Kong', '', 0, 0, ''),
(1001, 536, 'Louis', 'Lau', '', 'at A, 6/F, Block 3, Lung Mun Oasis', '', 'Tuen Mun', '', 0, 0, ''),
(1002, 536, 'Louis', 'Lau', '', '香港新界荃灣西樓角路64-98號及荃灣青山公路264-298號南豐中心638-639室', '', '荃灣', '', 0, 0, ''),
(1003, 537, 'Michelle', 'Wai', 'MICHELLE WAI', '寶林邨寶勤樓', '1121室', '將軍澳', '', 0, 0, ''),
(1004, 538, '漢光', '蔡', '', '花都廣場 7座8H', '', '粉嶺', '', 0, 0, ''),
(1005, 539, 'Meng Choo', 'Goff', 'Meng Choo Goff', '58 Percheron Road', '', 'Borehamwood , Herts', 'WD6 2SR', 222, 3557, ''),
(1006, 540, 'Felicia', 'Wong', '', '將軍澳日出康城首都', '六座17樓RA室', '香港', '', 0, 0, ''),
(1007, 541, 'TERRY', 'Li', '', '牛頭角下邨貴華樓1601室', '', 'HONG KONG', '852', 0, 0, ''),
(1008, 542, 'rose5hill@yahoo.com.hk', 'chi hang', '', '6 greenwood mews horwich', '', 'bolton', 'bl6 6tu', 222, 3554, ''),
(1009, 543, 'Vi', 'Cheung ', '', '協和街33號', '凱滙5座28樓J室', 'Hong Kong', '', 0, 0, ''),
(1010, 544, 'Kwong Hung', 'Lok', '', 'Rm.810, Yiu Hei Hse,', 'Tung Hei Court,Sai Wan Ho', 'Hong Kong', '', 0, 0, ''),
(1011, 545, 'Ken', 'Kwok', '', 'Bundelzwam 17', '', 'Vleuten', '3451 HS', 150, 2338, ''),
(1012, 546, 'shuzhen', 'lv', '', 'panyuqu shiqiaozhen qinghedonglu', 'dongxiuyuan', 'guangzhou', '511400', 0, 0, ''),
(1013, 546, '锦创', '陈', '', '番禺区市桥镇清河东路东秀园9街', '15013211839', '广州', '511400', 0, 0, ''),
(1014, 547, 'Chun Lok', 'Ho', '', '新界葵涌大隴街110號 石籬商場2期地下B06-B07號舗', '', 'Hong Kong', '', 0, 0, ''),
(1015, 548, 'Pang To ', 'Chung', '', '1504 HONG TAT COURT 10 HEALTHY STREET CENTRAL, NORTH POINT', '', 'HONG KONG', '00852', 0, 0, ''),
(1016, 549, 'Vicki', 'Kong', '', '馬鞍山雅景台', '', '2座34D', '', 0, 0, ''),
(1017, 550, 'iris', 'lam', '', 'Room B, 20/F, Tower 7, The Long Beach', '8 Hoi Fai Road, Tai Kok Tsui, Kowloon', 'hong kong', '', 0, 0, ''),
(1018, 551, 'Adam', 'Xiang', '', '共康六村72号601', '', '宝山区', '200443', 0, 0, ''),
(1019, 552, 'Niki', 'Cheuk', '德望學校 - 中學部', '清水灣道303號', '', 'HK', '', 0, 0, ''),
(1020, 553, 'Fung chang', 'Chen', '', '1324 Elm Ave.', 'Apt# A', 'San Gabriel', '91775', 223, 3624, ''),
(1021, 554, 'BEIN', 'MAUNG HAW', '', '170 S Canyon Woods RD', '', 'ANAHEIM', '92807', 223, 3624, ''),
(1022, 555, 'sin poh', 'tan', '', '33 tuas view crescent', '', 'sigapore', '', 188, 0, ''),
(1023, 556, 'Elly', 'LEUNG', '', '雲咸街13號', '啟光行3樓', '香港', '', 0, 0, ''),
(1024, 557, 'Jeffrey', 'Fung', '', 'shsjs', '', 'xhdhdjd', '', 0, 0, ''),
(1025, 558, '京', '谢', '', '上海市静安区普善路177弄9号1103室', '', '上海', '200070', 0, 0, ''),
(1026, 558, '子壮', '贺', '', '上海市松江区新松江路555弄7号1701室', '', '上海', '201600', 0, 0, ''),
(1027, 558, '子壮', '贺', '', '上海市松江区新松江路555弄7号1701室', '', '上海', '201600', 0, 0, ''),
(1028, 559, 'V', 'Lam', 'Roctec Securities', 'Room 3908, 39/F., The Center, 99 Queen\'s Road Central', '', 'Hong Kong', '', 0, 0, ''),
(1029, 560, 'Zoe', 'Tse', '', '粉嶺花園10座', '', '粉嶺', '', 0, 0, ''),
(1030, 560, 'Zoe', 'Tse', '', '粉嶺中心地下17B號舖順便智能櫃', '', '粉嶺', '', 0, 0, ''),
(1031, 561, 'Monster', 'Ng', '', 'Flat J, 10/F, Block 3,', 'Harbour Place, 8 Oi King Street,', 'Hunghom', '', 0, 0, ''),
(1032, 562, 'Kelly', 'Hsu', '', '6106 136th PL SW', '', 'EDMONDS', '98026', 223, 3674, ''),
(1033, 562, 'Kelly', 'Hsu', '', '1737 SILVER RAIN DR', '', 'DIAMOND BAR', '91765', 223, 3624, ''),
(1034, 563, 'JERRY', 'TSOI', '', 'RM 8 25/F FU NGA HOUSE FU KEUNG COURT', '8 FU MEI STREET', 'LOK FU', '', 0, 0, ''),
(1035, 564, 'Anna', 'Leung', '', '18 Lunsfield Crescent', '', 'Scarborough', 'M1S3S1', 38, 610, ''),
(1036, 565, 'Monkey', 'Luffy', '', '26517 Danti Court', 'Account No. 22-893992', 'Hayward', '94545', 223, 3624, ''),
(1037, 566, 'Bobby', 'Putol', '', '26517 Danti Court', 'Account No. 25-774672', 'Hayward', '94545', 223, 3624, ''),
(1038, 567, 'MARK JOGETTE', 'LEAL', 'MARK JOGETTE LEAL', 'Murallon Boac marinduque', '', 'Boac', '4900', 168, 2595, ''),
(1039, 568, 'ALBERT', 'HO', 'Albert Ho', '10H, TOWER 6, METRO CITY, PHASE 1, TSEUNG KWAN O', '', 'HONG KONG', '', 0, 0, ''),
(1040, 569, 'William', 'Boyadjian', 'EIRL BOYADJIAN WILLIAM', '17 rue Henri DUBOIS', '', 'IGNY', '91430', 74, 1205, ''),
(1041, 569, 'William', 'Boyadjian', 'EIRL BOYADJIAN William', '29 rue d\'Erevan', '', 'Issy-les-Moulineaux', '92130', 74, 1206, ''),
(1042, 570, 'Agnes', 'Yuen', 'Agnes Yuen', 'Flat 5, 2/F, Pang Ching Court,  6 Chui Chuk Street, Wong Tai Sin', '', '黃大仙 - WONG TAI SIN', '', 0, 0, ''),
(1043, 571, '洪盛', '江', '', '广州市番禺区沙溪大道珊瑚湾畔悦海径15号', '', '广州', '', 0, 0, ''),
(1044, 571, '洪盛', '江', '', '广州市白云区江高镇江村环村一路131号', '', '广州', '510000', 0, 0, ''),
(1045, 572, 'Betina', 'Chan', '', '何文田常富街1號One Homantin 2座15樓A室', '', '何文田', '', 0, 0, ''),
(1046, 573, 'Agnes', 'Wong', '', '10 kennedy road,18B kennedy heights,', 'Central, hk', 'Hk', '', 0, 0, ''),
(1047, 574, 'Ka Man', 'Ho', '', '粉嶺牽晴間第六座4樓H室', '', '香港', '', 0, 0, ''),
(1048, 575, 'Sarah', 'Choi', '', '9427 Daines Dr', '', 'Temple City', '91780', 223, 3624, ''),
(1049, 576, 'Vivian', 'Cheng', '', '1501/1 Cambridge Lane', '', 'Chatswood', '2067', 13, 192, ''),
(1050, 577, 'Benjamin', 'Sung', '', '26 Faringdon St', '', 'Brisbane', '4109', 13, 194, ''),
(1051, 578, 'Patricia', 'Kung', '', 'Suite # 1201  8248  Lansdowne Road', '', 'Richmond', 'V6X3Y9', 38, 603, ''),
(1052, 579, 'Hao', 'Wang', '', 'Room 3641 - 3649, 3/F, Lifts 31-32', 'HKUST, Clear Water Bay, Sai Kung', 'Hong Kong', '', 0, 0, ''),
(1053, 580, 'Christine', 'Cheung', '', '馬鞍山迎海18座9樓A室', '', '沙田', '', 0, 0, ''),
(1054, 581, 'Simon', 'Suen', '', '新蒲崗七寶街3號振發工廠大廈2A', '', '新蒲崗', '', 0, 0, ''),
(1055, 582, '麗文', '張', '', '界限街120號春秋閣十樓A室', '', '九龍', '', 0, 0, ''),
(1056, 583, 'Ted', 'Wong', '', '17 Kingfisher Way', '', 'Birmingham', 'B30 1TG', 222, 3606, ''),
(1057, 584, 'Tracy', 'Ho', '', '大坑道 20號 融園 B/F', '', 'Hk ', '', 0, 0, ''),
(1058, 585, 'Choo', 'Boon Tuan', '', 'Blk 511 Pasir Ris St 52,#06-131', '', 'Singapore', '510511', 188, 0, ''),
(1059, 586, 'Oi-Lam', 'Ng', '', '6B, University Residence Block 15,, Chinese University of Hong Kong', 'Chinese University of Hong Kong', 'Shatin', '', 0, 0, ''),
(1060, 587, 'Micheal', 'Lui', 'Micheal', '24 bushell ave;', '', 'Toronto', 'M4m3b7', 38, 610, ''),
(1061, 588, 'Klare', 'Kim', '', '15 Queen\'s Road Central', '3208, 32/F, Gloucester Tower, The Landmark', 'Central', '', 0, 0, ''),
(1062, 589, 'Yik', 'Leung', '', '葵涌打磚坪街68號和豐工業中心608B1室', '', '香港', '', 0, 0, ''),
(1063, 590, 'Wilfred', 'Wong', '', '24B, Block 6, Parkland Villas,', '1 Tuen On Lane', 'Tuen Mun', '', 0, 0, ''),
(1064, 591, 'chi wa', 'yip', '', 'Flat B, 33/F, Block 2', 'Tsui Ning Garden', 'Tuen Mun', '', 0, 0, ''),
(1065, 592, 'Scarlet ', 'Lam ', '', 'N/A', '', 'Hong Kong ', 'N/A', 0, 0, ''),
(1066, 592, 'Scarlet', 'Lam', '', '屯門美樂花園商場地下65號舖順豐站旁H852U083P', '', 'Hong Kong', '', 0, 0, ''),
(1067, 592, 'Scarlet', 'Lam', '', '屯門美樂花園商場地下65號舖順豐站旁H852U083P', '', 'Hong Kong', '', 0, 0, ''),
(1068, 593, 'Shirley', 'chan', '', 'Flat F, 4th floor, yat Tien mansion', '18b tai koo shing road', 'Tai koo shing', '', 0, 0, ''),
(1069, 593, 'Kit ling', 'Chan', '', '25 high meadows', 'Kenton', 'Newcastle upon Tyne', 'Ne3 4pw', 222, 3601, ''),
(1070, 594, 'TSZ KIT', 'LEE', '', 'Flat C, 1/F, Block 16, Deep Bay Grove,', '', 'Lau Fau Shan,', '', 0, 0, ''),
(1071, 595, 'Edgar', 'Luk', 'Macy\'s Merchandising Group', '8/F, Silvercord, Tower 2', '30 Canton Road, Tsim Sha Tsui', 'Kowloon, Hong Kong', '000000', 0, 0, ''),
(1072, 596, 'Chi Ho', 'Leung', 'Leung Chi Ho', '5560 Arcadia RD', '212', 'Richmond', 'V6X2G9', 38, 603, ''),
(1073, 597, 'Eric', 'Hsi', 'Foji Acupucture', '662 W Duarte Road', '', 'Arcadia', '91007', 223, 3624, ''),
(1074, 598, '富華', '李', '', '元朗宏業西街33号, 元朗貿易中心, 1204 室', '', '元朗', '', 0, 0, ''),
(1075, 599, 'PIK YUK', 'OR', '', 'FLAT D, 11TH FLOOR', 'TOWER 1, THE PARCVILLE', 'YUEN LONG', '852', 0, 0, ''),
(1076, 600, 'Sam', 'Lau', '', 'Hennessy Road', '', 'Wanchai', '', 0, 0, '');

-- --------------------------------------------------------

--
-- Table structure for table `advertikon_stripe_customer`
--

CREATE TABLE `advertikon_stripe_customer` (
  `id` int(11) UNSIGNED NOT NULL,
  `oc_customer_id` int(11) UNSIGNED DEFAULT NULL,
  `stripe_id` varchar(255) COLLATE utf8_bin DEFAULT NULL,
  `date_added` datetime DEFAULT NULL,
  `date_modified` timestamp NOT NULL DEFAULT current_timestamp() ON UPDATE current_timestamp(),
  `description` varchar(255) COLLATE utf8_bin DEFAULT NULL,
  `is_test` tinyint(1) DEFAULT NULL,
  `metadata` text COLLATE utf8_bin DEFAULT NULL,
  `account` varchar(100) COLLATE utf8_bin DEFAULT NULL
) ENGINE=InnoDB DEFAULT CHARSET=utf8 COLLATE=utf8_bin;

-- --------------------------------------------------------

--
-- Table structure for table `advertikon_stripe_order`
--

CREATE TABLE `advertikon_stripe_order` (
  `id` int(11) UNSIGNED NOT NULL,
  `data` text COLLATE utf8_bin DEFAULT NULL,
  `code` varchar(50) COLLATE utf8_bin DEFAULT NULL
) ENGINE=InnoDB DEFAULT CHARSET=utf8 COLLATE=utf8_bin;

-- --------------------------------------------------------

--
-- Table structure for table `advertikon_stripe_recurring`
--

CREATE TABLE `advertikon_stripe_recurring` (
  `id` int(11) UNSIGNED NOT NULL,
  `recurring_order_id` int(10) UNSIGNED DEFAULT NULL,
  `subscription_id` varchar(100) COLLATE utf8_bin DEFAULT NULL,
  `next` text COLLATE utf8_bin DEFAULT NULL,
  `total_tax` text COLLATE utf8_bin DEFAULT NULL,
  `shipping_tax` text COLLATE utf8_bin DEFAULT NULL,
  `invoices` text COLLATE utf8_bin DEFAULT NULL,
  `account` varchar(100) COLLATE utf8_bin DEFAULT NULL
) ENGINE=InnoDB DEFAULT CHARSET=utf8 COLLATE=utf8_bin;

-- --------------------------------------------------------

--
-- Table structure for table `api`
--

CREATE TABLE `api` (
  `api_id` int(11) NOT NULL,
  `username` varchar(64) NOT NULL,
  `key` text NOT NULL,
  `status` tinyint(1) NOT NULL,
  `date_added` datetime NOT NULL,
  `date_modified` datetime NOT NULL
) ENGINE=MyISAM DEFAULT CHARSET=utf8;

--
-- Dumping data for table `api`
--

INSERT INTO `api` (`api_id`, `username`, `key`, `status`, `date_added`, `date_modified`) VALUES
(1, 'Default', 'AodD6RAEt284Fo0scydQPmnW0vfLRDMyWAekC25NtL7dPJ5qr3SsLu4aeXepsxSzWHsZFVngBf9qfIZF2wIJuK7xKCAwrwc5tNkKHMrzZj6pjVAVRGF5v7KQOw53u0FMGaxhB2p8zkLqgLDVY5ckCV8lvnYpbwmjyLwYOOamo2DswWR7B9ky19tq60V1sWyxGYCrJF7OSurLNtBuYin7gCJgoQKTINM6RolqnJTyGYHYgDJjg5DJ91udCIQFrttd', 1, '2021-09-02 15:10:38', '2021-09-02 15:10:38');

-- --------------------------------------------------------

--
-- Table structure for table `api_ip`
--

CREATE TABLE `api_ip` (
  `api_ip_id` int(11) NOT NULL,
  `api_id` int(11) NOT NULL,
  `ip` varchar(40) NOT NULL
) ENGINE=MyISAM DEFAULT CHARSET=utf8;

--
-- Dumping data for table `api_ip`
--

INSERT INTO `api_ip` (`api_ip_id`, `api_id`, `ip`) VALUES
(1, 1, '101.78.234.99'),
(2, 1, '101.78.171.128'),
(3, 1, '218.255.170.76'),
(4, 1, '223.18.78.58');

-- --------------------------------------------------------

--
-- Table structure for table `api_session`
--

CREATE TABLE `api_session` (
  `api_session_id` int(11) NOT NULL,
  `api_id` int(11) NOT NULL,
  `session_id` varchar(32) NOT NULL,
  `ip` varchar(40) NOT NULL,
  `date_added` datetime NOT NULL,
  `date_modified` datetime NOT NULL
) ENGINE=MyISAM DEFAULT CHARSET=utf8;

--
-- Dumping data for table `api_session`
--

INSERT INTO `api_session` (`api_session_id`, `api_id`, `session_id`, `ip`, `date_added`, `date_modified`) VALUES
(36, 1, '813bc65895c03146836f9e4647', '218.255.170.76', '2023-03-12 14:45:57', '2023-03-12 14:45:57'),
(35, 1, '9b7b7524354d0abec749dd7171', '218.255.170.76', '2023-03-12 14:45:48', '2023-03-12 14:45:48'),
(34, 1, 'e81f821acf6d1b47e18d7351ad', '218.255.170.76', '2023-03-09 15:32:47', '2023-03-09 15:32:47'),
(33, 1, '98f6dfcf7336016ebd5ad2cfa5', '223.18.78.58', '2023-03-05 18:37:52', '2023-03-05 18:37:52'),
(32, 1, '9caff4ae800a627879defbdbfb', '218.255.170.76', '2023-03-03 17:13:01', '2023-03-03 17:13:01'),
(31, 1, '53478ce9bf0d44cbf8dddfb1c1', '218.255.170.76', '2023-03-01 13:59:06', '2023-03-01 13:59:06'),
(30, 1, 'bcc004617731ae1fb7ec47c1ac', '218.255.170.76', '2023-03-01 13:58:40', '2023-03-01 13:58:40'),
(29, 1, '79aa2d050ac82e1cd0aca2c188', '218.255.170.76', '2023-02-25 10:52:45', '2023-02-25 10:52:45'),
(28, 1, '1d35ab8f1b5ac73965d9bb5ed3', '218.255.170.76', '2023-02-25 10:52:24', '2023-02-25 10:52:24'),
(27, 1, 'c1fabc7b48adf2668d6f5de801', '101.78.171.128', '2022-12-26 23:56:19', '2022-12-26 23:56:19'),
(26, 1, 'e2cee87adde2d7d8ceeb1a70f1', '101.78.171.128', '2022-12-26 23:56:13', '2022-12-26 23:56:13'),
(25, 1, '9cac22653981f5e4b294d73068', '101.78.171.128', '2022-12-26 23:55:55', '2022-12-26 23:55:55'),
(24, 1, 'a55aec11115301a9a78d00c46b', '101.78.234.99', '2022-06-18 19:09:12', '2022-06-18 19:09:12'),
(23, 1, 'cd2c9abc57725b21e0458434c4', '101.78.234.99', '2022-06-18 19:09:07', '2022-06-18 19:09:07'),
(22, 1, '3ea5e3cd85d401cc304cfb3dc4', '101.78.234.99', '2022-05-30 20:32:49', '2022-05-30 20:32:49'),
(21, 1, 'd7509674a6076ce3225483635d', '101.78.234.99', '2022-05-30 20:31:59', '2022-05-30 12:32:43'),
(20, 1, '3a46f5a44b68137493f40e340f', '101.78.234.99', '2022-05-30 20:31:53', '2022-05-30 20:31:53'),
(18, 1, 'f3d6e2701008755d557da0d3c5', '101.78.234.99', '2022-05-30 20:31:31', '2022-05-30 20:31:31'),
(19, 1, '4f5ed09d371aef657220af2e73', '101.78.234.99', '2022-05-30 20:31:44', '2022-05-30 12:31:46'),
(37, 1, '01b76b3d029a21e596edb297f4', '218.255.170.76', '2023-03-12 14:46:57', '2023-03-12 14:46:57'),
(38, 1, '2a5d3a0c5ac202dce2d7f889e3', '218.255.170.76', '2023-03-12 14:48:12', '2023-03-12 14:48:12'),
(39, 1, 'd8d8344b4ce717d55d9f6e74c3', '218.255.170.76', '2023-03-12 14:48:21', '2023-03-12 14:48:21'),
(40, 1, 'c6906c1850b66aee423c848b50', '218.255.170.76', '2023-03-12 14:48:25', '2023-03-12 14:48:25'),
(41, 1, 'd2043ccf38b13da53acbc3f468', '218.255.170.76', '2023-03-12 14:48:34', '2023-03-12 14:48:34');

-- --------------------------------------------------------

--
-- Table structure for table `attribute`
--

CREATE TABLE `attribute` (
  `attribute_id` int(11) NOT NULL,
  `attribute_group_id` int(11) NOT NULL,
  `sort_order` int(3) NOT NULL
) ENGINE=MyISAM DEFAULT CHARSET=utf8;

--
-- Dumping data for table `attribute`
--

INSERT INTO `attribute` (`attribute_id`, `attribute_group_id`, `sort_order`) VALUES
(35, 13, 6),
(34, 13, 4),
(33, 13, 2),
(32, 13, 0),
(31, 12, 12),
(30, 12, 10),
(29, 12, 8),
(28, 12, 6),
(27, 12, 4),
(26, 12, 2),
(25, 12, 0),
(24, 10, 0),
(23, 10, 0),
(22, 11, 0),
(21, 11, 0),
(20, 11, 0),
(19, 10, 0),
(18, 10, 0),
(17, 9, 0),
(16, 9, 0),
(15, 9, 0),
(14, 7, 0),
(13, 7, 0),
(3, 6, 3),
(2, 6, 5),
(1, 6, 1),
(36, 6, 0),
(37, 14, 0),
(38, 15, 0),
(39, 15, 2),
(40, 15, 4),
(41, 9, 2),
(42, 7, 2),
(43, 7, 3),
(44, 7, 4),
(45, 9, 0),
(46, 16, 0),
(47, 17, 0),
(48, 10, 0),
(49, 10, 0),
(50, 18, 0),
(51, 24, 0),
(52, 24, 0),
(53, 24, 0),
(54, 24, 0),
(55, 25, 0),
(56, 25, 0),
(57, 11, 0),
(58, 11, 0),
(59, 11, 0),
(60, 10, 0),
(61, 10, 0),
(62, 10, 0),
(63, 10, 0),
(64, 10, 0),
(65, 26, 0),
(66, 27, 0),
(67, 3, 0),
(68, 3, 0),
(69, 3, 0),
(70, 3, 0),
(71, 3, 0),
(72, 3, 0),
(73, 3, 0),
(74, 3, 0),
(75, 3, 0),
(76, 3, 0),
(77, 3, 0),
(78, 3, 0),
(79, 3, 0),
(80, 3, 0),
(81, 3, 0),
(82, 28, 6),
(83, 28, 0),
(84, 28, 1),
(85, 28, 4),
(86, 28, 5),
(87, 28, 6),
(88, 28, 10),
(89, 28, 10),
(90, 14, 0),
(91, 28, 13),
(92, 29, 0),
(93, 28, 12),
(94, 28, 10),
(95, 28, 2),
(96, 28, 14),
(97, 28, 8),
(98, 28, 9),
(99, 28, 7),
(100, 28, 11),
(101, 30, 0),
(102, 31, 1),
(103, 30, 2),
(104, 30, 3),
(105, 7, 0),
(106, 7, 0),
(107, 31, 2),
(108, 31, 3),
(109, 31, 4),
(110, 31, 5),
(111, 31, 6),
(112, 31, 7),
(113, 31, 8),
(114, 31, 9),
(115, 31, 10),
(116, 31, 11),
(117, 31, 12),
(118, 31, 13),
(119, 28, 7),
(120, 28, 6),
(121, 28, 11),
(122, 28, 9);

-- --------------------------------------------------------

--
-- Table structure for table `attribute_description`
--

CREATE TABLE `attribute_description` (
  `attribute_id` int(11) NOT NULL,
  `language_id` int(11) NOT NULL,
  `name` varchar(64) NOT NULL
) ENGINE=MyISAM DEFAULT CHARSET=utf8;

--
-- Dumping data for table `attribute_description`
--

INSERT INTO `attribute_description` (`attribute_id`, `language_id`, `name`) VALUES
(24, 3, '毛 重'),
(24, 2, '毛 重'),
(24, 1, 'Gross Weight'),
(23, 3, '净 重'),
(23, 2, '淨 重'),
(23, 1, 'Net Weight'),
(22, 3, 'High'),
(22, 2, 'High'),
(22, 1, 'High'),
(21, 3, 'Width'),
(17, 1, 'Auto Paring'),
(17, 2, 'Auto Paring'),
(17, 3, 'Auto Paring'),
(18, 1, 'Weight'),
(18, 2, '重 量'),
(18, 3, '重 量'),
(19, 1, 'Size'),
(19, 2, '尺 寸'),
(19, 3, '尺 寸'),
(20, 1, 'Length'),
(20, 2, 'Length'),
(20, 3, 'Length'),
(21, 1, 'Width'),
(3, 1, 'Clockspeed'),
(3, 2, 'Clockspeed'),
(3, 3, 'Clockspeed'),
(13, 1, 'Talk Time'),
(13, 2, 'Talk Time'),
(13, 3, 'Talk Time'),
(14, 1, 'Standby Time'),
(14, 2, 'Standby Time'),
(14, 3, 'Standby Time'),
(15, 1, 'Bluetooth Version'),
(15, 2, 'Bluetooth Version'),
(15, 3, 'Bluetooth Version'),
(16, 1, 'A2DP for music playing'),
(16, 2, 'A2DP for music playing'),
(16, 3, 'A2DP for music playing'),
(21, 2, 'Width'),
(1, 1, 'Description'),
(1, 2, 'Description'),
(1, 3, 'Description'),
(2, 1, 'No. of Cores'),
(2, 2, 'No. of Cores'),
(2, 3, 'No. of Cores'),
(25, 1, 'Obtacle Detection'),
(25, 2, 'Obtacle Detection'),
(25, 3, 'Obtacle Detection'),
(26, 1, 'Remote Control'),
(26, 2, 'Remote Control'),
(26, 3, 'Remote Control'),
(27, 1, 'Infrared data comms'),
(27, 2, 'Infrared data comms'),
(27, 3, 'Infrared data comms'),
(28, 1, 'Line tracking'),
(28, 2, 'Line tracking'),
(28, 3, 'Line tracking'),
(29, 1, 'Light sensors'),
(29, 2, 'Light sensors'),
(29, 3, 'Light sensors'),
(30, 1, 'Sound sensor'),
(30, 2, 'Sound sensor'),
(30, 3, 'Sound sensor'),
(31, 1, '3 Button Control'),
(31, 2, '3 Button Control'),
(31, 3, '3 Button Control'),
(32, 1, 'Drive'),
(32, 2, 'Drive'),
(32, 3, 'Drive'),
(33, 1, 'Infrared data comms'),
(33, 2, 'Infrared data comms'),
(33, 3, 'Infrared data comms'),
(34, 1, 'Sound'),
(34, 2, 'Sound'),
(34, 3, 'Sound'),
(35, 1, 'Lights'),
(35, 2, 'Lights'),
(35, 3, 'Lights'),
(36, 1, 'CPU'),
(36, 2, 'CPU'),
(36, 3, 'CPU'),
(37, 1, 'Battery'),
(37, 2, 'Battery'),
(37, 3, 'Battery'),
(38, 1, 'Programming'),
(38, 2, 'Programming'),
(38, 3, 'Programming'),
(39, 1, 'Scanning'),
(39, 2, 'Scanning'),
(39, 3, 'Scanning'),
(40, 1, 'Downloading'),
(40, 2, 'Downloading'),
(40, 3, 'Downloading'),
(41, 3, 'NFC'),
(41, 2, 'NFC'),
(41, 1, 'NFC'),
(42, 3, 'Music Time'),
(42, 2, 'Music Time'),
(42, 1, 'Music Time'),
(43, 3, '充电时间'),
(43, 2, '充電時間'),
(43, 1, 'Charging Time'),
(44, 3, '通话时间'),
(44, 2, '通话时间'),
(44, 1, 'Speaker Talk Time'),
(45, 1, 'Wireless'),
(45, 2, '無線連接'),
(45, 3, '无线连接'),
(46, 1, 'Max. Capacity'),
(46, 2, '最大容量'),
(46, 3, '最大容量'),
(47, 1, 'Material'),
(47, 2, '物 料'),
(47, 3, '物 料'),
(48, 1, 'Inner Size'),
(48, 2, '内部大小'),
(48, 3, '内部大小'),
(49, 1, 'Max. Length'),
(49, 2, '最長距離'),
(49, 3, '最长距离'),
(50, 1, 'Made In'),
(50, 2, '生產地'),
(50, 3, '生产地'),
(51, 1, 'SKU'),
(51, 2, 'SKU'),
(51, 3, 'SKU'),
(52, 1, 'Model/Part Number'),
(52, 2, '型號/產品號'),
(52, 3, '型号/产品号'),
(53, 1, 'UPC'),
(53, 2, 'UPC'),
(53, 3, 'UPC'),
(54, 1, 'EAN'),
(54, 2, 'EAN'),
(54, 3, 'EAN'),
(55, 1, 'Strap Compatibility'),
(55, 2, '腰/肩/背带兼容性'),
(55, 3, '腰/肩/背带兼容性'),
(56, 1, 'Backwards Compatibility'),
(56, 2, '向後兼容'),
(56, 3, '向后兼容'),
(57, 1, 'Inner Dimension'),
(57, 2, '內部尺寸'),
(57, 3, '内部尺寸'),
(58, 1, 'Outer Dimension'),
(58, 2, '外部尺寸'),
(58, 3, '外部尺寸'),
(59, 1, 'Max. Size Compatibility'),
(59, 2, '最大兼容尺寸'),
(59, 3, '最大兼容尺寸'),
(60, 1, 'Clip Size'),
(60, 2, '夾尺寸'),
(60, 3, '夹尺寸'),
(61, 1, 'Plate Size'),
(61, 2, '快拆板尺寸'),
(61, 3, '快拆板尺寸'),
(62, 1, 'Clip Weight'),
(62, 2, '夾重量'),
(62, 3, '夹重量'),
(63, 1, 'Plate Weight'),
(63, 2, '快拆板重量'),
(63, 3, '快拆板重量'),
(64, 1, 'Total Weight'),
(64, 2, '總重量'),
(64, 3, '总重量'),
(65, 1, 'Warranty'),
(65, 2, '保 養'),
(65, 3, '保 养'),
(66, 1, 'Strength Rating'),
(66, 2, '強 度'),
(66, 3, '强 度'),
(67, 1, 'Memory Capacity'),
(67, 2, '內存容量'),
(67, 3, '内存容量'),
(68, 1, 'Model/Series/Type'),
(68, 2, '型號/系列/類型'),
(68, 3, '型号/系列/类型'),
(69, 1, 'CASLatency'),
(69, 2, 'CASLatency'),
(69, 3, 'CAS延遲'),
(70, 1, 'Chip Organization'),
(70, 2, '記憶體架構'),
(70, 3, '芯片组织'),
(71, 1, 'RAM Speed'),
(71, 2, '內存速度'),
(71, 3, '内存速度'),
(72, 1, 'Module Type'),
(72, 2, 'Module Type'),
(72, 3, '模块类型'),
(73, 1, 'Memory Depth'),
(73, 2, 'Memory Depth'),
(73, 3, 'Memory Depth'),
(74, 1, 'Memory Voltage'),
(74, 2, 'Memory 電壓'),
(74, 3, '工作电压'),
(75, 1, 'Form Factor'),
(75, 2, 'Form Factor'),
(75, 3, 'Form Factor'),
(76, 1, 'Capacity per Module'),
(76, 2, 'Capacity per Module'),
(76, 3, 'Capacity per Module'),
(77, 1, 'Model'),
(77, 2, 'Model'),
(77, 3, 'Model'),
(78, 1, 'RAM Memory Type'),
(78, 2, 'RAM Memory Type'),
(78, 3, 'RAM Memory Type'),
(79, 1, 'Rank'),
(79, 2, 'Rank'),
(79, 3, 'Rank'),
(80, 1, 'Number of Pins'),
(80, 2, 'Number of Pins'),
(80, 3, 'Number of Pins'),
(81, 1, 'Number of Modules'),
(81, 2, 'Number of Modules'),
(81, 3, 'Number of Modules'),
(82, 1, 'Operating System'),
(82, 2, '作業系統'),
(82, 3, '作业系统'),
(83, 1, 'Processor'),
(83, 2, 'Processor'),
(83, 3, 'Processor'),
(84, 1, 'GPU Graphic'),
(84, 2, 'GPU 顯示晶片'),
(84, 3, 'GPU 显示晶片'),
(85, 1, 'Memory'),
(85, 2, '記憶體'),
(85, 3, '记忆体'),
(86, 1, 'Storage'),
(86, 2, '儲 存'),
(86, 3, '储 存'),
(87, 1, 'Wireless Connectivity'),
(87, 2, '無線連接'),
(87, 3, '无线连接'),
(88, 1, 'Side I/O Ports'),
(88, 2, '側面 I/O 端口'),
(88, 3, '侧面 I/O 端口'),
(89, 1, 'Front I/O Ports'),
(89, 2, '前面 I/O 端口'),
(89, 3, '前面 I/O 端口'),
(90, 1, 'Power Supply'),
(90, 2, '電 源'),
(90, 3, '电 源'),
(91, 1, 'Software'),
(91, 2, '軟 件'),
(91, 3, '软 件'),
(92, 1, 'Certificates'),
(92, 2, '認 證'),
(92, 3, '认 证'),
(93, 1, 'Accessories'),
(93, 2, '配 件'),
(93, 3, '配 件'),
(94, 1, 'Back I/O Ports'),
(94, 2, '背面 I/O 端口'),
(94, 3, '背面 I/O 端口'),
(95, 1, 'Chipset'),
(95, 2, '晶片組'),
(95, 3, '芯片组'),
(96, 1, 'Utilities'),
(96, 2, 'Utilities'),
(96, 3, 'Utilities'),
(97, 1, 'Audio Input'),
(97, 2, '音頻輸入'),
(97, 3, '音频输入'),
(98, 1, 'Speaker'),
(98, 2, '喇 叭'),
(98, 3, '喇 叭'),
(99, 1, 'LAN'),
(99, 2, '區域網路'),
(99, 3, '区域网路'),
(100, 1, 'Card Reader'),
(100, 2, '讀卡器'),
(100, 3, '读卡器'),
(101, 1, 'Screen Type'),
(101, 2, '屏幕類型'),
(101, 3, '屏幕类型'),
(102, 1, 'Screen Size'),
(102, 2, '屏幕尺寸'),
(102, 3, '屏幕尺寸'),
(103, 1, 'Screen Resolution'),
(103, 2, '屏幕分辨率'),
(103, 3, '屏幕分辨率'),
(104, 1, 'Touch Screen'),
(104, 2, '觸摸屏'),
(104, 3, '触摸屏'),
(105, 1, 'Power Source'),
(105, 2, '能量源'),
(105, 3, '能量源'),
(106, 1, 'Battery Life'),
(106, 2, '電池壽命'),
(106, 3, '电池寿命'),
(107, 1, 'Maximum Resolution'),
(107, 2, '最大解像度'),
(107, 3, '最高分辨率'),
(108, 1, 'Aspect Ratio'),
(108, 2, '螢幕比例'),
(108, 3, '萤幕比例'),
(109, 1, 'Response Time'),
(109, 2, '反應時間'),
(109, 3, '反应时间'),
(110, 1, 'Color Support'),
(110, 2, '色彩支援'),
(110, 3, '色彩支援'),
(111, 1, 'Brightness'),
(111, 2, '明亮度'),
(111, 3, '明亮 度'),
(112, 1, 'Backlight'),
(112, 2, '背景燈'),
(112, 3, '背景灯'),
(113, 1, 'Viewing Angles'),
(113, 2, '可視角度'),
(113, 3, '可视角度'),
(114, 1, 'Panel Type'),
(114, 2, '面板類型'),
(114, 3, '面板类型'),
(115, 1, 'Tilt Stand'),
(115, 2, '傾斜架'),
(115, 3, '倾斜架'),
(116, 1, 'Ports &amp; Connectors'),
(116, 2, '端口與連接器'),
(116, 3, '端口与连接器'),
(117, 1, 'Power'),
(117, 2, '電 源'),
(117, 3, '电 源'),
(118, 1, 'Environmental Certification'),
(118, 2, '環保認證'),
(118, 3, '环保认证'),
(119, 1, 'Audio Output'),
(119, 2, '音頻輸出'),
(119, 3, '音频输出'),
(120, 1, 'Video Output'),
(120, 2, '視頻輸出'),
(120, 3, '视频输出'),
(121, 1, 'Peripheral Interface'),
(121, 2, '外圍接口'),
(121, 3, '外围接口'),
(122, 1, 'Power Supply'),
(122, 2, 'Power Supply'),
(122, 3, 'Power Supply');

-- --------------------------------------------------------

--
-- Table structure for table `attribute_group`
--

CREATE TABLE `attribute_group` (
  `attribute_group_id` int(11) NOT NULL,
  `sort_order` int(3) NOT NULL
) ENGINE=MyISAM DEFAULT CHARSET=utf8;

--
-- Dumping data for table `attribute_group`
--

INSERT INTO `attribute_group` (`attribute_group_id`, `sort_order`) VALUES
(10, 8),
(9, 0),
(7, 1),
(6, 4),
(5, 3),
(4, 1),
(3, 2),
(11, 8),
(12, 0),
(13, 2),
(14, 6),
(15, 8),
(16, 0),
(17, 0),
(18, 9),
(19, 0),
(20, 2),
(21, 4),
(22, 6),
(23, 8),
(24, 0),
(25, 0),
(26, 99),
(27, 0),
(28, 0),
(29, 9),
(30, 0),
(31, 0);

-- --------------------------------------------------------

--
-- Table structure for table `attribute_group_description`
--

CREATE TABLE `attribute_group_description` (
  `attribute_group_id` int(11) NOT NULL,
  `language_id` int(11) NOT NULL,
  `name` varchar(64) NOT NULL
) ENGINE=MyISAM DEFAULT CHARSET=utf8;

--
-- Dumping data for table `attribute_group_description`
--

INSERT INTO `attribute_group_description` (`attribute_group_id`, `language_id`, `name`) VALUES
(7, 1, 'Battery &amp; Power'),
(6, 3, '处理器'),
(6, 1, 'Processor'),
(5, 2, '主機板'),
(3, 2, 'RAM 記憶體'),
(5, 1, 'Motherboard'),
(3, 3, 'RAM 记忆体'),
(4, 1, 'Technical'),
(6, 2, '處理器'),
(5, 3, '主机板'),
(4, 3, '技 术'),
(4, 2, '技 術'),
(3, 1, 'Memory RAM'),
(7, 2, '電池量'),
(7, 3, '电池量'),
(9, 1, 'Connectivity'),
(9, 2, '連 接'),
(9, 3, '连 接'),
(10, 1, 'Dimensions &amp; Weight'),
(10, 2, '大小及重量'),
(10, 3, '大小及重量'),
(11, 1, 'Dimension'),
(11, 2, '尺 寸'),
(11, 3, '尺 寸'),
(12, 1, 'Sensors &amp; Inputs'),
(12, 2, '傳感器和輸入'),
(12, 3, '传感器及输入'),
(13, 1, 'Outputs'),
(13, 2, '輸 出'),
(13, 3, '输 出'),
(14, 1, 'Power'),
(14, 2, '功 率'),
(14, 3, '功 率'),
(15, 1, 'Software'),
(15, 2, '軟 件'),
(15, 3, '软 件'),
(16, 1, 'Capacity'),
(16, 2, '容 量'),
(16, 3, '容 量'),
(17, 1, 'Materials'),
(17, 2, '物 料 '),
(17, 3, '材 质'),
(18, 1, 'Origin'),
(18, 2, '原產地'),
(18, 3, '原产地'),
(19, 1, 'Rice Cooker'),
(19, 2, '電飯煲'),
(19, 3, '电饭煲'),
(20, 1, 'Cooking Time'),
(20, 2, '烹調時間'),
(20, 3, '烹调时间'),
(21, 1, 'Power Consumption'),
(21, 2, '耗電量'),
(21, 3, '耗电量'),
(22, 1, 'Taste Recipes'),
(22, 2, '味道食譜'),
(22, 3, '味道食谱'),
(23, 1, 'Keep Warm'),
(23, 2, '保 溫'),
(23, 3, '保 温'),
(24, 1, 'SKU/PART/GTIN Number'),
(24, 2, 'SKU/PART/GTIN 號碼'),
(24, 3, 'SKU/PART/GTIN 号码'),
(25, 1, 'Compatibility'),
(25, 2, '兼容性'),
(25, 3, '兼容性'),
(26, 1, 'Warranty'),
(26, 2, '保 養'),
(26, 3, '保 修'),
(27, 1, 'Strength'),
(27, 2, '強度/續航力'),
(27, 3, '强度/续航力'),
(28, 1, 'PC Specification'),
(28, 2, '電腦規格'),
(28, 3, '电脑规格'),
(29, 1, 'Certification'),
(29, 2, '認可證明'),
(29, 3, '认可证明'),
(30, 1, 'Display'),
(30, 2, '顯示屏'),
(30, 3, '显示屏'),
(31, 1, 'Display Specification'),
(31, 2, '顯示屏規格'),
(31, 3, '显示屏规格');

-- --------------------------------------------------------

--
-- Table structure for table `banner`
--

CREATE TABLE `banner` (
  `banner_id` int(11) NOT NULL,
  `name` varchar(64) NOT NULL,
  `status` tinyint(1) NOT NULL
) ENGINE=MyISAM DEFAULT CHARSET=utf8;

--
-- Dumping data for table `banner`
--

INSERT INTO `banner` (`banner_id`, `name`, `status`) VALUES
(6, 'HP Products', 1),
(7, 'Home Page Slideshow', 1),
(8, 'Manufacturers', 1);

-- --------------------------------------------------------

--
-- Table structure for table `banner_image`
--

CREATE TABLE `banner_image` (
  `banner_image_id` int(11) NOT NULL,
  `banner_id` int(11) NOT NULL,
  `language_id` int(11) NOT NULL,
  `title` varchar(64) NOT NULL,
  `link` varchar(255) NOT NULL,
  `image` varchar(255) NOT NULL,
  `sort_order` int(3) NOT NULL DEFAULT 0
) ENGINE=MyISAM DEFAULT CHARSET=utf8;

--
-- Dumping data for table `banner_image`
--

INSERT INTO `banner_image` (`banner_image_id`, `banner_id`, `language_id`, `title`, `link`, `image`, `sort_order`) VALUES
(79, 7, 1, 'iPhone 6', 'index.php?route=product/product&amp;path=57&amp;product_id=49', 'catalog/demo/banners/iPhone6.jpg', 0),
(87, 6, 1, 'HP Banner', 'index.php?route=product/manufacturer/info&amp;manufacturer_id=7', 'catalog/demo/compaq_presario.jpg', 0),
(94, 8, 1, 'NFL', '', 'catalog/demo/manufacturer/nfl.png', 0),
(95, 8, 1, 'RedBull', '', 'catalog/demo/manufacturer/redbull.png', 0),
(96, 8, 1, 'Sony', '', 'catalog/demo/manufacturer/sony.png', 0),
(91, 8, 1, 'Coca Cola', '', 'catalog/demo/manufacturer/cocacola.png', 0),
(92, 8, 1, 'Burger King', '', 'catalog/demo/manufacturer/burgerking.png', 0),
(93, 8, 1, 'Canon', '', 'catalog/demo/manufacturer/canon.png', 0),
(88, 8, 1, 'Harley Davidson', '', 'catalog/demo/manufacturer/harley.png', 0),
(89, 8, 1, 'Dell', '', 'catalog/demo/manufacturer/dell.png', 0),
(90, 8, 1, 'Disney', '', 'catalog/demo/manufacturer/disney.png', 0),
(80, 7, 1, 'MacBookAir', '', 'catalog/demo/banners/MacBookAir.jpg', 0),
(97, 8, 1, 'Starbucks', '', 'catalog/demo/manufacturer/starbucks.png', 0),
(98, 8, 1, 'Nintendo', '', 'catalog/demo/manufacturer/nintendo.png', 0),
(99, 7, 3, 'iPhone 6', 'index.php?route=product/product&amp;path=57&amp;product_id=49', 'catalog/demo/banners/iPhone6.jpg', 0),
(100, 6, 3, 'HP Banner', 'index.php?route=product/manufacturer/info&amp;manufacturer_id=7', 'catalog/demo/compaq_presario.jpg', 0),
(101, 8, 3, 'NFL', '', 'catalog/demo/manufacturer/nfl.png', 0),
(102, 8, 3, 'RedBull', '', 'catalog/demo/manufacturer/redbull.png', 0),
(103, 8, 3, 'Sony', '', 'catalog/demo/manufacturer/sony.png', 0),
(104, 8, 3, 'Coca Cola', '', 'catalog/demo/manufacturer/cocacola.png', 0),
(105, 8, 3, 'Burger King', '', 'catalog/demo/manufacturer/burgerking.png', 0),
(106, 8, 3, 'Canon', '', 'catalog/demo/manufacturer/canon.png', 0),
(107, 8, 3, 'Harley Davidson', '', 'catalog/demo/manufacturer/harley.png', 0),
(108, 8, 3, 'Dell', '', 'catalog/demo/manufacturer/dell.png', 0),
(109, 8, 3, 'Disney', '', 'catalog/demo/manufacturer/disney.png', 0),
(110, 7, 3, 'MacBookAir', '', 'catalog/demo/banners/MacBookAir.jpg', 0),
(111, 8, 3, 'Starbucks', '', 'catalog/demo/manufacturer/starbucks.png', 0),
(112, 8, 3, 'Nintendo', '', 'catalog/demo/manufacturer/nintendo.png', 0);

-- --------------------------------------------------------

--
-- Table structure for table `cart`
--

CREATE TABLE `cart` (
  `cart_id` int(11) UNSIGNED NOT NULL,
  `api_id` int(11) NOT NULL,
  `customer_id` int(11) NOT NULL,
  `session_id` varchar(32) NOT NULL,
  `product_id` int(11) NOT NULL,
  `recurring_id` int(11) NOT NULL,
  `option` text NOT NULL,
  `quantity` int(5) NOT NULL,
  `date_added` datetime NOT NULL,
  `visitor_ip` varchar(255) NOT NULL COMMENT 'This field is automatically added by PersistentCart module by iSenseLabs. It will be removed automatically, when you uninstall the module.'
) ENGINE=InnoDB DEFAULT CHARSET=utf8;

-- --------------------------------------------------------

--
-- Table structure for table `category`
--

CREATE TABLE `category` (
  `category_id` int(11) NOT NULL,
  `image` varchar(255) DEFAULT NULL,
  `parent_id` int(11) NOT NULL DEFAULT 0,
  `top` tinyint(1) NOT NULL,
  `column` int(3) NOT NULL,
  `sort_order` int(3) NOT NULL DEFAULT 0,
  `status` tinyint(1) NOT NULL,
  `date_added` datetime NOT NULL,
  `date_modified` datetime NOT NULL
) ENGINE=MyISAM DEFAULT CHARSET=utf8;

--
-- Dumping data for table `category`
--

INSERT INTO `category` (`category_id`, `image`, `parent_id`, `top`, `column`, `sort_order`, `status`, `date_added`, `date_modified`) VALUES
(184, '', 183, 0, 0, 0, 0, '2017-11-24 22:31:01', '2017-11-24 22:31:01'),
(1, '', 0, 1, 3, 1, 0, '2017-11-24 22:31:00', '2023-03-11 14:01:08'),
(4, 'category/computer-and-accessories/computer-and-accessories-200x200.jpg', 0, 1, 3, 1, 1, '2017-11-24 22:31:00', '2018-11-10 12:01:22'),
(5, 'category/electronics/consumer-electronics-300x300.png', 0, 1, 3, 1, 1, '2017-11-24 22:31:00', '2018-04-09 01:38:44'),
(6, 'category/cookware/cookwares-and-accessories-300x300-00.png', 0, 1, 3, 1, 1, '2017-11-24 22:31:00', '2018-04-09 01:45:14'),
(7, '', 0, 1, 3, 1, 1, '2017-11-24 22:31:00', '2018-04-07 07:01:00'),
(8, '', 0, 1, 3, 1, 0, '2017-11-24 22:31:00', '2021-08-14 13:46:36'),
(9, '', 0, 1, 3, 1, 1, '2017-11-24 22:31:00', '2018-04-07 07:03:47'),
(10, '', 0, 1, 3, 1, 1, '2017-11-24 22:31:00', '2018-04-09 08:45:14'),
(11, 'category/health-and-beauty/health-and-beauty-200x200.jpg', 0, 1, 3, 1, 1, '2017-11-24 22:31:00', '2018-04-09 01:48:23'),
(12, '', 0, 1, 3, 1, 0, '2017-11-24 22:31:00', '2017-11-24 22:31:00'),
(13, 'category/electronics/home-appliances-200x200.jpg', 0, 1, 3, 1, 1, '2017-11-24 22:31:00', '2018-04-09 01:49:21'),
(14, '', 0, 1, 3, 1, 0, '2017-11-24 22:31:00', '2017-11-24 22:31:00'),
(15, '', 0, 1, 3, 1, 1, '2017-11-24 22:31:00', '2018-04-09 10:07:09'),
(16, '', 0, 1, 3, 1, 1, '2017-11-24 22:31:00', '2018-04-09 20:12:49'),
(17, '', 0, 1, 3, 1, 0, '2017-11-24 22:31:00', '2017-11-24 22:31:00'),
(18, '', 0, 1, 3, 1, 0, '2017-11-24 22:31:00', '2017-11-24 22:31:00'),
(19, '', 0, 1, 3, 1, 1, '2017-11-24 22:31:00', '2018-04-09 20:21:04'),
(20, '', 0, 1, 3, 1, 1, '2017-11-24 22:31:00', '2018-04-09 20:32:18'),
(21, '', 0, 1, 3, 1, 0, '2017-11-24 22:31:00', '2017-11-24 22:31:00'),
(22, 'category/electronics/wearable-200x200.jpg', 0, 1, 3, 1, 1, '2017-11-24 22:31:00', '2018-04-09 01:53:35'),
(51, '', 1, 0, 0, 0, 0, '2017-11-24 22:31:00', '2017-11-24 22:31:00'),
(52, '', 51, 0, 0, 0, 0, '2017-11-24 22:31:00', '2017-11-24 22:31:00'),
(53, '', 51, 0, 0, 0, 0, '2017-11-24 22:31:00', '2017-11-24 22:31:00'),
(54, '', 51, 0, 0, 0, 0, '2017-11-24 22:31:00', '2017-11-24 22:31:00'),
(55, 'category/camera-and-accessories/camera-200x200-1.jpg', 3, 1, 1, 6, 1, '2017-11-24 22:31:00', '2018-04-09 01:37:01'),
(56, 'category/camera-and-accessories/camera-accessories-200x200-1.jpg', 3, 0, 1, 0, 1, '2017-11-24 22:31:00', '2018-04-09 01:33:35'),
(57, 'category/camera-and-accessories/camera-bags-200x200.jpg', 56, 0, 1, 0, 1, '2017-11-24 22:31:00', '2018-04-09 01:34:30'),
(58, 'category/camera-and-accessories/camera-clips-200x200.jpg', 56, 0, 1, 0, 1, '2017-11-24 22:31:00', '2018-04-09 01:35:18'),
(59, 'category/camera-and-accessories/camera-covers-200x200.jpg', 56, 0, 1, 0, 1, '2017-11-24 22:31:00', '2018-04-09 01:35:40'),
(60, 'category/camera-and-accessories/camera-straps-200x200.jpg', 56, 0, 1, 0, 1, '2017-11-24 22:31:00', '2018-04-09 01:36:31'),
(61, 'catalog/demo/compaq_presario.jpg', 4, 1, 1, 1, 0, '2017-11-24 22:31:00', '2018-01-30 07:03:23'),
(62, '', 61, 0, 0, 2, 1, '2017-11-24 22:31:00', '2018-04-09 03:36:33'),
(63, '', 61, 0, 0, 0, 1, '2017-11-24 22:31:00', '2018-04-09 03:36:55'),
(64, 'catalog/demo/hp_2.jpg', 4, 1, 0, 2, 0, '2017-11-24 22:31:00', '2018-01-30 07:03:32'),
(65, '', 64, 0, 0, 0, 1, '2017-11-24 22:31:00', '2018-04-07 06:27:30'),
(66, '', 64, 0, 0, 1, 1, '2017-11-24 22:31:00', '2018-04-07 06:29:40'),
(67, 'category/computer-and-accessories/computer-accessories-200x200.jpg', 4, 0, 0, 0, 1, '2017-11-24 22:31:00', '2018-11-10 12:00:33'),
(68, '', 67, 0, 0, 1, 1, '2017-11-24 22:31:00', '2018-04-09 01:54:26'),
(69, '', 67, 0, 0, 1, 1, '2017-11-24 22:31:00', '2018-04-09 03:31:37'),
(70, '', 67, 0, 0, 1, 1, '2017-11-24 22:31:00', '2018-04-09 03:31:58'),
(71, '', 67, 0, 0, 1, 1, '2017-11-24 22:31:00', '2018-04-09 03:32:21'),
(72, '', 278, 0, 1, 0, 1, '2017-11-24 22:31:00', '2018-08-29 10:33:28'),
(73, '', 277, 0, 1, 0, 1, '2017-11-24 22:31:00', '2018-08-29 10:33:46'),
(74, '', 278, 0, 1, 0, 1, '2017-11-24 22:31:00', '2018-08-29 10:34:03'),
(75, '', 67, 0, 1, 0, 1, '2017-11-24 22:31:00', '2018-04-09 03:34:40'),
(76, '', 67, 0, 0, 1, 1, '2017-11-24 22:31:00', '2018-04-09 03:35:56'),
(77, '', 4, 0, 0, 0, 0, '2017-11-24 22:31:00', '2018-01-30 07:03:26'),
(78, '', 280, 0, 0, 0, 0, '2017-11-24 22:31:00', '2018-09-08 07:11:47'),
(79, '', 78, 0, 0, 0, 0, '2017-11-24 22:31:00', '2017-11-24 22:31:00'),
(80, '', 78, 0, 0, 0, 0, '2017-11-24 22:31:00', '2017-11-24 22:31:00'),
(81, 'category/computer-and-accessories/software-200x200.jpg', 4, 1, 1, 4, 1, '2017-11-24 22:31:00', '2021-08-14 13:48:18'),
(82, '', 81, 0, 0, 0, 1, '2017-11-24 22:31:00', '2018-04-09 03:37:18'),
(83, 'category/headsets/headsets-300x300-00.png', 5, 0, 1, 0, 1, '2017-11-24 22:31:00', '2019-10-16 11:59:33'),
(84, '', 83, 0, 1, 0, 0, '2017-11-24 22:31:00', '2017-11-24 22:31:00'),
(85, 'category/bluetooth headset/bt-headset-100x100-1.png', 83, 0, 1, 0, 1, '2017-11-24 22:31:00', '2018-04-09 01:40:46'),
(86, 'category/bluetooth speaker/bt-speaker-100x100-1.png', 5, 0, 1, 0, 1, '2017-11-24 22:31:00', '2018-04-09 01:42:12'),
(87, '', 86, 0, 1, 0, 1, '2017-11-24 22:31:00', '2018-04-09 03:37:36'),
(88, '', 86, 0, 1, 0, 1, '2017-11-24 22:31:00', '2018-04-09 03:38:16'),
(96, 'category/cookware/cookwares/cookwares-300x300-00.png', 6, 0, 1, 0, 1, '2017-11-24 22:31:00', '2018-04-07 06:47:28'),
(97, 'category/cookware/cookwares/grillpan-200x200-1.png', 96, 0, 1, 0, 1, '2017-11-24 22:31:00', '2018-04-12 04:12:42'),
(98, 'category/cookware/cookwares/pan-200x200-2.png', 96, 0, 1, 0, 1, '2017-11-24 22:31:00', '2018-04-12 04:12:57'),
(99, 'category/cookware/cookwares/pot-200x200-4.png', 96, 0, 1, 0, 1, '2017-11-24 22:31:00', '2018-04-12 04:13:37'),
(100, 'category/cookware/cookwares/wok-200x200-2.png', 96, 0, 1, 0, 1, '2017-11-24 22:31:00', '2018-04-12 04:13:53'),
(101, 'category/cookware/cookware-accessories/accessories-300x300-00.png', 6, 0, 1, 0, 1, '2017-11-24 22:31:00', '2018-04-09 01:45:41'),
(102, 'category/cookware/knife-100x100-1.png', 101, 0, 1, 0, 0, '2017-11-24 22:31:00', '2018-04-12 00:18:08'),
(103, 'category/cookware/cookware-accessories/knife-200x200-1.png', 101, 0, 1, 0, 1, '2017-11-24 22:31:00', '2018-04-12 04:08:05'),
(104, '', 9, 0, 1, 0, 1, '2017-11-24 22:31:00', '2018-04-07 07:04:34'),
(105, '', 104, 0, 1, 0, 0, '2017-11-24 22:31:00', '2018-12-20 21:49:01'),
(107, '', 104, 0, 1, 0, 1, '2017-11-24 22:31:00', '2018-04-09 03:41:05'),
(108, '', 107, 0, 1, 0, 1, '2017-11-24 22:31:00', '2018-04-09 03:41:52'),
(109, '', 107, 0, 1, 0, 1, '2017-11-24 22:31:00', '2018-04-09 03:42:28'),
(110, '', 107, 0, 1, 0, 1, '2017-11-24 22:31:00', '2018-04-09 03:49:42'),
(111, '', 107, 0, 1, 0, 1, '2017-11-24 22:31:00', '2018-04-09 03:44:44'),
(112, '', 107, 0, 1, 0, 1, '2017-11-24 22:31:00', '2018-04-09 03:46:18'),
(113, '', 107, 0, 1, 0, 1, '2017-11-24 22:31:00', '2018-04-09 03:48:17'),
(114, '', 107, 0, 1, 0, 1, '2017-11-24 22:31:00', '2018-04-09 03:52:06'),
(115, '', 107, 0, 1, 0, 1, '2017-11-24 22:31:00', '2018-04-09 03:54:31'),
(116, '', 107, 0, 1, 0, 1, '2017-11-24 22:31:00', '2018-04-09 03:59:57'),
(117, '', 107, 0, 1, 0, 1, '2017-11-24 22:31:00', '2018-04-09 04:02:08'),
(118, '', 107, 0, 1, 0, 1, '2017-11-24 22:31:00', '2018-04-09 04:02:54'),
(119, '', 107, 0, 1, 0, 1, '2017-11-24 22:31:00', '2018-04-09 04:03:49'),
(120, '', 107, 0, 1, 0, 1, '2017-11-24 22:31:00', '2018-04-09 04:14:41'),
(121, '', 104, 0, 1, 0, 1, '2017-11-24 22:31:00', '2018-04-09 07:38:00'),
(122, '', 121, 0, 1, 2, 1, '2017-11-24 22:31:00', '2018-04-09 08:08:57'),
(123, '', 121, 0, 1, 6, 1, '2017-11-24 22:31:00', '2019-09-13 17:46:50'),
(124, '', 121, 0, 1, 10, 1, '2017-11-24 22:31:00', '2019-09-13 17:53:02'),
(125, '', 121, 0, 1, 14, 0, '2017-11-24 22:31:00', '2017-11-24 22:31:00'),
(126, '', 121, 0, 1, 18, 1, '2017-11-24 22:31:00', '2019-09-13 17:50:08'),
(127, '', 121, 0, 1, 22, 1, '2017-11-24 22:31:00', '2021-04-18 21:08:03'),
(128, 'category/father\'s day/fathers-day-200x200.jpg', 121, 0, 1, 26, 1, '2017-11-24 22:31:00', '2021-04-18 21:06:45'),
(129, '', 121, 0, 1, 30, 1, '2017-11-24 22:31:00', '2019-09-13 17:45:48'),
(130, '', 121, 0, 1, 38, 1, '2017-11-24 22:31:00', '2019-09-13 17:52:23'),
(131, '', 121, 0, 1, 42, 1, '2017-11-24 22:31:00', '2019-09-13 17:47:31'),
(132, '', 9, 0, 1, 0, 1, '2017-11-24 22:31:00', '2018-04-09 08:13:23'),
(133, '', 132, 0, 1, 0, 1, '2017-11-24 22:31:00', '2018-04-09 08:29:51'),
(134, '', 132, 0, 1, 0, 1, '2017-11-24 22:31:00', '2018-04-09 08:31:46'),
(135, '', 132, 0, 1, 0, 1, '2017-11-24 22:31:00', '2018-04-09 08:34:18'),
(136, '', 132, 0, 1, 0, 1, '2017-11-24 22:31:00', '2018-04-09 08:35:42'),
(137, '', 132, 0, 1, 0, 1, '2017-11-24 22:31:01', '2018-04-09 08:37:52'),
(138, '', 9, 0, 1, 0, 1, '2017-11-24 22:31:01', '2018-04-09 08:40:07'),
(139, '', 138, 0, 1, 0, 0, '2017-11-24 22:31:01', '2017-11-24 22:31:01'),
(140, '', 138, 0, 1, 0, 1, '2017-11-24 22:31:01', '2018-04-09 08:41:38'),
(141, '', 138, 0, 1, 3, 1, '2017-11-24 22:31:01', '2018-04-16 04:19:54'),
(142, '', 138, 0, 1, 1, 1, '2017-11-24 22:31:01', '2018-04-16 04:19:47'),
(143, '', 138, 0, 1, 2, 1, '2017-11-24 22:31:01', '2018-04-16 04:19:51'),
(144, '', 10, 0, 0, 0, 0, '2017-11-24 22:31:01', '2017-11-24 22:31:01'),
(145, '', 144, 0, 0, 0, 0, '2017-11-24 22:31:01', '2017-11-24 22:31:01'),
(146, '', 144, 0, 0, 0, 0, '2017-11-24 22:31:01', '2017-11-24 22:31:01'),
(147, '', 10, 0, 1, 0, 1, '2017-11-24 22:31:01', '2018-04-09 08:46:38'),
(148, '', 147, 0, 0, 0, 0, '2017-11-24 22:31:01', '2017-11-24 22:31:01'),
(149, '', 11, 0, 1, 0, 1, '2017-11-24 22:31:01', '2018-04-09 08:47:35'),
(150, '', 11, 0, 1, 0, 1, '2017-11-24 22:31:01', '2018-04-09 09:46:52'),
(151, '', 150, 0, 1, 0, 1, '2017-11-24 22:31:01', '2018-04-09 09:48:40'),
(152, '', 11, 0, 1, 0, 1, '2017-11-24 22:31:01', '2018-04-09 09:51:47'),
(153, '', 11, 0, 0, 0, 0, '2017-11-24 22:31:01', '2017-11-24 22:31:01'),
(154, '', 11, 0, 1, 0, 1, '2017-11-24 22:31:01', '2018-04-09 09:58:06'),
(155, '', 11, 0, 1, 0, 1, '2017-11-24 22:31:01', '2018-04-09 09:59:02'),
(156, '', 155, 0, 1, 0, 1, '2017-11-24 22:31:01', '2018-04-09 10:04:50'),
(157, '', 12, 0, 0, 0, 0, '2017-11-24 22:31:01', '2017-11-24 22:31:01'),
(158, '', 157, 0, 0, 0, 0, '2017-11-24 22:31:01', '2017-11-24 22:31:01'),
(159, '', 157, 0, 0, 0, 0, '2017-11-24 22:31:01', '2017-11-24 22:31:01'),
(160, '', 157, 0, 0, 0, 0, '2017-11-24 22:31:01', '2017-11-24 22:31:01'),
(161, '', 157, 0, 0, 0, 0, '2017-11-24 22:31:01', '2017-11-24 22:31:01'),
(162, '', 12, 0, 0, 0, 1, '2017-11-24 22:31:01', '2018-04-17 00:13:14'),
(163, '', 162, 0, 0, 0, 1, '2017-11-24 22:31:01', '2018-04-15 23:22:20'),
(164, '', 13, 0, 0, 0, 0, '2017-11-24 22:31:01', '2017-11-24 22:31:01'),
(165, '', 13, 0, 0, 0, 0, '2017-11-24 22:31:01', '2017-11-24 22:31:01'),
(166, '', 13, 0, 0, 0, 0, '2017-11-24 22:31:01', '2017-11-24 22:31:01'),
(167, '', 13, 0, 0, 0, 0, '2017-11-24 22:31:01', '2017-11-24 22:31:01'),
(168, '', 13, 0, 0, 0, 0, '2017-11-24 22:31:01', '2017-11-24 22:31:01'),
(169, '', 13, 0, 0, 0, 0, '2017-11-24 22:31:01', '2017-11-24 22:31:01'),
(170, '', 15, 0, 0, 0, 1, '2017-11-24 22:31:01', '2018-10-19 17:58:07'),
(171, '', 170, 0, 0, 0, 0, '2017-11-24 22:31:01', '2017-11-24 22:31:01'),
(172, '', 170, 0, 0, 0, 0, '2017-11-24 22:31:01', '2017-11-24 22:31:01'),
(173, '', 170, 0, 0, 0, 0, '2017-11-24 22:31:01', '2017-11-24 22:31:01'),
(174, '', 15, 0, 0, 0, 1, '2017-11-24 22:31:01', '2018-10-19 17:54:15'),
(175, '', 174, 0, 0, 0, 1, '2017-11-24 22:31:01', '2021-01-06 10:47:27'),
(176, '', 174, 0, 0, 0, 0, '2017-11-24 22:31:01', '2017-11-24 22:31:01'),
(177, '', 174, 0, 0, 0, 1, '2017-11-24 22:31:01', '2021-01-06 10:47:19'),
(178, '', 174, 0, 0, 0, 0, '2017-11-24 22:31:01', '2017-11-24 22:31:01'),
(179, '', 174, 0, 0, 0, 1, '2017-11-24 22:31:01', '2021-01-06 10:47:29'),
(180, '', 174, 0, 0, 0, 0, '2017-11-24 22:31:01', '2017-11-24 22:31:01'),
(181, '', 174, 0, 0, 0, 0, '2017-11-24 22:31:01', '2017-11-24 22:31:01'),
(182, '', 174, 0, 0, 0, 0, '2017-11-24 22:31:01', '2017-11-24 22:31:01'),
(183, '', 15, 0, 0, 0, 0, '2017-11-24 22:31:01', '2017-11-24 22:31:01'),
(3, 'category/camera-and-accessories/cameras-and-accessories-200x200-1.jpg', 0, 1, 3, 1, 1, '2017-11-24 22:31:00', '2018-04-09 01:33:13'),
(2, '', 0, 1, 3, 1, 1, '2017-11-24 22:31:00', '2018-04-09 01:32:30'),
(185, '', 15, 0, 0, 0, 1, '2017-11-24 22:31:01', '2018-10-19 17:58:23'),
(186, '', 185, 0, 0, 0, 0, '2017-11-24 22:31:01', '2017-11-24 22:31:01'),
(187, '', 16, 0, 0, 0, 1, '2017-11-24 22:31:01', '2018-11-10 12:02:43'),
(188, '', 187, 0, 0, 0, 0, '2017-11-24 22:31:01', '2018-05-18 20:54:39'),
(189, '', 187, 0, 0, 0, 0, '2017-11-24 22:31:01', '2017-11-24 22:31:01'),
(190, '', 187, 0, 0, 0, 0, '2017-11-24 22:31:01', '2017-11-24 22:31:01'),
(191, '', 187, 0, 0, 0, 0, '2017-11-24 22:31:01', '2017-11-24 22:31:01'),
(192, '', 187, 0, 0, 0, 0, '2017-11-24 22:31:01', '2017-11-24 22:31:01'),
(193, '', 187, 0, 0, 0, 0, '2017-11-24 22:31:01', '2017-11-24 22:31:01'),
(194, '', 187, 0, 0, 0, 0, '2017-11-24 22:31:01', '2017-11-24 22:31:01'),
(195, '', 187, 0, 0, 0, 0, '2017-11-24 22:31:01', '2017-11-24 22:31:01'),
(196, '', 187, 0, 0, 0, 0, '2017-11-24 22:31:01', '2017-11-24 22:31:01'),
(197, '', 187, 0, 0, 0, 0, '2017-11-24 22:31:01', '2017-11-24 22:31:01'),
(198, '', 187, 0, 0, 0, 0, '2017-11-24 22:31:01', '2017-11-24 22:31:01'),
(199, '', 187, 0, 0, 0, 0, '2017-11-24 22:31:01', '2017-11-24 22:31:01'),
(200, '', 187, 0, 0, 0, 1, '2017-11-24 22:31:01', '2018-04-09 20:14:06'),
(201, '', 187, 0, 0, 0, 1, '2017-11-24 22:31:01', '2018-04-09 20:17:14'),
(202, '', 187, 0, 0, 0, 0, '2017-11-24 22:31:01', '2017-11-24 22:31:01'),
(203, '', 187, 0, 0, 0, 0, '2017-11-24 22:31:01', '2017-11-24 22:31:01'),
(204, 'category/bluetooth headset/bt-headset-100x100-1.png', 187, 0, 0, 0, 0, '2017-11-24 22:31:01', '2017-11-24 22:31:01'),
(205, '', 204, 0, 0, 0, 0, '2017-11-24 22:31:01', '2017-11-24 22:31:01'),
(206, '', 204, 0, 0, 0, 0, '2017-11-24 22:31:01', '2017-11-24 22:31:01'),
(207, '', 187, 0, 0, 0, 0, '2017-11-24 22:31:01', '2017-11-24 22:31:01'),
(208, '', 16, 0, 0, 0, 0, '2017-11-24 22:31:01', '2017-11-24 22:31:01'),
(209, '', 16, 0, 0, 0, 0, '2017-11-24 22:31:01', '2017-11-24 22:31:01'),
(210, '', 17, 0, 0, 0, 0, '2017-11-24 22:31:01', '2017-11-24 22:31:01'),
(211, '', 17, 0, 0, 0, 0, '2017-11-24 22:31:01', '2017-11-24 22:31:01'),
(212, '', 17, 0, 0, 0, 0, '2017-11-24 22:31:01', '2017-11-24 22:31:01'),
(213, '', 17, 0, 0, 0, 0, '2017-11-24 22:31:01', '2017-11-24 22:31:01'),
(214, '', 17, 0, 0, 0, 0, '2017-11-24 22:31:01', '2017-11-24 22:31:01'),
(215, '', 17, 0, 0, 0, 0, '2017-11-24 22:31:01', '2017-11-24 22:31:01'),
(216, '', 215, 0, 0, 0, 0, '2017-11-24 22:31:01', '2017-11-24 22:31:01'),
(217, '', 17, 0, 0, 0, 0, '2017-11-24 22:31:01', '2017-11-24 22:31:01'),
(218, '', 217, 0, 0, 0, 0, '2017-11-24 22:31:01', '2017-11-24 22:31:01'),
(219, '', 217, 0, 0, 0, 0, '2017-11-24 22:31:01', '2017-11-24 22:31:01'),
(220, '', 217, 0, 0, 0, 0, '2017-11-24 22:31:01', '2017-11-24 22:31:01'),
(221, '', 17, 0, 0, 0, 0, '2017-11-24 22:31:01', '2017-11-24 22:31:01'),
(222, '', 221, 0, 0, 0, 0, '2017-11-24 22:31:01', '2017-11-24 22:31:01'),
(223, '', 221, 0, 0, 0, 0, '2017-11-24 22:31:01', '2017-11-24 22:31:01'),
(224, '', 221, 0, 0, 0, 0, '2017-11-24 22:31:01', '2017-11-24 22:31:01'),
(225, '', 221, 0, 0, 0, 0, '2017-11-24 22:31:01', '2017-11-24 22:31:01'),
(226, 'category/bluetooth headset/bt-headset-100x100-1.png', 19, 0, 1, 0, 1, '2017-11-24 22:31:01', '2018-04-09 01:50:15'),
(227, '', 19, 0, 1, 0, 1, '2017-11-24 22:31:01', '2018-04-09 20:22:12'),
(228, '', 19, 0, 1, 0, 1, '2017-11-24 22:31:01', '2018-04-09 20:23:16'),
(229, '', 19, 0, 1, 0, 1, '2017-11-24 22:31:01', '2018-04-09 20:27:09'),
(230, '', 19, 0, 0, 0, 0, '2017-11-24 22:31:01', '2017-11-24 22:31:01'),
(231, '', 230, 0, 0, 0, 0, '2017-11-24 22:31:01', '2017-11-24 22:31:01'),
(232, '', 230, 0, 0, 0, 0, '2017-11-24 22:31:01', '2017-11-24 22:31:01'),
(233, '', 230, 0, 0, 0, 0, '2017-11-24 22:31:01', '2017-11-24 22:31:01'),
(234, '', 230, 0, 0, 0, 0, '2017-11-24 22:31:01', '2017-11-24 22:31:01'),
(235, '', 230, 0, 0, 0, 0, '2017-11-24 22:31:01', '2017-11-24 22:31:01'),
(236, '', 230, 0, 0, 0, 0, '2017-11-24 22:31:01', '2017-11-24 22:31:01'),
(237, '', 230, 0, 0, 0, 0, '2017-11-24 22:31:02', '2017-11-24 22:31:02'),
(238, '', 230, 0, 0, 0, 0, '2017-11-24 22:31:02', '2017-11-24 22:31:02'),
(239, '', 230, 0, 0, 0, 0, '2017-11-24 22:31:02', '2017-11-24 22:31:02'),
(240, '', 230, 0, 0, 0, 0, '2017-11-24 22:31:02', '2017-11-24 22:31:02'),
(241, '', 230, 0, 0, 0, 0, '2017-11-24 22:31:02', '2017-11-24 22:31:02'),
(242, '', 230, 0, 0, 0, 0, '2017-11-24 22:31:02', '2017-11-24 22:31:02'),
(243, '', 19, 0, 0, 0, 0, '2017-11-24 22:31:02', '2017-11-24 22:31:02'),
(244, '', 243, 0, 0, 0, 0, '2017-11-24 22:31:02', '2017-11-24 22:31:02'),
(245, '', 243, 0, 0, 0, 0, '2017-11-24 22:31:02', '2017-11-24 22:31:02'),
(246, '', 19, 0, 0, 0, 0, '2017-11-24 22:31:02', '2017-11-24 22:31:02'),
(247, '', 246, 0, 0, 0, 0, '2017-11-24 22:31:02', '2017-11-24 22:31:02'),
(248, '', 247, 0, 0, 0, 0, '2017-11-24 22:31:02', '2017-11-24 22:31:02'),
(249, '', 247, 0, 0, 0, 0, '2017-11-24 22:31:02', '2017-11-24 22:31:02'),
(250, '', 20, 0, 0, 0, 1, '2017-11-24 22:31:02', '2018-07-16 23:44:42'),
(251, '', 20, 0, 1, 0, 1, '2017-11-24 22:31:02', '2017-11-24 22:31:02'),
(252, '', 251, 0, 0, 0, 1, '2017-11-24 22:31:02', '2017-11-24 22:31:02'),
(253, '', 251, 0, 0, 0, 0, '2017-11-24 22:31:02', '2017-11-24 22:31:02'),
(254, '', 20, 0, 0, 0, 0, '2017-11-24 22:31:02', '2017-11-24 22:31:02'),
(255, '', 20, 0, 0, 0, 0, '2017-11-24 22:31:02', '2017-11-24 22:31:02'),
(256, '', 22, 0, 1, 0, 1, '2017-11-24 22:31:02', '2018-04-09 20:33:08'),
(257, '', 22, 0, 1, 0, 1, '2017-11-24 22:31:02', '2018-04-09 20:41:14'),
(258, '', 22, 0, 1, 0, 1, '2017-11-24 22:31:02', '2018-04-09 20:46:31'),
(259, '', 22, 0, 1, 0, 1, '2017-11-24 22:31:02', '2018-04-09 20:47:31'),
(260, '', 121, 0, 1, 22, 1, '2017-11-24 22:31:02', '2019-11-22 11:17:37'),
(261, '', 121, 0, 1, 26, 1, '2017-11-24 22:31:02', '2019-09-13 17:50:51'),
(262, 'category/electronics/gadgets-200x200.jpg', 5, 0, 1, 0, 1, '2018-01-03 19:17:05', '2018-04-09 01:39:10'),
(263, '', 0, 0, 1, 0, 1, '2018-01-29 04:14:56', '2019-05-27 11:10:30'),
(264, '', 7, 0, 1, 0, 1, '2018-01-29 23:23:09', '2018-04-07 07:02:25'),
(265, 'category/electronics/tv-video-home-audio-200x200.png', 5, 0, 1, 0, 1, '2018-02-05 21:07:36', '2018-04-09 01:44:35'),
(266, '', 20, 0, 1, 0, 1, '2018-02-07 02:20:53', '2021-08-14 13:50:45'),
(267, '', 11, 0, 1, 0, 1, '2018-03-04 23:59:47', '2018-04-09 09:53:14'),
(268, '', 267, 0, 1, 0, 1, '2018-03-05 00:00:38', '2018-04-09 09:54:12'),
(269, '', 267, 0, 1, 0, 1, '2018-03-05 02:50:35', '2018-04-09 09:55:09'),
(270, '', 162, 0, 1, 0, 0, '2018-04-15 23:19:48', '2018-04-17 00:14:34'),
(271, '', 187, 0, 1, 0, 1, '2018-05-18 20:39:41', '2019-05-27 11:11:20'),
(272, '', 96, 0, 1, 0, 1, '2018-05-24 20:55:50', '2018-05-24 20:55:50'),
(273, '', 0, 0, 1, 0, 0, '2018-08-16 22:46:23', '2019-05-27 11:13:34'),
(274, '', 0, 0, 1, 0, 1, '2018-08-16 22:48:46', '2018-08-16 22:48:46'),
(275, '', 67, 0, 1, 0, 1, '2018-08-25 09:45:27', '2018-08-25 09:51:55'),
(276, '', 0, 0, 1, 0, 1, '2018-08-29 01:32:09', '2018-08-29 01:32:09'),
(277, '', 67, 0, 1, 0, 1, '2018-08-29 10:10:55', '2018-08-29 10:25:37'),
(278, '', 67, 0, 1, 0, 1, '2018-08-29 10:29:48', '2018-08-29 10:29:48'),
(279, '', 247, 0, 1, 0, 1, '2018-09-08 03:24:51', '2018-09-08 03:24:51'),
(280, '', 0, 0, 1, 0, 1, '2018-09-08 07:03:19', '2018-09-08 07:03:19'),
(281, '', 280, 0, 1, 0, 1, '2018-09-08 07:11:19', '2018-09-08 07:11:19'),
(282, '', 280, 0, 1, 0, 1, '2018-09-08 07:14:22', '2018-09-08 07:14:22'),
(283, '', 0, 0, 1, 0, 1, '2018-09-08 07:24:15', '2018-09-08 07:24:15'),
(284, '', 187, 0, 1, 0, 1, '2018-11-05 18:36:19', '2018-11-05 18:36:19'),
(285, '', 0, 0, 1, 0, 1, '2018-11-10 13:45:52', '2018-11-14 14:59:58'),
(286, '', 0, 0, 1, 0, 1, '2018-11-12 11:52:12', '2018-11-12 11:52:12'),
(287, '', 0, 0, 1, 0, 1, '2019-05-20 10:53:52', '2019-05-20 10:53:52'),
(288, '', 265, 0, 1, 0, 1, '2019-05-31 13:34:09', '2019-05-31 13:37:10'),
(289, '', 121, 0, 1, 0, 1, '2019-12-03 09:52:15', '2019-12-03 09:53:41'),
(290, '', 17, 0, 1, 0, 1, '2019-12-03 14:01:04', '2019-12-03 14:01:04'),
(291, '', 285, 0, 1, 0, 1, '2019-12-03 14:03:05', '2019-12-03 14:03:05'),
(293, '', 165, 0, 1, 0, 1, '2020-02-08 17:21:11', '2020-02-08 17:21:11'),
(294, '', 0, 0, 1, 0, 1, '2020-03-20 22:35:44', '2020-03-20 22:35:44'),
(295, '', 294, 0, 1, 0, 1, '2020-03-20 22:39:21', '2020-03-20 22:39:21'),
(296, '', 294, 0, 1, 0, 1, '2020-03-20 22:40:31', '2020-03-20 22:40:31'),
(297, '', 295, 0, 1, 0, 1, '2020-03-20 22:46:18', '2020-03-20 22:46:18'),
(298, '', 295, 0, 1, 0, 1, '2020-03-20 22:48:32', '2020-03-20 22:48:32'),
(299, '', 295, 0, 1, 0, 1, '2020-03-20 22:49:42', '2020-03-20 22:49:42'),
(300, '', 295, 0, 1, 0, 1, '2020-03-20 22:58:28', '2020-03-20 22:58:28'),
(301, '', 295, 0, 1, 0, 1, '2020-03-20 23:02:38', '2020-03-20 23:02:38'),
(302, '', 295, 0, 1, 0, 1, '2020-03-20 23:04:07', '2020-03-20 23:04:07'),
(303, '', 295, 0, 1, 0, 1, '2020-03-20 23:12:11', '2020-03-20 23:12:11'),
(304, '', 296, 0, 1, 0, 1, '2020-03-20 23:14:00', '2020-03-20 23:14:00'),
(305, '', 296, 0, 1, 0, 1, '2020-03-20 23:19:11', '2020-03-20 23:23:00'),
(306, '', 296, 0, 1, 0, 1, '2020-03-20 23:22:16', '2020-03-20 23:22:16'),
(307, '', 296, 0, 1, 0, 1, '2020-03-20 23:25:20', '2020-03-20 23:25:20'),
(308, '', 296, 0, 1, 0, 1, '2020-03-20 23:27:48', '2020-03-20 23:27:48'),
(309, '', 296, 0, 1, 0, 1, '2020-03-20 23:33:33', '2020-03-20 23:33:33'),
(310, '', 295, 0, 1, 0, 1, '2020-03-20 23:35:42', '2020-03-20 23:35:42'),
(311, '', 11, 0, 1, 0, 1, '2020-03-21 12:27:54', '2020-03-21 12:27:54'),
(312, 'catalog/product/noblechairs/epic/noblechair-epicpu-blue-00.jpg', 4, 0, 1, 0, 1, '2020-07-31 13:44:29', '2020-07-31 13:47:55'),
(313, '', 78, 0, 1, 0, 1, '2020-10-21 16:24:22', '2020-10-21 16:24:22'),
(314, 'catalog/product/peak-design/peak-design-travel-line.jpg', 56, 1, 1, 0, 1, '2021-08-11 23:21:50', '2021-08-11 23:32:47');

-- --------------------------------------------------------

--
-- Table structure for table `category_description`
--

CREATE TABLE `category_description` (
  `category_id` int(11) NOT NULL,
  `language_id` int(11) NOT NULL,
  `name` varchar(255) NOT NULL,
  `description` text NOT NULL,
  `meta_title` varchar(255) NOT NULL,
  `meta_description` varchar(255) NOT NULL,
  `meta_keyword` varchar(255) NOT NULL,
  `seo_keyword` varchar(255) NOT NULL,
  `seo_h1` varchar(255) NOT NULL,
  `seo_h2` varchar(255) NOT NULL,
  `seo_h3` varchar(255) NOT NULL
) ENGINE=MyISAM DEFAULT CHARSET=utf8;

--
-- Dumping data for table `category_description`
--

INSERT INTO `category_description` (`category_id`, `language_id`, `name`, `description`, `meta_title`, `meta_description`, `meta_keyword`, `seo_keyword`, `seo_h1`, `seo_h2`, `seo_h3`) VALUES
(222, 1, 'Correction Supplies', '&lt;p&gt;Correction Supplies&lt;br&gt;&lt;/p&gt;', 'Correction Supplies', 'Correction Supplies', 'Correction Supplies', '', '', '', ''),
(223, 1, 'Pencial Cases &amp; Bags', '&lt;p&gt;Pencial Cases &amp;amp; Bags&lt;br&gt;&lt;/p&gt;', 'Pencial Cases &amp; Bags', 'Pencial Cases &amp; Bags', 'Pencial Cases &amp; Bags', '', '', '', ''),
(224, 1, 'Pencial sharpener', '&lt;p&gt;Pencial sharpener&lt;br&gt;&lt;/p&gt;', 'Pencial sharpener', 'Pencial sharpener', 'Pencial sharpener', '', '', '', ''),
(225, 1, 'Pens', '&lt;p&gt;Pens&lt;br&gt;&lt;/p&gt;', 'Pens', 'Pens', 'Pens', '', '', '', ''),
(226, 3, '蓝牙耳机', '&lt;p&gt;蓝牙耳机&lt;/p&gt;\r\n', '蓝牙耳机', '蓝牙耳机', '蓝牙耳机', '', '', '', ''),
(227, 3, '蓝牙扬声器', '&lt;p&gt;蓝牙扬声器&lt;/p&gt;\r\n', '蓝牙扬声器', '蓝牙扬声器', '蓝牙扬声器', '', '', '', ''),
(228, 3, '智能手表', '&lt;p&gt;智能手表&lt;/p&gt;\r\n', '智能手表', '智能手表', '智能手表', '', '', '', ''),
(230, 1, 'Bicycles &amp; Accessories', '&lt;p&gt;Bicycles &amp;amp; Accessories&lt;br&gt;&lt;/p&gt;', 'Bicycles &amp; Accessories', 'Bicycles &amp; Accessories', 'Bicycles &amp; Accessories', '', '', '', ''),
(231, 1, 'Accessories', '&lt;p&gt;Accessories&lt;br&gt;&lt;/p&gt;', 'Accessories', 'Accessories', 'Accessories', '', '', '', ''),
(232, 1, 'Bikes', '&lt;p&gt;Bikes&lt;br&gt;&lt;/p&gt;', 'Bikes', 'Bikes', 'Bikes', '', '', '', ''),
(233, 1, 'Bottle Cages', '&lt;p&gt;Bottle Cages&lt;br&gt;&lt;/p&gt;', 'Bottle Cages', 'Bottle Cages', 'Bottle Cages', '', '', '', ''),
(234, 1, 'Computers', '&lt;p&gt;Computers&lt;br&gt;&lt;/p&gt;', 'Computers', 'Computers', 'Computers', '', '', '', ''),
(235, 1, 'Helmets', '&lt;p&gt;Helmets&lt;br&gt;&lt;/p&gt;', 'Helmets', 'Helmets', 'Helmets', '', '', '', ''),
(236, 1, 'Lights', '&lt;p&gt;Lights&lt;br&gt;&lt;/p&gt;', 'Lights', 'Lights', 'Lights', '', '', '', ''),
(237, 1, 'Mounting Kits', '&lt;p&gt;Mounting Kits&lt;br&gt;&lt;/p&gt;', 'Mounting Kits', 'Mounting Kits', 'Mounting Kits', '', '', '', ''),
(238, 1, 'Pedals', '&lt;p&gt;Pedals&lt;br&gt;&lt;/p&gt;', 'Pedals', 'Pedals', 'Pedals', '', '', '', ''),
(220, 1, 'Clues', '&lt;p&gt;Clues&lt;br&gt;&lt;/p&gt;', 'Clues', 'Clues', 'Clues', '', '', '', ''),
(221, 1, 'Writing Supplies', '&lt;p&gt;Writing Supplies&lt;br&gt;&lt;/p&gt;', 'Writing Supplies', 'Writing Supplies', 'Writing Supplies', '', '', '', ''),
(218, 1, 'A4 paper', '&lt;p&gt;A4 paper&lt;br&gt;&lt;/p&gt;', 'A4 paper', 'A4 paper', 'A4 paper', '', '', '', ''),
(219, 1, 'Tap', '&lt;p&gt;Tap&lt;br&gt;&lt;/p&gt;', 'Tap', 'Tap', 'Tap', '', '', '', ''),
(217, 1, 'Printer Supplies', '&lt;p&gt;Printer Supplies&lt;br&gt;&lt;/p&gt;', 'Printer Supplies', 'Printer Supplies', 'Printer Supplies', '', '', '', ''),
(216, 1, 'Tapes &amp; Accessories', '&lt;p&gt;Tapes &amp;amp; Accessories&lt;br&gt;&lt;/p&gt;', 'Tapes &amp; Accessories', 'Tapes &amp; Accessories', 'Tapes &amp; Accessories', '', '', '', ''),
(215, 1, 'Office Supplies', '&lt;p&gt;Office Supplies&lt;br&gt;&lt;/p&gt;', 'Office Supplies', 'Office Supplies', 'Office Supplies', '', '', '', ''),
(1, 3, 'Auto Parts &amp; Electronics', '&lt;p&gt;Auto Parts &amp;amp; Electronics&lt;/p&gt;\r\n', 'Auto Parts &amp; Electronics', 'Auto Parts &amp; Electronics', 'Auto Parts &amp; Electronics', 'auto-parts-electronics', '', '', ''),
(57, 1, 'Camera Bags', '&lt;p&gt;Camera Bags&lt;/p&gt;\r\n', 'Camera Bags', 'Camera Bags', 'Camera Bags', '', '', '', ''),
(58, 1, 'Camera Clips', '&lt;p&gt;Camera Clips&lt;/p&gt;\r\n', 'Camera Clips', 'Camera Clips', 'Camera Clips', '', '', '', ''),
(262, 1, 'Gadgets', '&lt;p&gt;gadgets&lt;/p&gt;\r\n', 'gadgets', 'gadgets', 'gadgets', '', '', '', ''),
(264, 2, '鞋子', '&lt;p&gt;鞋子&lt;/p&gt;\r\n', '鞋 子', '鞋子', '鞋子', '', '', '', ''),
(264, 3, '鞋子', '&lt;p&gt;鞋子&lt;/p&gt;\r\n', '鞋 子', '鞋子', '鞋子', '', '', '', ''),
(9, 3, '礼品心思', '&lt;p&gt;礼品心思&lt;/p&gt;\r\n', '礼品心思', '礼品心思', '礼品心思', '', '', '', ''),
(10, 3, '礼品及赠品', '&lt;p&gt;礼品及赠品&lt;/p&gt;\r\n', '礼品及赠品', '礼品及赠品', '礼品及赠品', '', '', '', ''),
(12, 1, 'Home &amp; Gardens', '&lt;p&gt;Home &amp;amp; Gardens&lt;br&gt;&lt;/p&gt;', 'Home &amp; Gardens', 'Home &amp; Gardens', 'Home &amp; Gardens', '', '', '', ''),
(14, 1, 'Kitchenwares', '&lt;p&gt;Kitchenwares&lt;br&gt;&lt;/p&gt;', 'Kitchenwares', 'Kitchenwares', 'Kitchenwares', '', '', '', ''),
(16, 3, '手机, 平板电脑及配件', '&lt;p&gt;手机, 平板电脑及配件&lt;/p&gt;\r\n', '手机, 平板电脑及配件', '手机, 平板电脑及配件', '手机, 平板电脑及配件', '', '', '', ''),
(17, 1, 'Office &amp; School Supplies', '&lt;p&gt;Office &amp;amp; School Supplies&lt;br&gt;&lt;/p&gt;', 'Office &amp; School Supplies', 'Office &amp; School Supplies', 'Office &amp; School Supplies', '', '', '', ''),
(18, 1, 'Pet Supplies', '&lt;p&gt;Pet Supplies&lt;br&gt;&lt;/p&gt;', 'Pet Supplies', 'Pet Supplies', 'Pet Supplies', '', '', '', ''),
(19, 3, '运动用品', '&lt;p&gt;运动用品&lt;/p&gt;\r\n', '运动用品', '运动用品', '运动用品', '', '', '', ''),
(20, 3, '玩具及喜好', '&lt;p&gt;玩具及喜好&lt;/p&gt;\r\n', '玩具及喜好', '玩具及喜好', '玩具及喜好', '', '', '', ''),
(21, 1, 'Watches &amp; Jewellies Clocks', '&lt;p&gt;Watches &amp;amp; Jewellies Clocks&lt;br&gt;&lt;/p&gt;', 'Watches &amp; Jewellies Clocks', 'Watches &amp; Jewellies Clocks', 'Watches &amp; Jewellies Clocks', '', '', '', ''),
(51, 1, 'Car Accessories', '&lt;p&gt;Car Accessories&lt;br&gt;&lt;/p&gt;', 'Car Accessories', 'Car Accessories', 'Car Accessories', '', '', '', ''),
(52, 1, 'Car Audio', '&lt;p&gt;Car Audio&lt;br&gt;&lt;/p&gt;', 'Car Audio', 'Car Audio', 'Car Audio', '', '', '', ''),
(53, 1, 'Car DVR', '&lt;p&gt;Car DVR&lt;br&gt;&lt;/p&gt;', 'Car DVR', 'Car DVR', 'Car DVR', '', '', '', ''),
(54, 1, 'GPS Tracker', '&lt;p&gt;GPS Tracker&lt;br&gt;&lt;/p&gt;', 'GPS Tracker', 'GPS Tracker', 'GPS Tracker', '', '', '', ''),
(61, 1, 'Desktops', '&lt;p&gt;Desktops&lt;br&gt;&lt;/p&gt;', 'Desktops', 'Desktops', 'Desktops', '', '', '', ''),
(62, 1, 'Mac', '&lt;p&gt;Mac&lt;/p&gt;\r\n', 'Mac', 'Mac', 'Mac', '', '', '', ''),
(64, 1, 'Notebooks', '&lt;p&gt;Notebooks&lt;br&gt;&lt;/p&gt;', 'Laptops &amp; Notebooks', 'Notebooks', 'Notebooks', '', '', '', ''),
(66, 2, '筆記簿電腦', '&lt;p&gt;筆記簿電腦&lt;/p&gt;\r\n', '筆記簿電腦', '筆記簿電腦', '筆記簿電腦', '', '', '', ''),
(82, 1, 'Microsoft Windows', '&lt;p&gt;Microsoft Windows&lt;/p&gt;\r\n', 'Microsoft Windows', 'Microsoft Windows', 'Microsoft Windows', '', '', '', ''),
(104, 3, '场合', '&lt;p&gt;场合&lt;/p&gt;\r\n', '场 合', '场合', '场合', '', '', '', ''),
(75, 1, 'USB Hubs, Cables &amp; Connectors', '&lt;p&gt;USB Hubs, Cables &amp;amp; Connectors&lt;/p&gt;\r\n', 'USB Hubs, Cables &amp; Connectors', 'USB Hubs, Cables &amp; Connectors', 'USB Hubs, Cables &amp; Connectors', '', '', '', ''),
(123, 1, 'Chinese New Year', '&lt;p&gt;Chinese New Year&lt;/p&gt;\r\n', 'Chinese New Year', 'Chinese New Year - Chinese New Year', 'chinese new year, chinese new year', 'chinese-new-year', 'Chinese New Year', 'Chinese New Year', 'Chinese New Year'),
(76, 1, 'Web Cameras', '&lt;p&gt;Web Cameras&lt;/p&gt;\r\n', 'Web Cameras', 'Web Cameras', 'Web Cameras', '', '', '', ''),
(63, 1, 'PC', '&lt;p&gt;PC&lt;/p&gt;\r\n', 'Personal Computer', 'PC', 'PC', '', '', '', ''),
(77, 1, 'Components', '&lt;p&gt;Components&lt;br&gt;&lt;/p&gt;', 'Components', 'Components', 'Components', '', '', '', ''),
(78, 3, '网络及伺服器', '&lt;p&gt;网络及伺服器&lt;/p&gt;\r\n', '网络及伺服器', '网络及伺服器 - Networking', '网络及伺服器, networking', '网络及伺服器', '网络及伺服器', '网络及伺服器', '网络及伺服器'),
(79, 1, 'Home Router', '&lt;p&gt;Home Router&lt;br&gt;&lt;/p&gt;', 'Home Router', 'Home Router', 'Home Router', '', '', '', ''),
(80, 1, 'Wifi / Bluetooth Dongle', '&lt;p&gt;Wifi / Bluetooth Dongle&lt;br&gt;&lt;/p&gt;', 'Wifi / Bluetooth Dongle', 'Wifi / Bluetooth Dongle', 'Wifi / Bluetooth Dongle', '', '', '', ''),
(84, 1, 'Wired', '&lt;p&gt;Wired&lt;br&gt;&lt;/p&gt;', 'Wired Headsets', 'Wired Headsets', 'Wired Headsets', '', '', '', ''),
(86, 3, '揚聲器', '&lt;p&gt;揚聲器&lt;/p&gt;\r\n', '揚聲器', '揚聲器', '揚聲器', '', '', '', ''),
(265, 1, 'TV, Video &amp; Home Audio', '&lt;p&gt;TV, Video &amp;amp; Home Audio&lt;/p&gt;\r\n', 'TV, Video &amp; Home Audio', 'TV, Video &amp; Home Audio', 'tv box, home video', '', '', '', ''),
(96, 3, '厨具', '&lt;p&gt;厨具&lt;/p&gt;\r\n', '厨 具', '厨具', '厨具', '', '', '', ''),
(97, 1, 'Grill Pans', '&lt;p&gt;Grill Pans&lt;/p&gt;\r\n', 'Grill Pan', 'Grill Pan', 'Grill Pan', '', '', '', ''),
(98, 3, '煎锅', '&lt;p&gt;煎锅&lt;/p&gt;\r\n', '煎 锅', '煎锅', '煎锅', '', '', '', ''),
(100, 2, '煎炒鑊', '&lt;p&gt;煎炒鑊&lt;/p&gt;\r\n', '煎炒鑊', '煎炒鑊', '煎炒鑊', '', '', '', ''),
(100, 1, 'Woks', '&lt;p&gt;Woks&lt;/p&gt;\r\n', 'Wok', 'Wok', 'Wok', '', '', '', ''),
(7, 2, '時尚及配飾', '&lt;p&gt;時尚及配飾&lt;/p&gt;\r\n', '時尚及配飾', '時尚及配飾', '時尚及配飾', '', '', '', ''),
(7, 3, '时尚及配饰', '&lt;p&gt;时尚及配饰&lt;/p&gt;\r\n', '时尚及配饰', '时尚及配饰', '时尚及配饰', '', '', '', ''),
(98, 1, 'Pans', '&lt;p&gt;Frying Pans&lt;/p&gt;\r\n', 'Pans', 'Pans', 'Pans', '', '', '', ''),
(99, 1, 'Pots', '&lt;p&gt;Pots&lt;/p&gt;\r\n', 'Pot', 'Pot', 'Pot', '', '', '', ''),
(99, 2, '烹飪鍋', '&lt;p&gt;烹飪鍋&lt;/p&gt;\r\n', '烹飪鍋', '烹飪鍋', '烹飪鍋', '', '', '', ''),
(105, 3, '来临节日', '&lt;p&gt;来临节日&lt;/p&gt;\r\n', '来临节日', '来临节日', '来临节日', '', '', '', ''),
(107, 3, '大日子', '&lt;p&gt;大日子&lt;/p&gt;\r\n', '大日子', '大日子', '大日子', '', '', '', ''),
(108, 3, '周年纪念', '&lt;p&gt;周年纪念&lt;/p&gt;\r\n', '周年纪念', '周年纪念', '周年纪念', '', '', '', ''),
(109, 3, '生日', '&lt;p&gt;生日&lt;/p&gt;\r\n', '生 日', '生日', '生日', '', '', '', ''),
(110, 1, 'Congradulations', '&lt;p&gt;Congradulations&lt;/p&gt;\r\n', 'Congradulations', 'Congradulations', 'Congradulations', '', '', '', ''),
(111, 1, 'Engagement', '&lt;p&gt;Engagement&lt;/p&gt;\r\n', 'Engagement', 'Engagement', 'Engagement', '', '', '', ''),
(112, 3, '告别', '&lt;p&gt;告别&lt;/p&gt;\r\n', '告 别', '告别', '告别', '', '', '', ''),
(113, 3, '早日康复', '&lt;p&gt;早日康复&lt;/p&gt;\r\n', '早日康复', '早日康复', '早日康复', '', '', '', ''),
(114, 3, '毕业', '&lt;p&gt;毕业&lt;/p&gt;\r\n', '毕 业', '毕业', '毕业', '', '', '', ''),
(115, 3, '乔迁之喜', '&lt;p&gt;乔迁之喜&lt;/p&gt;\r\n', '乔迁之喜', '乔迁之喜', '乔迁之喜', '', '', '', ''),
(117, 3, '新工作', '&lt;p&gt;新工作&lt;/p&gt;\r\n', '新工作', '新工作', '新工作', '', '', '', ''),
(118, 3, '退休', '&lt;p&gt;退休&lt;/p&gt;\r\n', '退 休', '退休', '退休', '', '', '', ''),
(119, 3, '感谢', '&lt;p&gt;感谢&lt;/p&gt;\r\n', '感 谢', '感谢', '感谢', '', '', '', ''),
(120, 3, '婚礼', '&lt;p&gt;婚礼&lt;/p&gt;\r\n', '婚 礼', '婚礼', '婚礼', '', '', '', ''),
(121, 3, '节日', '&lt;p&gt;节日&lt;/p&gt;\r\n', '节 日', '节日', '节日', '', '', '', ''),
(122, 3, '新年 (1/1)', '&lt;p&gt;新年&lt;/p&gt;\r\n', '新 年', '新年', '新年', '', '', '', ''),
(125, 1, 'April Fool (4/1)', '&lt;p&gt;April Fool&lt;br&gt;&lt;/p&gt;', 'April Fool', 'April Fool', 'April Fool', '', '', '', ''),
(128, 3, '父亲节 (6/16)', '&lt;p&gt;父亲节&lt;/p&gt;\r\n', '父亲节', '父亲节', '父亲节', '父亲节', '父亲节', '父亲节', '父亲节'),
(129, 2, '中秋節', '&lt;p&gt;中秋節&lt;/p&gt;\r\n', '中秋節', '中秋節 - Mid-Autum', '中秋節, mid-autum', '中秋節', '中秋節', '中秋節', '中秋節'),
(130, 3, '感恩节', '&lt;p&gt;感恩节&lt;/p&gt;\r\n', '感恩节', '感恩节 - 感恩节', '感恩节, 感恩节', '感恩节', '感恩节', '感恩节', '感恩节'),
(133, 3, '活跃者', '&lt;p&gt;活跃者&lt;/p&gt;\r\n', '活跃者', '活跃者', '活跃者', '', '', '', ''),
(134, 3, '创意者', '&lt;p&gt;创意者&lt;/p&gt;\r\n', '创意者', '创意者', '创意者', '', '', '', ''),
(135, 3, '户外探险者', '&lt;p&gt;户外探险者&lt;/p&gt;\r\n', '户外探险者', '户外探险者er', '户外探险者', '', '', '', ''),
(136, 3, '体育迷', '&lt;p&gt;体育迷&lt;/p&gt;\r\n', '体育迷', '体育迷', '体育迷', '', '', '', ''),
(137, 3, '科技爱好者', '&lt;p&gt;T科技爱好者&lt;/p&gt;\r\n', '科技爱好者', '科技爱好者', '科技爱好者', '', '', '', ''),
(139, 1, 'Babies', '&lt;p&gt;Babies&lt;br&gt;&lt;/p&gt;', 'babies', 'babies', 'babies', '', '', '', ''),
(140, 3, '小孩', '&lt;p&gt;小孩&lt;/p&gt;\r\n', '小 孩', '小孩', '小孩', '', '', '', ''),
(142, 3, 'Teens', '&lt;p&gt;Teens&lt;/p&gt;\r\n', 'Teens', 'Teens', 'teens', '', '', '', ''),
(143, 3, '女士', '&lt;p&gt;女士&lt;/p&gt;\r\n', '女 士', '女士', '女士', '', '', '', ''),
(144, 1, 'Plush', '&lt;p&gt;Plush&lt;br&gt;&lt;/p&gt;', 'Plush', 'Plush', 'Plush', '', '', '', ''),
(145, 1, 'Cushion', '&lt;p&gt;Cushion&lt;br&gt;&lt;/p&gt;', 'Cushion', 'Cushion', 'Cushion', '', '', '', ''),
(146, 1, 'Dolls', '&lt;p&gt;Dolls&lt;br&gt;&lt;/p&gt;', 'Dolls', 'Dolls', 'Dolls', '', '', '', ''),
(147, 3, '小玩意', '&lt;p&gt;小玩意&lt;/p&gt;\r\n', '小玩意', '小玩意', '小玩意', '', '', '', ''),
(148, 1, 'Small Fans', '&lt;p&gt;Small Fans&lt;br&gt;&lt;/p&gt;', 'Small Fans', 'Small Fans', 'Small Fans', '', '', '', ''),
(149, 3, '香水', '&lt;p&gt;香水&lt;/p&gt;\r\n', '香 水', '香水', '香水', '', '', '', ''),
(150, 3, '护发及造型', '&lt;p&gt;护发及造型&lt;/p&gt;\r\n', '护发及造型', '护发及造型', '护发及造型', '', '', '', ''),
(151, 3, '风筒', '&lt;p&gt;风筒&lt;/p&gt;\r\n', '风 筒', '风筒', '风筒', '', '', '', ''),
(152, 1, 'Health Trackers', '&lt;p&gt;Health Trackers&lt;/p&gt;\r\n', 'Health Trackers', 'Health Trackers', 'Health Trackers', '', '', '', ''),
(153, 1, 'Nail Care, Manicure &amp; Pedicure', '&lt;p&gt;Nail Care, Manicure &amp;amp; Pedicure&lt;br&gt;&lt;/p&gt;', 'Nail Care, Manicure &amp; Pedicure', 'Nail Care, Manicure &amp; Pedicure', 'Nail Care, Manicure &amp; Pedicure', '', '', '', ''),
(154, 3, '须刨及理发工具', '&lt;p&gt;须刨及理发工具&lt;/p&gt;\r\n', '须刨及理发工具', '须刨及理发工具', '须刨及理发工具', '', '', '', ''),
(155, 3, '皮肤护理', '&lt;p&gt;皮肤护理&lt;/p&gt;\r\n', '皮肤护理', '皮肤护理', '皮肤护理', '', '', '', ''),
(156, 3, '清洁及爽肤用品', '&lt;p&gt;清洁及爽肤用品&lt;/p&gt;\r\n', '清洁及爽肤用品', '清洁及爽肤用品', '清洁及爽肤用品', '', '', '', ''),
(157, 1, 'Home Improvement', '&lt;p&gt;Home Improvement&lt;br&gt;&lt;/p&gt;', 'Home Improvement', 'Home Improvement', 'Home Improvement', '', '', '', ''),
(158, 1, 'Door Bells, Door Locks', '&lt;p&gt;Door Bells, Door Locks&lt;br&gt;&lt;/p&gt;', 'Door Bells, Door Locks', 'Door Bells, Door Locks', 'Door Bells, Door Locks', '', '', '', ''),
(159, 1, 'Home Security', '&lt;p&gt;Home Security&lt;br&gt;&lt;/p&gt;', 'Home Security', 'Home Security', 'Home Security', '', '', '', ''),
(160, 1, 'Security Cameras', '&lt;p&gt;Security Cameras&lt;br&gt;&lt;/p&gt;', 'Security Cameras', 'Security Cameras', 'Security Cameras', '', '', '', ''),
(161, 1, 'Tools - Drills &amp; accessories', '&lt;p&gt;Tools - Drills &amp;amp; accessories&lt;br&gt;&lt;/p&gt;', 'Tools - Drills &amp; accessories', 'Tools - Drills &amp; accessories', 'Tools - Drills &amp; accessories', '', '', '', ''),
(162, 3, 'Household Supplies &amp;Cleaning', '&lt;p&gt;Household Supplies &amp;amp;Cleaning&lt;/p&gt;\r\n', 'Household Supplies &amp;Cleaning', 'Household Supplies &amp;Cleaning', 'Household Supplies &amp;Cleaning', '', '', '', ''),
(163, 3, '家具清洁用品', '&lt;p&gt;家具清洁用品&lt;/p&gt;\r\n', '家具清洁用品', '家具清洁用品', '家具清洁用品', '', '', '', ''),
(164, 1, 'Vacuum Cleaners', '&lt;p&gt;Vacuum Cleaners&lt;br&gt;&lt;/p&gt;', 'Vacuum Cleaners', 'Vacuum Cleaners', 'Vacuum Cleaners', '', '', '', ''),
(165, 1, 'Heating, Cooling &amp; Air', '&lt;p&gt;Heating, Cooling &amp;amp; Air&lt;br&gt;&lt;/p&gt;', 'Heating, Cooling &amp; Air', 'Heating, Cooling &amp; Air', 'Heating, Cooling &amp; Air', '', '', '', ''),
(166, 1, 'Lamps, Lighting &amp; Ceiling Fans', '&lt;p&gt;Lamps, Lighting &amp;amp; Ceiling Fans&lt;br&gt;&lt;/p&gt;', 'Lamps, Lighting &amp; Ceiling Fans', 'Lamps, Lighting &amp; Ceiling Fans', 'Lamps, Lighting &amp; Ceiling Fans', '', '', '', ''),
(167, 1, 'Kitchen Appliances', '&lt;p&gt;Kitchen Appliances&lt;br&gt;&lt;/p&gt;', 'Kitchen Appliances', 'Kitchen Appliances', 'Kitchen Appliances', '', '', '', ''),
(168, 1, 'Pet &amp; Weed Control', '&lt;p&gt;Pet &amp;amp; Weed Control&lt;br&gt;&lt;/p&gt;', 'Pet &amp; Weed Control', 'Pet &amp; Weed Control', 'Pet &amp; Weed Control', '', '', '', ''),
(169, 1, 'Surge Protectors, Power Strips', '&lt;p&gt;Surge Protectors, Power Strips&lt;br&gt;&lt;/p&gt;', 'Surge Protectors, Power Strips', 'Surge Protectors, Power Strips', 'Surge Protectors, Power Strips', '', '', '', ''),
(170, 1, 'Digital Gear &amp; Camera Bags', '&lt;p&gt;Digital Gear &amp;amp;Camera Bags&lt;br&gt;&lt;/p&gt;', 'Digital Gear &amp;Camera Bags', 'Digital Gear &amp;Camera Bags', 'Digital Gear &amp;Camera Bags', '', '', '', ''),
(171, 1, 'Camera Bags', '&lt;p&gt;Camera Bags&lt;br&gt;&lt;/p&gt;', 'Camera Bags', 'Camera Bags', 'Camera Bags', '', '', '', ''),
(172, 1, 'Video Bags', '&lt;p&gt;Video Bags&lt;br&gt;&lt;/p&gt;', 'Video Bags', 'Video Bags', 'Video Bags', '', '', '', ''),
(173, 1, 'Laptop Cases', '&lt;p&gt;Laptop Cases&lt;br&gt;&lt;/p&gt;', 'Laptop Cases', 'Laptop Cases', 'Laptop Cases', '', '', '', ''),
(174, 1, 'Sports &amp; Leisure Bags', '&lt;p&gt;Sports &amp;amp;Leisure Bags&lt;br&gt;&lt;/p&gt;', 'Sports &amp;Leisure Bags', 'Sports &amp;Leisure Bags', 'Sports &amp;Leisure Bags', '', '', '', ''),
(175, 1, 'Shoulder Bags', '&lt;p&gt;Shoulder Bags&lt;br&gt;&lt;/p&gt;', 'Shoulder Bags', 'Shoulder Bags', 'Shoulder Bags', '', '', '', ''),
(176, 1, 'Holster', '&lt;p&gt;Holster&lt;br&gt;&lt;/p&gt;', 'Holster', 'Holster', 'Holster', '', '', '', ''),
(177, 1, 'Backpack', '&lt;p&gt;Backpack&lt;br&gt;&lt;/p&gt;', 'Backpack', 'Backpack', 'Backpack', '', '', '', ''),
(178, 1, 'Belt Bags', '&lt;p&gt;Belt Bags&lt;br&gt;&lt;/p&gt;', 'Belt Bags', 'Belt Bags', 'Belt Bags', '', '', '', ''),
(179, 1, 'tote Bags', '&lt;p&gt;tote Bags&lt;br&gt;&lt;/p&gt;', 'tote Bags', 'tote Bags', 'tote Bags', '', '', '', ''),
(180, 1, 'Pouch', '&lt;p&gt;Pouch&lt;br&gt;&lt;/p&gt;', 'Pouch', 'Pouch', 'Pouch', '', '', '', ''),
(181, 1, 'Wallets', '&lt;p&gt;Wallets&lt;br&gt;&lt;/p&gt;', 'Wallets', 'Wallets', 'Wallets', '', '', '', ''),
(182, 1, 'Bicycle Bags', '&lt;p&gt;Bicycle Bags&lt;br&gt;&lt;/p&gt;', 'Bicycle Bags', 'Bicycle Bags', 'Bicycle Bags', '', '', '', ''),
(183, 1, 'Special Purpose Bags &amp; Cases', '&lt;p&gt;Special Purpose Bags &amp;amp;Cases&lt;br&gt;&lt;/p&gt;', 'Special Purpose Bags &amp;Cases', 'Special Purpose Bags &amp;Cases', 'Special Purpose Bags &amp;Cases', '', '', '', ''),
(184, 1, 'Lightweight Trolley Bags', '&lt;p&gt;Lightweight Trolley Bags&lt;br&gt;&lt;/p&gt;', 'Lightweight Trolley Bags', 'Lightweight Trolley Bags', 'Lightweight Trolley Bags', '', '', '', ''),
(185, 1, 'Luggages &amp; Bags Accessories', '&lt;p&gt;Luggages &amp;amp;Bags Accessories&lt;br&gt;&lt;/p&gt;', 'Luggages &amp;Bags Accessories', 'Luggages &amp;Bags Accessories', 'Luggages &amp;Bags Accessories', '', '', '', ''),
(186, 1, 'Lugguages Cover', '&lt;p&gt;Lugguages Cover&lt;br&gt;&lt;/p&gt;', 'Lugguages Cover', 'Lugguages Cover', 'Lugguages Cover', '', '', '', ''),
(187, 2, '手機配件', '&lt;p&gt;手機配件&lt;/p&gt;\r\n', '手機配件', '手機配件 - Mobile Accessories', '手機配件, mobile accessories', '手機配件', '手機配件', '手機配件', '手機配件'),
(189, 1, 'Mounts &amp; Holders', '&lt;p&gt;Mounts &amp;amp; Holders&lt;br&gt;&lt;/p&gt;', 'Mounts &amp; Holders', 'Mounts &amp; Holders', 'Mounts &amp; Holders', '', '', '', ''),
(190, 1, 'Cables', '&lt;p&gt;Cables&lt;br&gt;&lt;/p&gt;', 'Cables', 'Cables', 'Cables', '', '', '', ''),
(191, 1, 'Car Speakerphones', '&lt;p&gt;Car Speakerphones&lt;br&gt;&lt;/p&gt;', 'Car Speakerphones', 'Car Speakerphones', 'Car Speakerphones', '', '', '', ''),
(192, 1, 'Misc', '&lt;p&gt;Misc&lt;br&gt;&lt;/p&gt;', 'Misc', 'Misc', 'Misc', '', '', '', ''),
(193, 1, 'Mobile Gadgets', '&lt;p&gt;Mobile Gadgets&lt;br&gt;&lt;/p&gt;', 'Mobile Gadgets', 'Mobile Gadgets', 'Mobile Gadgets', '', '', '', ''),
(194, 1, 'OTG Drives', '&lt;p&gt;OTG Drives&lt;br&gt;&lt;/p&gt;', 'OTG Drives', 'OTG Drives', 'OTG Drives', '', '', '', ''),
(195, 1, 'Reserve1', '&lt;p&gt;Reserve1&lt;br&gt;&lt;/p&gt;', 'Reserve1', 'Reserve1', 'Reserve1', '', '', '', ''),
(196, 1, 'Reserve2', '&lt;p&gt;Reserve2&lt;br&gt;&lt;/p&gt;', 'Reserve2', 'Reserve2', 'Reserve2', '', '', '', ''),
(197, 1, 'Reserve3', '&lt;p&gt;Reserve3&lt;br&gt;&lt;/p&gt;', 'Reserve3', 'Reserve3', 'Reserve3', '', '', '', ''),
(198, 1, 'Screen Protectors/FiltersCleaner', '&lt;p&gt;Screen Protectors/FiltersCleaner&lt;br&gt;&lt;/p&gt;', 'Screen Protectors/FiltersCleaner', 'Screen Protectors/FiltersCleaner', 'Screen Protectors/FiltersCleaner', '', '', '', ''),
(199, 1, 'Smart Watches', '&lt;p&gt;Smart Watches&lt;br&gt;&lt;/p&gt;', 'Smart Watches', 'Smart Watches', 'Smart Watches', '', '', '', ''),
(200, 3, '智能手带', '&lt;p&gt;智能手带&lt;/p&gt;\r\n', '智能手带', '智能手带', '智能手带', '', '', '', ''),
(201, 3, '智能手机小玩意', '&lt;p&gt;智能手机小玩意&lt;/p&gt;\r\n', '智能手机小玩意', '智能手机小玩意', '智能手机小玩意', '', '', '', ''),
(202, 1, 'TF Cards/microSD', '&lt;p&gt;TF Cards/microSD&lt;br&gt;&lt;/p&gt;', 'TF Cards/microSD', 'TF Cards/microSD', 'TF Cards/microSD', '', '', '', ''),
(203, 1, 'Wired Headsets', '&lt;p&gt;Wired Headsets&lt;br&gt;&lt;/p&gt;', 'Wired Headsets', 'Wired Headsets', 'Wired Headsets', '', '', '', ''),
(204, 1, 'Wireless Headsets', '&lt;p&gt;Wireless Headsets&lt;br&gt;&lt;/p&gt;', 'Wireless Headsets', 'Wireless Headsets', 'Wireless Headsets', '', '', '', ''),
(205, 1, 'Mono', '&lt;p&gt;Mono&lt;br&gt;&lt;/p&gt;', 'Mono', 'Mono', 'Mono', '', '', '', ''),
(206, 1, 'Stereo', '&lt;p&gt;Stereo&lt;br&gt;&lt;/p&gt;', 'Stereo', 'Stereo', 'Stereo', '', '', '', ''),
(207, 1, 'Wireless Speakers', '&lt;p&gt;Wireless Speakers&lt;br&gt;&lt;/p&gt;', 'Wireless Speakers', 'Wireless Speakers', 'Wireless Speakers', '', '', '', ''),
(208, 1, 'Mobile Phones', '&lt;p&gt;Mobile Phones&lt;br&gt;&lt;/p&gt;', 'Mobile Phones', 'Mobile Phones', 'Mobile Phones', '', '', '', ''),
(209, 1, 'Tablets', '&lt;p&gt;Tablets&lt;br&gt;&lt;/p&gt;', 'Tablets', 'Tablets', 'Tablets', '', '', '', ''),
(210, 1, 'Adhesives &amp;Tape', '&lt;p&gt;Adhesives &amp;amp;Tape&lt;br&gt;&lt;/p&gt;', 'Adhesives &amp;Tape', 'Adhesives &amp;Tape', 'Adhesives &amp;Tape', '', '', '', ''),
(211, 1, 'Binding &amp; Cutting', '&lt;p&gt;Binding &amp;amp; Cutting&lt;br&gt;&lt;/p&gt;', 'Binding &amp; Cutting', 'Binding &amp; Cutting', 'Binding &amp; Cutting', '', '', '', ''),
(212, 1, 'Desk Supplies', '&lt;p&gt;Desk Supplies&lt;br&gt;&lt;/p&gt;', 'Desk Supplies', 'Desk Supplies', 'Desk Supplies', '', '', '', ''),
(213, 1, 'Office Equipments', '&lt;p&gt;Office Equipments&lt;br&gt;&lt;/p&gt;', 'Office Equipments', 'Office Equipments', 'Office Equipments', '', '', '', ''),
(214, 1, 'Office Paper', '&lt;p&gt;Office Paper&lt;br&gt;&lt;/p&gt;', 'Office Paper', 'Office Paper', 'Office Paper', '', '', '', ''),
(239, 1, 'Pumps', '&lt;p&gt;Pumps&lt;br&gt;&lt;/p&gt;', 'Pumps', 'Pumps', 'Pumps', '', '', '', ''),
(240, 1, 'Saddles', '&lt;p&gt;Saddles&lt;br&gt;&lt;/p&gt;', 'Saddles', 'Saddles', 'Saddles', '', '', '', ''),
(241, 1, 'Tires', '&lt;p&gt;Tires&lt;br&gt;&lt;/p&gt;', 'Tires', 'Tires', 'Tires', '', '', '', ''),
(242, 1, 'Tools', '&lt;p&gt;Tools&lt;br&gt;&lt;/p&gt;', 'Tools', 'Tools', 'Tools', '', '', '', ''),
(243, 1, 'Exercise &amp;Fittness', '&lt;p&gt;Exercise &amp;amp;Fittness&lt;br&gt;&lt;/p&gt;', 'Exercise &amp;Fittness', 'Exercise &amp;Fittness', 'Exercise &amp;Fittness', '', '', '', ''),
(244, 1, 'Bottles', '&lt;p&gt;Bottles&lt;br&gt;&lt;/p&gt;', 'Bottles', 'Bottles', 'Bottles', '', '', '', ''),
(245, 1, 'Monitors/Pedometers/Computers', '&lt;p&gt;Monitors/Pedometers/Computers&lt;br&gt;&lt;/p&gt;', 'Monitors/Pedometers/Computers', 'Monitors/Pedometers/Computers', 'Monitors/Pedometers/Computers', '', '', '', ''),
(246, 1, 'Outdoor Sports', '&lt;p&gt;Outdoor Sports&lt;br&gt;&lt;/p&gt;', 'Outdoor Sports', 'Outdoor Sports', 'Outdoor Sports', '', '', '', ''),
(247, 1, 'Camping &amp; Hiking', '&lt;p&gt;Camping &amp;amp; Hiking&lt;br&gt;&lt;/p&gt;', 'Camping &amp; Hiking', 'Camping &amp; Hiking', 'Camping &amp; Hiking', '', '', '', ''),
(248, 1, 'Insect Net &amp; Repelling', '&lt;p&gt;Insect Net &amp;amp; Repelling&lt;br&gt;&lt;/p&gt;', 'Insect Net &amp; Repelling', 'Insect Net &amp; Repelling', 'Insect Net &amp; Repelling', '', '', '', ''),
(249, 1, 'Camping Light', '&lt;p&gt;Camping Light&lt;br&gt;&lt;/p&gt;', 'Camping Light', 'Camping Light', 'Camping Light', '', '', '', ''),
(250, 1, 'Building Toys', '&lt;p&gt;Building Toys&lt;br&gt;&lt;/p&gt;', 'Building Toys', 'Building Toys', 'Building Toys', '', '', '', ''),
(251, 1, 'Educational', '&lt;p&gt;Educational&lt;br&gt;&lt;/p&gt;', 'Educational', 'Educational', 'Educational', '', '', '', ''),
(252, 1, 'Programmable Robot', '&lt;p&gt;Programmable Robot&lt;br&gt;&lt;/p&gt;', 'Programmable Robot', 'Programmable Robot', 'Programmable Robot', '', '', '', ''),
(253, 1, 'Science &amp; Nature', '&lt;p&gt;Science &amp;amp; Nature&lt;br&gt;&lt;/p&gt;', 'Science &amp; Nature', 'Science &amp; Nature', 'Science &amp; Nature', '', '', '', ''),
(254, 1, 'RC Toys &amp; Accessories', '&lt;p&gt;RC Toys &amp;amp; Accessories&lt;br&gt;&lt;/p&gt;', 'RC Toys &amp; Accessories', 'RC Toys &amp; Accessories', 'RC Toys &amp; Accessories', '', '', '', ''),
(255, 1, 'RC Helicopter Accessories', '&lt;p&gt;RC Helicopter Accessories&lt;br&gt;&lt;/p&gt;', 'RC Helicopter Accessories', 'RC Helicopter Accessories', 'RC Helicopter Accessories', '', '', '', ''),
(256, 3, '儿童手表', '&lt;p&gt;儿童手表&lt;/p&gt;\r\n', '儿童手表', '儿童手表', 'Lego Watches', '', '', '', ''),
(257, 3, '智能手表', '&lt;p&gt;智能手表&lt;/p&gt;\r\n', '智能手表', '智能手表', '智能手表', '', '', '', ''),
(258, 3, '智能手带', '&lt;p&gt;智能手带&lt;/p&gt;\r\n', '智能手带', '智能手带', '智能手带', '', '', '', ''),
(222, 2, 'Correction Supplies', '&lt;p&gt;Correction Supplies&lt;br&gt;&lt;/p&gt;', 'Correction Supplies', 'Correction Supplies', 'Correction Supplies', '', '', '', ''),
(223, 2, 'Pencial Cases &amp; Bags', '&lt;p&gt;Pencial Cases &amp;amp; Bags&lt;br&gt;&lt;/p&gt;', 'Pencial Cases &amp; Bags', 'Pencial Cases &amp; Bags', 'Pencial Cases &amp; Bags', '', '', '', ''),
(224, 2, 'Pencial sharpener', '&lt;p&gt;Pencial sharpener&lt;br&gt;&lt;/p&gt;', 'Pencial sharpener', 'Pencial sharpener', 'Pencial sharpener', '', '', '', ''),
(225, 2, 'Pens', '&lt;p&gt;Pens&lt;br&gt;&lt;/p&gt;', 'Pens', 'Pens', 'Pens', '', '', '', ''),
(226, 2, '藍牙耳機', '&lt;p&gt;藍牙耳機&lt;/p&gt;\r\n', '藍牙耳機', '藍牙耳機', '藍牙耳機', '', '', '', ''),
(227, 2, '藍牙喇叭', '&lt;p&gt;藍牙喇叭&lt;/p&gt;\r\n', '藍牙喇叭', '藍牙喇叭', '藍牙喇叭', '', '', '', ''),
(228, 2, '智能手錶', '&lt;p&gt;智能手錶&lt;/p&gt;\r\n', '智能手錶', '智能手錶', '智能手錶', '', '', '', ''),
(229, 2, '智能手帶', '&lt;p&gt;智能手帶&lt;/p&gt;\r\n', '智能手帶', '智能手帶', '智能手帶', '', '', '', ''),
(230, 2, 'Bicycles &amp; Accessories', '&lt;p&gt;Bicycles &amp;amp; Accessories&lt;br&gt;&lt;/p&gt;', 'Bicycles &amp; Accessories', 'Bicycles &amp; Accessories', 'Bicycles &amp; Accessories', '', '', '', ''),
(231, 2, 'Accessories', '&lt;p&gt;Accessories&lt;br&gt;&lt;/p&gt;', 'Accessories', 'Accessories', 'Accessories', '', '', '', ''),
(232, 2, 'Bikes', '&lt;p&gt;Bikes&lt;br&gt;&lt;/p&gt;', 'Bikes', 'Bikes', 'Bikes', '', '', '', ''),
(233, 2, 'Bottle Cages', '&lt;p&gt;Bottle Cages&lt;br&gt;&lt;/p&gt;', 'Bottle Cages', 'Bottle Cages', 'Bottle Cages', '', '', '', ''),
(234, 2, 'Computers', '&lt;p&gt;Computers&lt;br&gt;&lt;/p&gt;', 'Computers', 'Computers', 'Computers', '', '', '', ''),
(235, 2, 'Helmets', '&lt;p&gt;Helmets&lt;br&gt;&lt;/p&gt;', 'Helmets', 'Helmets', 'Helmets', '', '', '', ''),
(236, 2, 'Lights', '&lt;p&gt;Lights&lt;br&gt;&lt;/p&gt;', 'Lights', 'Lights', 'Lights', '', '', '', ''),
(237, 2, 'Mounting Kits', '&lt;p&gt;Mounting Kits&lt;br&gt;&lt;/p&gt;', 'Mounting Kits', 'Mounting Kits', 'Mounting Kits', '', '', '', ''),
(238, 2, 'Pedals', '&lt;p&gt;Pedals&lt;br&gt;&lt;/p&gt;', 'Pedals', 'Pedals', 'Pedals', '', '', '', ''),
(220, 2, 'Clues', '&lt;p&gt;Clues&lt;br&gt;&lt;/p&gt;', 'Clues', 'Clues', 'Clues', '', '', '', ''),
(221, 2, 'Writing Supplies', '&lt;p&gt;Writing Supplies&lt;br&gt;&lt;/p&gt;', 'Writing Supplies', 'Writing Supplies', 'Writing Supplies', '', '', '', ''),
(218, 2, 'A4 paper', '&lt;p&gt;A4 paper&lt;br&gt;&lt;/p&gt;', 'A4 paper', 'A4 paper', 'A4 paper', '', '', '', ''),
(219, 2, 'Tap', '&lt;p&gt;Tap&lt;br&gt;&lt;/p&gt;', 'Tap', 'Tap', 'Tap', '', '', '', ''),
(217, 2, 'Printer Supplies', '&lt;p&gt;Printer Supplies&lt;br&gt;&lt;/p&gt;', 'Printer Supplies', 'Printer Supplies', 'Printer Supplies', '', '', '', ''),
(216, 2, 'Tapes &amp; Accessories', '&lt;p&gt;Tapes &amp;amp; Accessories&lt;br&gt;&lt;/p&gt;', 'Tapes &amp; Accessories', 'Tapes &amp; Accessories', 'Tapes &amp; Accessories', '', '', '', ''),
(215, 2, 'Office Supplies', '&lt;p&gt;Office Supplies&lt;br&gt;&lt;/p&gt;', 'Office Supplies', 'Office Supplies', 'Office Supplies', '', '', '', ''),
(1, 2, 'Auto Parts &amp; Electronics', '&lt;p&gt;Auto Parts &amp;amp; Electronics&lt;/p&gt;\r\n', 'Auto Parts &amp; Electronics', 'Auto Parts &amp; Electronics', 'Auto Parts &amp; Electronics', 'auto-parts-electronics', '', '', ''),
(3, 1, 'Cameras &amp; Accessories', '&lt;p&gt;Cameras &amp;amp; Accessories&lt;/p&gt;\r\n', 'Cameras &amp; Accessories', 'Cameras &amp; Accessories', 'Cameras &amp; Accessories', '', '', '', ''),
(5, 1, 'Consumer Electronics', '&lt;p&gt;Consumer Electronics&lt;/p&gt;\r\n', 'Consumer Electronics', 'Consumer Electronics', 'Consumer Electronics', '', '', '', ''),
(6, 1, 'Cookwares &amp; Accessories', '&lt;p&gt;Cookwares &amp;amp; Accessories&lt;/p&gt;\r\n', 'Cookwares &amp; Accessories', 'Cookwares &amp; Accessories', 'Cookwares &amp; Accessories', '', '', '', ''),
(264, 1, 'Shoes', '&lt;p&gt;Shoes&lt;/p&gt;\r\n', 'Shoes', 'Shoes', 'shoes', '', '', '', ''),
(9, 2, '禮品心思', '&lt;p&gt;禮品心思&lt;/p&gt;\r\n', '禮品心思', '禮品心思', '禮品心思', '', '', '', ''),
(10, 2, '禮品及贈品', '&lt;p&gt;禮品及贈品&lt;/p&gt;\r\n', '禮品及贈品', '禮品及贈品', '禮品及贈品', '', '', '', ''),
(12, 2, 'Home &amp; Gardens', '&lt;p&gt;Home &amp;amp; Gardens&lt;br&gt;&lt;/p&gt;', 'Home &amp; Gardens', 'Home &amp; Gardens', 'Home &amp; Gardens', '', '', '', ''),
(14, 2, 'Kitchenwares', '&lt;p&gt;Kitchenwares&lt;br&gt;&lt;/p&gt;', 'Kitchenwares', 'Kitchenwares', 'Kitchenwares', '', '', '', ''),
(15, 2, '行李箱及箱包', '&lt;p&gt;行李箱及箱包&lt;/p&gt;\r\n', '行李箱及箱包', '行李箱及箱包', '行李箱及箱包', '', '', '', ''),
(15, 3, '行李箱及箱包', '&lt;p&gt;行李箱及箱包&lt;/p&gt;\r\n', '行李箱及箱包', '行李箱及箱包', '行李箱及箱包', '', '', '', ''),
(16, 2, '手機, 平板電腦及配件', '&lt;p&gt;手機, 平板電腦及配件&lt;/p&gt;\r\n', '手機, 平板電腦及配件', '手機, 平板電腦及配件', '手機, 平板電腦及配件', '', '', '', ''),
(17, 2, 'Office &amp; School Supplies', '&lt;p&gt;Office &amp;amp; School Supplies&lt;br&gt;&lt;/p&gt;', 'Office &amp; School Supplies', 'Office &amp; School Supplies', 'Office &amp; School Supplies', '', '', '', ''),
(18, 2, 'Pet Supplies', '&lt;p&gt;Pet Supplies&lt;br&gt;&lt;/p&gt;', 'Pet Supplies', 'Pet Supplies', 'Pet Supplies', '', '', '', ''),
(19, 2, '運動用品', '&lt;p&gt;運動用品&lt;/p&gt;\r\n', '運動用品', '運動用品', '運動用品', '', '', '', ''),
(20, 2, '玩具及愛好', '&lt;p&gt;玩具及愛好&lt;/p&gt;\r\n', '玩具及愛好', '玩具及愛好', '玩具及愛好', '', '', '', ''),
(21, 2, 'Watches &amp; Jewellies Clocks', '&lt;p&gt;Watches &amp;amp; Jewellies Clocks&lt;br&gt;&lt;/p&gt;', 'Watches &amp; Jewellies Clocks', 'Watches &amp; Jewellies Clocks', 'Watches &amp; Jewellies Clocks', '', '', '', ''),
(51, 2, '汽車配件', '&lt;p&gt;Car Accessories&lt;br&gt;&lt;/p&gt;', 'Car Accessories', 'Car Accessories', 'Car Accessories', '', '', '', ''),
(52, 2, 'Car Audio', '&lt;p&gt;Car Audio&lt;br&gt;&lt;/p&gt;', 'Car Audio', 'Car Audio', 'Car Audio', '', '', '', ''),
(53, 2, 'Car DVR', '&lt;p&gt;Car DVR&lt;br&gt;&lt;/p&gt;', 'Car DVR', 'Car DVR', 'Car DVR', '', '', '', ''),
(54, 2, 'GPS Tracker', '&lt;p&gt;GPS Tracker&lt;br&gt;&lt;/p&gt;', 'GPS Tracker', 'GPS Tracker', 'GPS Tracker', '', '', '', ''),
(55, 2, '相機', '&lt;p&gt;相機&lt;/p&gt;\r\n', '相 機', '相機', '相機', '', '', '', ''),
(56, 2, '相機配件', '&lt;p&gt;相機配件&lt;/p&gt;\r\n', '相機配件', '相機配件', '相機配件', '', '', '', ''),
(61, 2, 'Desktops', '&lt;p&gt;Desktops&lt;br&gt;&lt;/p&gt;', 'Desktops', 'Desktops', 'Desktops', '', '', '', ''),
(62, 2, 'Mac電腦', '&lt;p&gt;Mac電腦&lt;/p&gt;\r\n', 'Mac電腦', 'Mac電腦', 'Mac電腦', '', '', '', ''),
(63, 2, '個人電腦', '&lt;p&gt;個人電腦&lt;/p&gt;\r\n', '個人電腦', '個人電腦', '個人電腦', '', '', '', ''),
(64, 2, 'Notebooks', '&lt;p&gt;Notebooks&lt;br&gt;&lt;/p&gt;', 'Laptops &amp; Notebooks', 'Notebooks', 'Notebooks', '', '', '', ''),
(65, 2, '蘋果', '&lt;p&gt;蘋果&lt;/p&gt;\r\n', '蘋 果', '蘋果', '蘋果', '', '', '', ''),
(68, 1, 'Mice and Trackballs', '&lt;p&gt;Mice and Trackballs&lt;/p&gt;\r\n', 'Mice and Trackballs', 'Mice and Trackballs', 'Mice and Trackballs', '', '', '', ''),
(69, 1, 'Monitors', '&lt;p&gt;Monitors&lt;/p&gt;\r\n', 'Monitors', 'Monitors', 'Monitors', '', '', '', ''),
(70, 1, 'Printers', '&lt;p&gt;Printers&lt;/p&gt;\r\n', 'Printers', 'Printers', 'Printers', '', '', '', ''),
(71, 1, 'Scanners', '&lt;p&gt;Scanners&lt;/p&gt;\r\n', 'Scanners', 'Scanners', 'Scanners', '', '', '', ''),
(73, 2, 'SSD 固態硬盤', '&lt;p&gt;SSD 固態硬盤&lt;/p&gt;\r\n', 'SSD 固態硬盤', 'SSD 固態硬盤', 'SSD 固態硬盤', 'ssd-固態硬盤', 'SSD 固態硬盤', 'SSD 固態硬盤', 'SSD 固態硬盤'),
(74, 2, 'USB 盤', '&lt;p&gt;USB 盤&lt;/p&gt;\r\n', 'USB 盤', 'USB 盤', 'USB 盤', 'usb-盤', 'USB 盤', 'USB 盤', 'USB 盤'),
(76, 2, '網絡視像鏡頭', '&lt;p&gt;網絡視像鏡頭&lt;/p&gt;\r\n', '網絡視像鏡頭', '網絡視像鏡頭', '網絡視像鏡頭', '', '', '', ''),
(77, 2, 'Components', '&lt;p&gt;Components&lt;br&gt;&lt;/p&gt;', 'Components', 'Components', 'Components', '', '', '', ''),
(79, 2, 'Home Router', '&lt;p&gt;Home Router&lt;br&gt;&lt;/p&gt;', 'Home Router', 'Home Router', 'Home Router', '', '', '', ''),
(80, 2, 'Wifi / Bluetooth Dongle', '&lt;p&gt;Wifi / Bluetooth Dongle&lt;br&gt;&lt;/p&gt;', 'Wifi / Bluetooth Dongle', 'Wifi / Bluetooth Dongle', 'Wifi / Bluetooth Dongle', '', '', '', ''),
(82, 2, '微軟視窗', '&lt;p&gt;微軟視窗&lt;/p&gt;\r\n', '微軟視窗', '微軟視窗', '微軟視窗', '', '', '', ''),
(84, 2, 'Wired', '&lt;p&gt;Wired&lt;br&gt;&lt;/p&gt;', 'Wired Headsets', 'Wired Headsets', 'Wired Headsets', '', '', '', ''),
(85, 2, '無線', '&lt;p&gt;無線&lt;/p&gt;\r\n', '無 線', '無線', '無線', '', '', '', ''),
(85, 3, '无线', '&lt;p&gt;无线&lt;/p&gt;\r\n', '无 线', '无线', '无线', '', '', '', ''),
(86, 1, 'Speakers', '&lt;p&gt;Speakers&lt;/p&gt;\r\n', 'Bluetooth Speakers', 'Speakers', 'Speakers', '', '', '', ''),
(87, 1, 'HiFi', '&lt;p&gt;HiFi&lt;/p&gt;\r\n', 'HiFi', 'HiFi', 'HiFi', '', '', '', ''),
(88, 1, 'Portable', '&lt;p&gt;Portable&lt;/p&gt;\r\n', 'Portable', 'Portable', 'Portable', '', '', '', ''),
(96, 2, '廚具', '&lt;p&gt;廚具&lt;/p&gt;\r\n', '廚 具', '廚具', '廚具', '', '', '', ''),
(97, 2, '烤盤', '&lt;p&gt;烤盤&lt;/p&gt;\r\n', '烤 盤', '烤盤', '烤盤', '', '', '', ''),
(98, 2, '煎 Pans', '&lt;p&gt;Pans&lt;/p&gt;\r\n', 'Pan', 'Pan', 'Pan', '', '', '', ''),
(99, 3, '烹饪锅', '&lt;p&gt;烹饪锅&lt;/p&gt;\r\n', '烹饪锅', '烹饪锅', '烹饪锅', '', '', '', ''),
(101, 1, 'Cookware Accessories', '&lt;p&gt;Cookware Accessories&lt;/p&gt;\r\n', 'Cookware Accessories', 'Cookware Accessories', 'Cookware Accessories', '', '', '', ''),
(102, 1, 'Kitchen Knives', '&lt;p&gt;Kitchen Knives&lt;/p&gt;\r\n', 'Kitchen Knives', 'Kitchen Knives', 'Kitchen Knives', '', '', '', ''),
(104, 1, 'Occasions', '&lt;p&gt;Occasions&lt;/p&gt;\r\n', 'Occasions', 'Occasions', 'Occasions', '', '', '', ''),
(105, 2, '來臨節日', '&lt;p&gt;來臨節日&lt;/p&gt;\r\n', '來臨節日', '來臨節日', '來臨節日', '', '', '', ''),
(107, 2, '大日子', '&lt;p&gt;大日子&lt;/p&gt;\r\n', '大日子', '大日子', 'Events', '', '', '', ''),
(108, 2, '週年紀念', '&lt;p&gt;週年紀念&lt;/p&gt;\r\n', '週年紀念', '週年紀念', '週年紀念', '', '', '', ''),
(109, 2, '生日', '&lt;p&gt;生日&lt;/p&gt;\r\n', '生 日', '生日', '生日', '', '', '', ''),
(110, 2, '祝賀', '&lt;p&gt;祝賀&lt;/p&gt;\r\n', '祝 賀', '祝賀', '祝賀', '', '', '', ''),
(111, 2, '訂婚', '&lt;p&gt;訂婚&lt;/p&gt;\r\n', '訂 婚', '訂婚', '訂婚', '', '', '', ''),
(112, 2, '告別', '&lt;p&gt;告別&lt;/p&gt;\r\n', '告 別', '告別', '告別', '', '', '', ''),
(113, 2, '早日康復', '&lt;p&gt;早日康復&lt;/p&gt;\r\n', '早日康復', '早日康復', '早日康復', '', '', '', ''),
(114, 2, '畢業', '&lt;p&gt;畢業&lt;/p&gt;\r\n', '畢 業', '畢業', '畢業', '', '', '', ''),
(115, 2, '喬遷之喜', '&lt;pre&gt;\r\n喬遷之喜&lt;/pre&gt;\r\n', '喬遷之喜', '喬遷之喜', '喬遷之喜', '', '', '', ''),
(116, 2, '弄璋/瓦之喜', '&lt;p&gt;弄璋/瓦之喜&lt;/p&gt;\r\n', '弄璋/瓦之喜', '弄璋/瓦之喜', '弄璋/瓦之喜', '', '', '', ''),
(117, 2, '新工作', '&lt;p&gt;新工作&lt;/p&gt;\r\n', '新工作', '新工作', '新工作', '', '', '', ''),
(118, 2, '退休', '&lt;p&gt;退休&lt;/p&gt;\r\n', '退 休', '退休', '退休', '', '', '', ''),
(119, 2, '感謝', '&lt;p&gt;感謝&lt;/p&gt;\r\n', '感 謝', '感謝', '感謝', '', '', '', ''),
(120, 2, '婚禮', '&lt;p&gt;婚禮&lt;/p&gt;\r\n', '婚 禮', '婚禮', '婚禮', '', '', '', ''),
(121, 2, '節日', '&lt;p&gt;節日&lt;/p&gt;\r\n', '節 日', '節日', '節日', '', '', '', ''),
(122, 2, ' 新年 (1/1)', '&lt;p&gt;新年&lt;/p&gt;\r\n', '新 年', '新年', '新年', '', '', '', ''),
(125, 2, 'April Fool (4/1)', '&lt;p&gt;April Fool&lt;br&gt;&lt;/p&gt;', 'April Fool', 'April Fool', 'April Fool', '', '', '', ''),
(126, 2, '復活節', '&lt;p&gt;復活節&lt;/p&gt;\r\n', '復活節', '復活節 - 復活節', '復活節, 復活節', '復活節', '復活節', '復活節', '復活節'),
(131, 2, '聖誕節 (12/25)', '&lt;p&gt;聖誕節 (12/25)&lt;/p&gt;\r\n', '聖誕節 (12/25)', '聖誕節 (12/25) - 聖誕節 (12/25)', '聖誕節 (12/25), 聖誕節 (12/25)', '聖誕節', '聖誕節 (12/25)', '聖誕節 (12/25)', '聖誕節 (12/25)'),
(132, 1, 'Personality', '&lt;p&gt;Personality&lt;/p&gt;\r\n', 'Personality', 'Personality', 'Personality', '', '', '', ''),
(133, 2, '活躍者', '&lt;p&gt;活躍者&lt;/p&gt;\r\n', '活躍者', '活躍者', '活躍者', '', '', '', ''),
(134, 2, '創意者', '&lt;p&gt;創意者&lt;/p&gt;\r\n', '創意者', '創意者', '創意者', '', '', '', ''),
(135, 2, '戶外探險者', '&lt;p&gt;戶外探險者&lt;/p&gt;\r\n', '戶外探險者', '戶外探險者', '戶外探險者', '', '', '', ''),
(136, 2, '體育迷', '&lt;p&gt;體育迷&lt;/p&gt;\r\n', '體育迷', '體育迷', '體育迷', '', '', '', ''),
(137, 2, '科技愛好者', '&lt;p&gt;科技愛好者&lt;/p&gt;\r\n', '科技愛好者', '科技愛好者', '科技愛好者', '', '', '', ''),
(138, 1, 'Recipient', '&lt;p&gt;Recipient&lt;/p&gt;\r\n', 'Recipient', 'Recipient', 'Recipient', '', '', '', ''),
(139, 2, 'Babies', '&lt;p&gt;Babies&lt;br&gt;&lt;/p&gt;', 'babies', 'babies', 'babies', '', '', '', ''),
(140, 2, '小孩', '&lt;p&gt;小孩&lt;/p&gt;\r\n', '小 孩', '小孩', '小孩', '', '', '', ''),
(141, 2, '男士', '&lt;p&gt;男士&lt;/p&gt;\r\n', '男 士', '男士', '男士', '', '', '', ''),
(142, 2, '青年', '&lt;p&gt;青年&lt;/p&gt;\r\n', '青 年', '青年', '青年', '', '', '', ''),
(143, 2, '女士', '&lt;p&gt;女士&lt;/p&gt;\r\n', '女 士', '女士', '女士', '', '', '', ''),
(144, 2, 'Plush', '&lt;p&gt;Plush&lt;br&gt;&lt;/p&gt;', 'Plush', 'Plush', 'Plush', '', '', '', ''),
(145, 2, 'Cushion', '&lt;p&gt;Cushion&lt;br&gt;&lt;/p&gt;', 'Cushion', 'Cushion', 'Cushion', '', '', '', ''),
(146, 2, 'Dolls', '&lt;p&gt;Dolls&lt;br&gt;&lt;/p&gt;', 'Dolls', 'Dolls', 'Dolls', '', '', '', ''),
(147, 2, '小玩意', '&lt;p&gt;小玩意&lt;/p&gt;\r\n', '小玩意', '小玩意', '小玩意', '', '', '', ''),
(148, 2, 'Small Fans', '&lt;p&gt;Small Fans&lt;br&gt;&lt;/p&gt;', 'Small Fans', 'Small Fans', 'Small Fans', '', '', '', ''),
(149, 2, '香水', '&lt;p&gt;香水&lt;/p&gt;\r\n', '香 水', '香水', '香水', '', '', '', ''),
(150, 2, '護髮及造型', '&lt;p&gt;護髮及造型&lt;/p&gt;\r\n', '護髮及造型', '護髮及造型', '護髮及造型', '', '', '', ''),
(151, 2, '風筒', '&lt;p&gt;風筒&lt;/p&gt;\r\n', '風 筒', '風筒', '風筒', '', '', '', ''),
(152, 2, '健康監測儀', '&lt;p&gt;健康監測儀&lt;/p&gt;\r\n', '健康監測儀', '健康監測儀', '健康監測儀', '', '', '', ''),
(153, 2, 'Nail Care, Manicure &amp; Pedicure', '&lt;p&gt;Nail Care, Manicure &amp;amp; Pedicure&lt;br&gt;&lt;/p&gt;', 'Nail Care, Manicure &amp; Pedicure', 'Nail Care, Manicure &amp; Pedicure', 'Nail Care, Manicure &amp; Pedicure', '', '', '', ''),
(154, 2, '須刨及理髮工具', '&lt;p&gt;須刨及理髮工具&lt;/p&gt;\r\n', '須刨及理髮工具', '須刨及理髮工具', '須刨及理髮工具', '', '', '', ''),
(155, 2, '皮膚護理', '&lt;p&gt;皮膚護理&lt;/p&gt;\r\n', '皮膚護理', '皮膚護理', '皮膚護理', '', '', '', ''),
(156, 2, '清潔及爽膚用品', '&lt;p&gt;清潔及爽膚用品&lt;/p&gt;\r\n', '清潔及爽膚用品', '清潔及爽膚用品', '清潔及爽膚用品', '', '', '', ''),
(157, 2, 'Home Improvement', '&lt;p&gt;Home Improvement&lt;br&gt;&lt;/p&gt;', 'Home Improvement', 'Home Improvement', 'Home Improvement', '', '', '', ''),
(158, 2, 'Door Bells, Door Locks', '&lt;p&gt;Door Bells, Door Locks&lt;br&gt;&lt;/p&gt;', 'Door Bells, Door Locks', 'Door Bells, Door Locks', 'Door Bells, Door Locks', '', '', '', ''),
(159, 2, 'Home Security', '&lt;p&gt;Home Security&lt;br&gt;&lt;/p&gt;', 'Home Security', 'Home Security', 'Home Security', '', '', '', ''),
(160, 2, 'Security Cameras', '&lt;p&gt;Security Cameras&lt;br&gt;&lt;/p&gt;', 'Security Cameras', 'Security Cameras', 'Security Cameras', '', '', '', ''),
(161, 2, 'Tools - Drills &amp; accessories', '&lt;p&gt;Tools - Drills &amp;amp; accessories&lt;br&gt;&lt;/p&gt;', 'Tools - Drills &amp; accessories', 'Tools - Drills &amp; accessories', 'Tools - Drills &amp; accessories', '', '', '', ''),
(162, 2, 'Household Supplies &amp;Cleaning', '&lt;p&gt;Household Supplies &amp;amp;Cleaning&lt;/p&gt;\r\n', 'Household Supplies &amp;Cleaning', 'Household Supplies &amp;Cleaning', 'Household Supplies &amp;Cleaning', '', '', '', ''),
(163, 2, '家具清潔用品', '&lt;p&gt;家具清潔用品&lt;/p&gt;\r\n', '家具清潔用品', '家具清潔用品', '家具清潔用品', '', '', '', ''),
(164, 2, 'Vacuum Cleaners', '&lt;p&gt;Vacuum Cleaners&lt;br&gt;&lt;/p&gt;', 'Vacuum Cleaners', 'Vacuum Cleaners', 'Vacuum Cleaners', '', '', '', ''),
(165, 2, 'Heating, Cooling &amp; Air', '&lt;p&gt;Heating, Cooling &amp;amp; Air&lt;br&gt;&lt;/p&gt;', 'Heating, Cooling &amp; Air', 'Heating, Cooling &amp; Air', 'Heating, Cooling &amp; Air', '', '', '', ''),
(166, 2, 'Lamps, Lighting &amp; Ceiling Fans', '&lt;p&gt;Lamps, Lighting &amp;amp; Ceiling Fans&lt;br&gt;&lt;/p&gt;', 'Lamps, Lighting &amp; Ceiling Fans', 'Lamps, Lighting &amp; Ceiling Fans', 'Lamps, Lighting &amp; Ceiling Fans', '', '', '', ''),
(167, 2, 'Kitchen Appliances', '&lt;p&gt;Kitchen Appliances&lt;br&gt;&lt;/p&gt;', 'Kitchen Appliances', 'Kitchen Appliances', 'Kitchen Appliances', '', '', '', ''),
(168, 2, 'Pet &amp; Weed Control', '&lt;p&gt;Pet &amp;amp; Weed Control&lt;br&gt;&lt;/p&gt;', 'Pet &amp; Weed Control', 'Pet &amp; Weed Control', 'Pet &amp; Weed Control', '', '', '', ''),
(169, 2, 'Surge Protectors, Power Strips', '&lt;p&gt;Surge Protectors, Power Strips&lt;br&gt;&lt;/p&gt;', 'Surge Protectors, Power Strips', 'Surge Protectors, Power Strips', 'Surge Protectors, Power Strips', '', '', '', ''),
(170, 2, '數碼用品及相機袋', '&lt;p&gt;Digital Gear &amp;amp;Camera Bags&lt;br&gt;&lt;/p&gt;', 'Digital Gear &amp;Camera Bags', 'Digital Gear &amp;Camera Bags', 'Digital Gear &amp;Camera Bags', '', '', '', ''),
(171, 2, 'Camera Bags', '&lt;p&gt;Camera Bags&lt;br&gt;&lt;/p&gt;', 'Camera Bags', 'Camera Bags', 'Camera Bags', '', '', '', ''),
(172, 2, 'Video Bags', '&lt;p&gt;Video Bags&lt;br&gt;&lt;/p&gt;', 'Video Bags', 'Video Bags', 'Video Bags', '', '', '', ''),
(173, 2, 'Laptop Cases', '&lt;p&gt;Laptop Cases&lt;br&gt;&lt;/p&gt;', 'Laptop Cases', 'Laptop Cases', 'Laptop Cases', '', '', '', ''),
(174, 2, '運動及休閒包', '&lt;p&gt;Sports &amp;amp;Leisure Bags&lt;br&gt;&lt;/p&gt;', 'Sports &amp;Leisure Bags', 'Sports &amp;Leisure Bags', 'Sports &amp;Leisure Bags', '', '', '', ''),
(175, 2, 'Shoulder Bags', '&lt;p&gt;Shoulder Bags&lt;br&gt;&lt;/p&gt;', 'Shoulder Bags', 'Shoulder Bags', 'Shoulder Bags', '', '', '', ''),
(176, 2, 'Holster', '&lt;p&gt;Holster&lt;br&gt;&lt;/p&gt;', 'Holster', 'Holster', 'Holster', '', '', '', ''),
(177, 2, 'Backpack', '&lt;p&gt;Backpack&lt;br&gt;&lt;/p&gt;', 'Backpack', 'Backpack', 'Backpack', '', '', '', ''),
(178, 2, 'Belt Bags', '&lt;p&gt;Belt Bags&lt;br&gt;&lt;/p&gt;', 'Belt Bags', 'Belt Bags', 'Belt Bags', '', '', '', ''),
(179, 2, 'tote Bags', '&lt;p&gt;tote Bags&lt;br&gt;&lt;/p&gt;', 'tote Bags', 'tote Bags', 'tote Bags', '', '', '', ''),
(180, 2, 'Pouch', '&lt;p&gt;Pouch&lt;br&gt;&lt;/p&gt;', 'Pouch', 'Pouch', 'Pouch', '', '', '', ''),
(181, 2, 'Wallets', '&lt;p&gt;Wallets&lt;br&gt;&lt;/p&gt;', 'Wallets', 'Wallets', 'Wallets', '', '', '', ''),
(182, 2, 'Bicycle Bags', '&lt;p&gt;Bicycle Bags&lt;br&gt;&lt;/p&gt;', 'Bicycle Bags', 'Bicycle Bags', 'Bicycle Bags', '', '', '', ''),
(183, 2, '專用包及箱', '&lt;p&gt;Special Purpose Bags &amp;amp;Cases&lt;br&gt;&lt;/p&gt;', 'Special Purpose Bags &amp;Cases', 'Special Purpose Bags &amp;Cases', 'Special Purpose Bags &amp;Cases', '', '', '', ''),
(184, 2, 'Lightweight Trolley Bags', '&lt;p&gt;Lightweight Trolley Bags&lt;br&gt;&lt;/p&gt;', 'Lightweight Trolley Bags', 'Lightweight Trolley Bags', 'Lightweight Trolley Bags', '', '', '', ''),
(185, 2, '行李箱及包配件', '&lt;p&gt;Luggages &amp;amp;Bags Accessories&lt;br&gt;&lt;/p&gt;', 'Luggages &amp;Bags Accessories', 'Luggages &amp;Bags Accessories', 'Luggages &amp;Bags Accessories', '', '', '', ''),
(186, 2, 'Lugguages Cover', '&lt;p&gt;Lugguages Cover&lt;br&gt;&lt;/p&gt;', 'Lugguages Cover', 'Lugguages Cover', 'Lugguages Cover', '', '', '', ''),
(188, 3, '充电器', '&lt;p&gt;充电器&lt;/p&gt;\r\n', '充电器', '充电器\r\n', '充电器\r\n', '', '', '', ''),
(189, 2, 'Mounts &amp; Holders', '&lt;p&gt;Mounts &amp;amp; Holders&lt;br&gt;&lt;/p&gt;', 'Mounts &amp; Holders', 'Mounts &amp; Holders', 'Mounts &amp; Holders', '', '', '', ''),
(190, 2, 'Cables', '&lt;p&gt;Cables&lt;br&gt;&lt;/p&gt;', 'Cables', 'Cables', 'Cables', '', '', '', ''),
(191, 2, 'Car Speakerphones', '&lt;p&gt;Car Speakerphones&lt;br&gt;&lt;/p&gt;', 'Car Speakerphones', 'Car Speakerphones', 'Car Speakerphones', '', '', '', ''),
(192, 2, 'Misc', '&lt;p&gt;Misc&lt;br&gt;&lt;/p&gt;', 'Misc', 'Misc', 'Misc', '', '', '', ''),
(193, 2, 'Mobile Gadgets', '&lt;p&gt;Mobile Gadgets&lt;br&gt;&lt;/p&gt;', 'Mobile Gadgets', 'Mobile Gadgets', 'Mobile Gadgets', '', '', '', ''),
(194, 2, 'OTG Drives', '&lt;p&gt;OTG Drives&lt;br&gt;&lt;/p&gt;', 'OTG Drives', 'OTG Drives', 'OTG Drives', '', '', '', ''),
(195, 2, 'Reserve1', '&lt;p&gt;Reserve1&lt;br&gt;&lt;/p&gt;', 'Reserve1', 'Reserve1', 'Reserve1', '', '', '', ''),
(196, 2, 'Reserve2', '&lt;p&gt;Reserve2&lt;br&gt;&lt;/p&gt;', 'Reserve2', 'Reserve2', 'Reserve2', '', '', '', ''),
(197, 2, 'Reserve3', '&lt;p&gt;Reserve3&lt;br&gt;&lt;/p&gt;', 'Reserve3', 'Reserve3', 'Reserve3', '', '', '', ''),
(198, 2, 'Screen Protectors/FiltersCleaner', '&lt;p&gt;Screen Protectors/FiltersCleaner&lt;br&gt;&lt;/p&gt;', 'Screen Protectors/FiltersCleaner', 'Screen Protectors/FiltersCleaner', 'Screen Protectors/FiltersCleaner', '', '', '', ''),
(199, 2, 'Smart Watches', '&lt;p&gt;Smart Watches&lt;br&gt;&lt;/p&gt;', 'Smart Watches', 'Smart Watches', 'Smart Watches', '', '', '', ''),
(200, 2, '智能手帶', '&lt;p&gt;智能手帶&lt;/p&gt;\r\n', '智能手帶', '智能手帶', '智能手帶', '', '', '', ''),
(201, 2, '智能手機小玩意', '&lt;p&gt;智能手機小玩意&lt;/p&gt;\r\n', '智能手機小玩意', '智能手機小玩意', '智能手機小玩意', '', '', '', ''),
(202, 2, 'TF Cards/microSD', '&lt;p&gt;TF Cards/microSD&lt;br&gt;&lt;/p&gt;', 'TF Cards/microSD', 'TF Cards/microSD', 'TF Cards/microSD', '', '', '', ''),
(203, 2, 'Wired Headsets', '&lt;p&gt;Wired Headsets&lt;br&gt;&lt;/p&gt;', 'Wired Headsets', 'Wired Headsets', 'Wired Headsets', '', '', '', ''),
(204, 2, 'Wireless Headsets', '&lt;p&gt;Wireless Headsets&lt;br&gt;&lt;/p&gt;', 'Wireless Headsets', 'Wireless Headsets', 'Wireless Headsets', '', '', '', ''),
(205, 2, 'Mono', '&lt;p&gt;Mono&lt;br&gt;&lt;/p&gt;', 'Mono', 'Mono', 'Mono', '', '', '', ''),
(206, 2, 'Stereo', '&lt;p&gt;Stereo&lt;br&gt;&lt;/p&gt;', 'Stereo', 'Stereo', 'Stereo', '', '', '', ''),
(207, 2, 'Wireless Speakers', '&lt;p&gt;Wireless Speakers&lt;br&gt;&lt;/p&gt;', 'Wireless Speakers', 'Wireless Speakers', 'Wireless Speakers', '', '', '', ''),
(208, 2, 'Mobile Phones', '&lt;p&gt;Mobile Phones&lt;br&gt;&lt;/p&gt;', 'Mobile Phones', 'Mobile Phones', 'Mobile Phones', '', '', '', ''),
(209, 2, 'Tablets', '&lt;p&gt;Tablets&lt;br&gt;&lt;/p&gt;', 'Tablets', 'Tablets', 'Tablets', '', '', '', ''),
(210, 2, 'Adhesives &amp;Tape', '&lt;p&gt;Adhesives &amp;amp;Tape&lt;br&gt;&lt;/p&gt;', 'Adhesives &amp;Tape', 'Adhesives &amp;Tape', 'Adhesives &amp;Tape', '', '', '', ''),
(211, 2, 'Binding &amp; Cutting', '&lt;p&gt;Binding &amp;amp; Cutting&lt;br&gt;&lt;/p&gt;', 'Binding &amp; Cutting', 'Binding &amp; Cutting', 'Binding &amp; Cutting', '', '', '', ''),
(212, 2, 'Desk Supplies', '&lt;p&gt;Desk Supplies&lt;br&gt;&lt;/p&gt;', 'Desk Supplies', 'Desk Supplies', 'Desk Supplies', '', '', '', ''),
(213, 2, 'Office Equipments', '&lt;p&gt;Office Equipments&lt;br&gt;&lt;/p&gt;', 'Office Equipments', 'Office Equipments', 'Office Equipments', '', '', '', ''),
(214, 2, 'Office Paper', '&lt;p&gt;Office Paper&lt;br&gt;&lt;/p&gt;', 'Office Paper', 'Office Paper', 'Office Paper', '', '', '', ''),
(239, 2, 'Pumps', '&lt;p&gt;Pumps&lt;br&gt;&lt;/p&gt;', 'Pumps', 'Pumps', 'Pumps', '', '', '', ''),
(240, 2, 'Saddles', '&lt;p&gt;Saddles&lt;br&gt;&lt;/p&gt;', 'Saddles', 'Saddles', 'Saddles', '', '', '', ''),
(241, 2, 'Tires', '&lt;p&gt;Tires&lt;br&gt;&lt;/p&gt;', 'Tires', 'Tires', 'Tires', '', '', '', ''),
(242, 2, 'Tools', '&lt;p&gt;Tools&lt;br&gt;&lt;/p&gt;', 'Tools', 'Tools', 'Tools', '', '', '', ''),
(243, 2, 'Exercise &amp;Fittness', '&lt;p&gt;Exercise &amp;amp;Fittness&lt;br&gt;&lt;/p&gt;', 'Exercise &amp;Fittness', 'Exercise &amp;Fittness', 'Exercise &amp;Fittness', '', '', '', ''),
(244, 2, 'Bottles', '&lt;p&gt;Bottles&lt;br&gt;&lt;/p&gt;', 'Bottles', 'Bottles', 'Bottles', '', '', '', ''),
(245, 2, 'Monitors/Pedometers/Computers', '&lt;p&gt;Monitors/Pedometers/Computers&lt;br&gt;&lt;/p&gt;', 'Monitors/Pedometers/Computers', 'Monitors/Pedometers/Computers', 'Monitors/Pedometers/Computers', '', '', '', ''),
(246, 2, 'Outdoor Sports', '&lt;p&gt;Outdoor Sports&lt;br&gt;&lt;/p&gt;', 'Outdoor Sports', 'Outdoor Sports', 'Outdoor Sports', '', '', '', ''),
(247, 2, 'Camping &amp; Hiking', '&lt;p&gt;Camping &amp;amp; Hiking&lt;br&gt;&lt;/p&gt;', 'Camping &amp; Hiking', 'Camping &amp; Hiking', 'Camping &amp; Hiking', '', '', '', ''),
(248, 2, 'Insect Net &amp; Repelling', '&lt;p&gt;Insect Net &amp;amp; Repelling&lt;br&gt;&lt;/p&gt;', 'Insect Net &amp; Repelling', 'Insect Net &amp; Repelling', 'Insect Net &amp; Repelling', '', '', '', ''),
(249, 2, 'Camping Light', '&lt;p&gt;Camping Light&lt;br&gt;&lt;/p&gt;', 'Camping Light', 'Camping Light', 'Camping Light', '', '', '', ''),
(250, 2, 'Building Toys', '&lt;p&gt;Building Toys&lt;br&gt;&lt;/p&gt;', 'Building Toys', 'Building Toys', 'Building Toys', '', '', '', ''),
(251, 2, 'Educational', '&lt;p&gt;Educational&lt;br&gt;&lt;/p&gt;', 'Educational', 'Educational', 'Educational', '', '', '', ''),
(252, 2, 'Programmable Robot', '&lt;p&gt;Programmable Robot&lt;br&gt;&lt;/p&gt;', 'Programmable Robot', 'Programmable Robot', 'Programmable Robot', '', '', '', ''),
(253, 2, 'Science &amp; Nature', '&lt;p&gt;Science &amp;amp; Nature&lt;br&gt;&lt;/p&gt;', 'Science &amp; Nature', 'Science &amp; Nature', 'Science &amp; Nature', '', '', '', ''),
(254, 2, 'RC Toys &amp; Accessories', '&lt;p&gt;RC Toys &amp;amp; Accessories&lt;br&gt;&lt;/p&gt;', 'RC Toys &amp; Accessories', 'RC Toys &amp; Accessories', 'RC Toys &amp; Accessories', '', '', '', ''),
(255, 2, 'RC Helicopter Accessories', '&lt;p&gt;RC Helicopter Accessories&lt;br&gt;&lt;/p&gt;', 'RC Helicopter Accessories', 'RC Helicopter Accessories', 'RC Helicopter Accessories', '', '', '', ''),
(256, 2, '兒童手錶', '&lt;p&gt;兒童手錶&lt;/p&gt;\r\n', '兒童手錶', '兒童手錶', '兒童手錶', '', '', '', ''),
(257, 2, '智能手錶', '&lt;p&gt;智能手錶&lt;/p&gt;\r\n', '智能手錶', '智能手錶', '智能手錶', '', '', '', ''),
(258, 2, '智能手帶', '&lt;p&gt;智能手帶&lt;/p&gt;\r\n', '智能手帶', '智能手帶', '智能手帶', '', '', '', ''),
(259, 2, '運動手錶', '&lt;p&gt;運動手錶&lt;/p&gt;\r\n', '運動手錶', '運動手錶', '運動手錶', '', '', '', ''),
(222, 3, 'Correction Supplies', '&lt;p&gt;Correction Supplies&lt;br&gt;&lt;/p&gt;', 'Correction Supplies', 'Correction Supplies', 'Correction Supplies', '', '', '', ''),
(223, 3, 'Pencial Cases &amp; Bags', '&lt;p&gt;Pencial Cases &amp;amp; Bags&lt;br&gt;&lt;/p&gt;', 'Pencial Cases &amp; Bags', 'Pencial Cases &amp; Bags', 'Pencial Cases &amp; Bags', '', '', '', ''),
(224, 3, 'Pencial sharpener', '&lt;p&gt;Pencial sharpener&lt;br&gt;&lt;/p&gt;', 'Pencial sharpener', 'Pencial sharpener', 'Pencial sharpener', '', '', '', '');
INSERT INTO `category_description` (`category_id`, `language_id`, `name`, `description`, `meta_title`, `meta_description`, `meta_keyword`, `seo_keyword`, `seo_h1`, `seo_h2`, `seo_h3`) VALUES
(225, 3, 'Pens', '&lt;p&gt;Pens&lt;br&gt;&lt;/p&gt;', 'Pens', 'Pens', 'Pens', '', '', '', ''),
(226, 1, 'Bluetooth Headsets', '&lt;p&gt;Bluetooth Headsets&lt;/p&gt;\r\n', 'Bluetooth Headsets', 'Bluetooth Headsets', 'Bluetooth Headsets', '', '', '', ''),
(227, 1, 'Bluetooth Speakers', '&lt;p&gt;Bluetooth Speakers&lt;/p&gt;\r\n', 'Bluetooth Speakers', 'Bluetooth Speakers', 'Bluetooth Speakers', '', '', '', ''),
(228, 1, 'Smart Watches', '&lt;p&gt;Smart Watches&lt;/p&gt;\r\n', 'Smart Watches', 'Smart Watches', 'Smart Watches', '', '', '', ''),
(229, 1, 'Smartbands', '&lt;p&gt;Smartbands&lt;/p&gt;\r\n', 'Smartbands', 'Smartbands', 'Smartbands', '', '', '', ''),
(230, 3, 'Bicycles &amp; Accessories', '&lt;p&gt;Bicycles &amp;amp; Accessories&lt;br&gt;&lt;/p&gt;', 'Bicycles &amp; Accessories', 'Bicycles &amp; Accessories', 'Bicycles &amp; Accessories', '', '', '', ''),
(231, 3, 'Accessories', '&lt;p&gt;Accessories&lt;br&gt;&lt;/p&gt;', 'Accessories', 'Accessories', 'Accessories', '', '', '', ''),
(232, 3, 'Bikes', '&lt;p&gt;Bikes&lt;br&gt;&lt;/p&gt;', 'Bikes', 'Bikes', 'Bikes', '', '', '', ''),
(233, 3, 'Bottle Cages', '&lt;p&gt;Bottle Cages&lt;br&gt;&lt;/p&gt;', 'Bottle Cages', 'Bottle Cages', 'Bottle Cages', '', '', '', ''),
(234, 3, 'Computers', '&lt;p&gt;Computers&lt;br&gt;&lt;/p&gt;', 'Computers', 'Computers', 'Computers', '', '', '', ''),
(235, 3, 'Helmets', '&lt;p&gt;Helmets&lt;br&gt;&lt;/p&gt;', 'Helmets', 'Helmets', 'Helmets', '', '', '', ''),
(236, 3, 'Lights', '&lt;p&gt;Lights&lt;br&gt;&lt;/p&gt;', 'Lights', 'Lights', 'Lights', '', '', '', ''),
(237, 3, 'Mounting Kits', '&lt;p&gt;Mounting Kits&lt;br&gt;&lt;/p&gt;', 'Mounting Kits', 'Mounting Kits', 'Mounting Kits', '', '', '', ''),
(238, 3, 'Pedals', '&lt;p&gt;Pedals&lt;br&gt;&lt;/p&gt;', 'Pedals', 'Pedals', 'Pedals', '', '', '', ''),
(220, 3, 'Clues', '&lt;p&gt;Clues&lt;br&gt;&lt;/p&gt;', 'Clues', 'Clues', 'Clues', '', '', '', ''),
(221, 3, 'Writing Supplies', '&lt;p&gt;Writing Supplies&lt;br&gt;&lt;/p&gt;', 'Writing Supplies', 'Writing Supplies', 'Writing Supplies', '', '', '', ''),
(218, 3, 'A4 paper', '&lt;p&gt;A4 paper&lt;br&gt;&lt;/p&gt;', 'A4 paper', 'A4 paper', 'A4 paper', '', '', '', ''),
(219, 3, 'Tap', '&lt;p&gt;Tap&lt;br&gt;&lt;/p&gt;', 'Tap', 'Tap', 'Tap', '', '', '', ''),
(217, 3, 'Printer Supplies', '&lt;p&gt;Printer Supplies&lt;br&gt;&lt;/p&gt;', 'Printer Supplies', 'Printer Supplies', 'Printer Supplies', '', '', '', ''),
(216, 3, 'Tapes &amp; Accessories', '&lt;p&gt;Tapes &amp;amp; Accessories&lt;br&gt;&lt;/p&gt;', 'Tapes &amp; Accessories', 'Tapes &amp; Accessories', 'Tapes &amp; Accessories', '', '', '', ''),
(215, 3, 'Office Supplies', '&lt;p&gt;Office Supplies&lt;br&gt;&lt;/p&gt;', 'Office Supplies', 'Office Supplies', 'Office Supplies', '', '', '', ''),
(1, 1, 'Auto Parts &amp; Electronics', '&lt;p&gt;Auto Parts &amp;amp; Electronics&lt;/p&gt;\r\n', 'Auto Parts &amp; Electronics', 'Auto Parts &amp; Electronics', 'Auto Parts &amp; Electronics', 'auto-parts-electronics', '', '', ''),
(2, 2, '嬰兒產品', '&lt;p&gt;嬰兒產品&lt;/p&gt;\r\n', '嬰兒產品', '嬰兒產品', '嬰兒產品', '', '', '', ''),
(3, 2, '相機及配件', '&lt;p&gt;相機及配件&lt;/p&gt;\r\n', '相機及配件', '相機及配件', '相機及配件', '', '', '', ''),
(4, 1, 'Computers &amp; Accessories', '&lt;p&gt;Computers &amp;amp; Accessories&lt;/p&gt;\r\n', 'Computers &amp; Accessories', 'Computers &amp; Accessories', 'Computers &amp; Accessories', 'computers-and-accessories', 'Computers & Accessories', 'Computers & Accessories', 'Computers & Accessories'),
(5, 2, '電子消費品', '&lt;p&gt;電子消費品&lt;/p&gt;\r\n', '電子消費品', '電子消費品', 'Consumer Electronics', '', '', '', ''),
(6, 2, '廚具及配件', '&lt;p&gt;廚具及配件&lt;/p&gt;\r\n', '廚具及配件', '廚具及配件', '廚具及配件', '', '', '', ''),
(7, 1, 'Fashion &amp; Accessories', '&lt;p&gt;Fashion &amp;amp; Accessories&lt;/p&gt;\r\n', 'Fashion &amp; Accessories', 'Fashion &amp; Accessories', 'Fashion &amp; Accessories', '', '', '', ''),
(8, 1, 'Gift Cards', '&lt;p&gt;Gift Cards&lt;/p&gt;\r\n', 'Gift Cards', 'Gift Cards - Gift Cards', 'gift cards, gift cards', 'gift-cards', 'Gift Cards', 'Gift Cards', 'Gift Cards'),
(9, 1, 'Gift Ideas', '&lt;p&gt;Gift Ideas&lt;/p&gt;\r\n', 'Gift Ideas', 'Gift Ideas', 'Gift Ideas', '', '', '', ''),
(10, 1, 'Gifts &amp; Premiums', '&lt;p&gt;Gifts &amp;amp; Premiums&lt;/p&gt;\r\n', 'Gifts &amp; Premiums', 'Gifts &amp; Premiums', 'Gifts &amp; Premiums', '', '', '', ''),
(11, 1, 'Health &amp; Beauty', '&lt;p&gt;Health &amp;amp; Beauty&lt;/p&gt;\r\n', 'Health &amp; Beauty', 'Health &amp; Beauty', 'Health &amp; Beauty', '', '', '', ''),
(12, 3, 'Home &amp; Gardens', '&lt;p&gt;Home &amp;amp; Gardens&lt;br&gt;&lt;/p&gt;', 'Home &amp; Gardens', 'Home &amp; Gardens', 'Home &amp; Gardens', '', '', '', ''),
(13, 1, 'Home Appliances', '&lt;p&gt;Home Appliances&lt;/p&gt;\r\n', 'Home Appliances', 'Home Appliances', 'Home Appliances', '', '', '', ''),
(14, 3, 'Kitchenwares', '&lt;p&gt;Kitchenwares&lt;br&gt;&lt;/p&gt;', 'Kitchenwares', 'Kitchenwares', 'Kitchenwares', '', '', '', ''),
(15, 1, 'Luggages, Bags &amp; Cases', '&lt;p&gt;Luggages, Bags &amp;amp; Cases&lt;/p&gt;\r\n', 'Luggages, Bags &amp; Cases', 'Luggages, Bags &amp; Cases', 'Luggages, Bags &amp; Cases', '', '', '', ''),
(16, 1, 'Mobiles, Tablets &amp; Accessories', '&lt;p&gt;Mobiles &amp;amp; Accessories&lt;/p&gt;\r\n', 'Mobiles &amp; Accessories', 'Mobiles &amp; Accessories', 'Mobiles &amp; Accessories', '', '', '', ''),
(17, 3, 'Office &amp; School Supplies', '&lt;p&gt;Office &amp;amp; School Supplies&lt;br&gt;&lt;/p&gt;', 'Office &amp; School Supplies', 'Office &amp; School Supplies', 'Office &amp; School Supplies', '', '', '', ''),
(18, 3, 'Pet Supplies', '&lt;p&gt;Pet Supplies&lt;br&gt;&lt;/p&gt;', 'Pet Supplies', 'Pet Supplies', 'Pet Supplies', '', '', '', ''),
(19, 1, 'Sporting Goods', '&lt;p&gt;Sporting Goods&lt;/p&gt;\r\n', 'Sporting Goods', 'Sporting Goods', 'Sporting Goods', '', '', '', ''),
(20, 1, 'Toys &amp; Hobbies', '&lt;p&gt;Toys &amp;amp; Hobbies&lt;/p&gt;\r\n', 'Toys &amp; Hobbies', 'Toys &amp; Hobbies', 'Toys &amp; Hobbies', '', '', '', ''),
(21, 3, 'Watches &amp; Jewellies Clocks', '&lt;p&gt;Watches &amp;amp; Jewellies Clocks&lt;br&gt;&lt;/p&gt;', 'Watches &amp; Jewellies Clocks', 'Watches &amp; Jewellies Clocks', 'Watches &amp; Jewellies Clocks', '', '', '', ''),
(22, 1, 'Wearables', '&lt;p&gt;Wearables&lt;/p&gt;\r\n', 'Wearables', 'Wearables', 'Wearables', '', '', '', ''),
(51, 3, '汽车配件', '&lt;p&gt;Car Accessories&lt;br&gt;&lt;/p&gt;', 'Car Accessories', 'Car Accessories', 'Car Accessories', '', '', '', ''),
(52, 3, 'Car Audio', '&lt;p&gt;Car Audio&lt;br&gt;&lt;/p&gt;', 'Car Audio', 'Car Audio', 'Car Audio', '', '', '', ''),
(53, 3, 'Car DVR', '&lt;p&gt;Car DVR&lt;br&gt;&lt;/p&gt;', 'Car DVR', 'Car DVR', 'Car DVR', '', '', '', ''),
(54, 3, 'GPS Tracker', '&lt;p&gt;GPS Tracker&lt;br&gt;&lt;/p&gt;', 'GPS Tracker', 'GPS Tracker', 'GPS Tracker', '', '', '', ''),
(55, 1, 'Cameras', '&lt;p&gt;Cameras&lt;/p&gt;\r\n', 'Cameras', 'Cameras', 'Cameras', '', '', '', ''),
(56, 1, 'Camera Accessories', '&lt;p&gt;Camera Accessories&lt;/p&gt;\r\n', 'Camera Accessories', 'Camera Accessories', 'Camera Accessories', '', '', '', ''),
(57, 2, '相機袋', '&lt;p&gt;相機袋&lt;/p&gt;\r\n', '相機袋', '相機袋', '相機袋', '', '', '', ''),
(58, 2, '相機掛扣', '&lt;p&gt;相機掛扣&lt;/p&gt;\r\n', '相機掛扣', '相機掛扣', '相機掛扣', '', '', '', ''),
(59, 2, '相機保護套', '&lt;p&gt;相機保護套&lt;/p&gt;\r\n', '相機保護套', '相機保護套', '相機保護套', '', '', '', ''),
(60, 2, '相機帶', '&lt;p&gt;相機帶&lt;/p&gt;\r\n', '相機帶', '相機帶', '相機帶', '', '', '', ''),
(61, 3, 'Desktops', '&lt;p&gt;Desktops&lt;br&gt;&lt;/p&gt;', 'Desktops', 'Desktops', 'Desktops', '', '', '', ''),
(64, 3, 'Notebooks', '&lt;p&gt;Notebooks&lt;br&gt;&lt;/p&gt;', 'Laptops &amp; Notebooks', 'Notebooks', 'Notebooks', '', '', '', ''),
(65, 1, 'Mac', '&lt;p&gt;Mac&lt;/p&gt;\r\n', 'Mac', 'Mac', 'Mac', '', '', '', ''),
(66, 1, 'PC', '&lt;p&gt;PC&lt;/p&gt;\r\n', 'personal computer notebook', 'PC', 'PC', '', '', '', ''),
(67, 1, 'Computer Accessories', '&lt;p&gt;Computer Accessories&lt;/p&gt;\r\n', 'Computer Accessories', 'Computer Accessories', 'Computer Accessories', 'computer-accessories', 'Computer Accessories', 'Computer Accessories', 'Computer Accessories'),
(68, 2, '鼠標', '&lt;p&gt;鼠標&lt;/p&gt;\r\n', '鼠 標', '鼠標', '鼠標', '', '', '', ''),
(69, 2, '顯示屏', '&lt;p&gt;顯示屏&lt;/p&gt;\r\n', '顯示屏', '顯示屏', '顯示屏', '', '', '', ''),
(70, 2, '打印機', '&lt;p&gt;打印機&lt;/p&gt;\r\n', '打印機', '打印機', '打印機', '', '', '', ''),
(71, 2, '掃描器', '&lt;p&gt;掃描器&lt;/p&gt;\r\n', '掃描器', '掃描器', '掃描器', '', '', '', ''),
(72, 2, 'SD 記憶卡', '&lt;p&gt;SD 記憶卡&lt;/p&gt;\r\n', 'SD 記憶卡', 'SD 記憶卡', 'SD 記憶卡', 'sd-記憶卡', 'SD 記憶卡', 'SD 記憶卡', 'SD 記憶卡'),
(75, 2, 'USB 分線器, 線 及 接頭', '&lt;p&gt;USB 分線器, 線 及 接頭&lt;/p&gt;\r\n', 'USB 分線器, 線 及 接頭', 'USB 分線器, 線 及 接頭', 'USB 分線器, 線 及 接頭', '', '', '', ''),
(77, 3, 'Components', '&lt;p&gt;Components&lt;br&gt;&lt;/p&gt;', 'Components', 'Components', 'Components', '', '', '', ''),
(79, 3, 'Home Router', '&lt;p&gt;Home Router&lt;br&gt;&lt;/p&gt;', 'Home Router', 'Home Router', 'Home Router', '', '', '', ''),
(80, 3, 'Wifi / Bluetooth Dongle', '&lt;p&gt;Wifi / Bluetooth Dongle&lt;br&gt;&lt;/p&gt;', 'Wifi / Bluetooth Dongle', 'Wifi / Bluetooth Dongle', 'Wifi / Bluetooth Dongle', '', '', '', ''),
(81, 1, 'Software', '&lt;p&gt;Software&lt;/p&gt;\r\n', 'Software', 'Software - Software', 'software, software', 'software', 'Software', 'Software', 'Software'),
(84, 3, 'Wired', '&lt;p&gt;Wired&lt;br&gt;&lt;/p&gt;', 'Wired Headsets', 'Wired Headsets', 'Wired Headsets', '', '', '', ''),
(85, 1, 'Wireless', '&lt;p&gt;Wireless&lt;/p&gt;\r\n', 'Bluetooth Headsets, Wireless Headsets', 'Wireless Headsets', 'Wireless Headsets', '', '', '', ''),
(86, 2, '揚聲器', '&lt;p&gt;揚聲器&lt;/p&gt;\r\n', '揚聲器', '揚聲器', '揚聲器', '', '', '', ''),
(87, 2, 'HiFi', '&lt;p&gt;HiFi&lt;/p&gt;\r\n', 'HiFi', 'HiFi', 'HiFi', '', '', '', ''),
(88, 2, '便攜式', '&lt;p&gt;便攜式&lt;/p&gt;\r\n', '便攜式', '便攜式', '便攜式', '', '', '', ''),
(96, 1, 'Cookwares', '&lt;p&gt;Cookwares&lt;/p&gt;\r\n', 'Cookware', 'Cookware', 'Cookware', '', '', '', ''),
(97, 3, '烤盘', '&lt;p&gt;烤盘&lt;/p&gt;\r\n', '烤 盘', '烤盘', '烤盘', '', '', '', ''),
(100, 3, '煎炒镬', '&lt;p&gt;煎炒镬&lt;/p&gt;\r\n', '煎炒镬', '煎炒镬\r\n', '煎炒镬', '', '', '', ''),
(101, 2, '廚具配件', '&lt;p&gt;廚具配件&lt;/p&gt;\r\n', '廚具配件', '廚具配件', '廚具配件', '', '', '', ''),
(102, 2, '廚房刀具', '&lt;p&gt;廚房刀具&lt;/p&gt;\r\n', '廚房刀具', '廚房刀具', '廚房刀具', '', '', '', ''),
(103, 2, '刀及剪刀', '&lt;p&gt;刀及剪刀&lt;/p&gt;\r\n', '刀及剪刀', '刀及剪刀', '刀及剪刀', '', '', '', ''),
(103, 3, '刀及剪刀', '&lt;p&gt;刀及剪刀&lt;/p&gt;\r\n', '刀及剪刀', '刀及剪刀', '刀及剪刀', '', '', '', ''),
(104, 2, '場合', '&lt;p&gt;場合&lt;/p&gt;\r\n', '場 合', '場合', '場合', '', '', '', ''),
(105, 1, 'Coming Festivals', '&lt;p&gt;Coming Festivals&lt;/p&gt;\r\n', 'Coming Festivals', 'Coming Festivals', 'Coming Festivals', '', '', '', ''),
(107, 1, 'Events', '&lt;p&gt;Events&lt;/p&gt;\r\n', 'Events', 'Events', 'Events', '', '', '', ''),
(108, 1, 'Anniversary', '&lt;p&gt;Anniversary&lt;/p&gt;\r\n', 'Anniversary', 'Anniversary', 'Anniversary', '', '', '', ''),
(109, 1, 'Birthday', '&lt;p&gt;Birthday&lt;/p&gt;\r\n', 'Birthday', 'Birthday', 'Birthday', '', '', '', ''),
(110, 3, '祝贺', '&lt;p&gt;祝贺&lt;/p&gt;\r\n', '祝 贺', '祝贺', '祝贺', '', '', '', ''),
(116, 3, '弄璋/瓦之喜', '&lt;p&gt;弄璋/瓦之喜&lt;/p&gt;\r\n', '弄璋/瓦之喜', '弄璋/瓦之喜', '弄璋/瓦之喜', '', '', '', ''),
(111, 3, '订婚', '&lt;p&gt;订婚&lt;/p&gt;\r\n', '订 婚', '订婚', '订婚', '', '', '', ''),
(112, 1, 'Farewell', '&lt;p&gt;Farewell&lt;/p&gt;\r\n', 'Farewell', 'Farewell', 'Farewell', '', '', '', ''),
(113, 1, 'Get Well Soon', '&lt;p&gt;Get Well Soon&lt;/p&gt;\r\n', 'Get Well Soon', 'Get Well Soon', 'Get Well Soon', '', '', '', ''),
(114, 1, 'Graduation', '&lt;p&gt;Graduation&lt;/p&gt;\r\n', 'Graduation', 'Graduation', 'Graduation', '', '', '', ''),
(115, 1, 'Housewarming', '&lt;p&gt;Housewarming&lt;/p&gt;\r\n', 'Housewarming', 'Housewarming', 'Housewarming', '', '', '', ''),
(116, 1, 'New Baby', '&lt;p&gt;New Baby&lt;/p&gt;\r\n', 'New Baby', 'New Baby', 'New Baby', '', '', '', ''),
(117, 1, 'New Job', '&lt;p&gt;New Job&lt;/p&gt;\r\n', 'New Job', 'New Job', 'New Job', '', '', '', ''),
(118, 1, 'Retirement', '&lt;p&gt;Retirement&lt;/p&gt;\r\n', 'Retirement', 'Retirement', 'Retirement', '', '', '', ''),
(119, 1, 'Thank You!', '&lt;p&gt;Thank You!&lt;/p&gt;\r\n', 'Thank You!', 'Thank You!', 'Thank You!', '', '', '', ''),
(120, 1, 'Wedding', '&lt;p&gt;Wedding&lt;/p&gt;\r\n', 'Wedding', 'Wedding', 'Wedding', '', '', '', ''),
(121, 1, 'Festivals', '&lt;p&gt;Festivals&lt;/p&gt;\r\n', 'Festivals', 'Festivals', 'Festivals', '', '', '', ''),
(122, 1, 'New Year (1/1)', '&lt;p&gt;New Year&lt;/p&gt;\r\n', 'New Year', 'New Year', 'New Year', '', '', '', ''),
(123, 2, '農曆新年', '&lt;p&gt;農曆新年&lt;/p&gt;\r\n', '農曆新年', '農曆新年 - 農曆新年', '農曆新年, 農曆新年', '農曆新年', '農曆新年', '農曆新年', '農曆新年'),
(124, 1, 'Valentine\'s Day (2/14)', '&lt;p&gt;Valentine&amp;#39;s Day&lt;/p&gt;\r\n', 'Valentine\'s Day (2/14)', 'Valentine\'s Day (2/14) - Valentine\'s Day', 'valentine\'s day (2/14), valentine\'s day', 'valentine-day', 'Valentine\'s Day (2/14)', 'Valentine\'s Day (2/14)', 'Valentine\'s Day (2/14)'),
(125, 3, 'April Fool (4/1)', '&lt;p&gt;April Fool&lt;br&gt;&lt;/p&gt;', 'April Fool', 'April Fool', 'April Fool', '', '', '', ''),
(127, 3, '母亲节', '&lt;p&gt;母亲节&lt;/p&gt;\r\n', '母亲节', '母亲节', '母亲节', '母亲节', '母亲节', '母亲节', '母亲节'),
(128, 2, '父親節 (6/16)', '&lt;p&gt;父親節&lt;/p&gt;\r\n', '父親節', '父親節', '父親節', '父親節', '父親節', '父親節', '父親節'),
(129, 1, 'Mid-Autum', '&lt;p&gt;Mid-Autum&lt;/p&gt;\r\n', 'Mid-Autum', 'Mid-Autum - Mid-Autum', 'mid-autum, mid-autum', 'mid-autum', 'Mid-Autum', 'Mid-Autum', 'Mid-Autum'),
(130, 2, '感恩節', '&lt;p&gt;感恩節&lt;/p&gt;\r\n', '感恩節', '感恩節 - 感恩節', '感恩節, 感恩節', '感恩節', '感恩節', '感恩節', '感恩節'),
(132, 2, '個性', '&lt;p&gt;個性&lt;/p&gt;\r\n', '個 性', '個性', '個性', '', '', '', ''),
(133, 1, 'Activist', '&lt;p&gt;Activist&lt;/p&gt;\r\n', 'Activist', 'Activist', 'Activist', '', '', '', ''),
(134, 1, 'Creative Thinker', '&lt;p&gt;Creative Thinker&lt;/p&gt;\r\n', 'Creative Thinker', 'Creative Thinker', 'Creative Thinker', '', '', '', ''),
(135, 1, 'Outdoor Adventurer', '&lt;p&gt;Outdoor Adventurer&lt;/p&gt;\r\n', 'Outdoor Adventurer', 'Outdoor Adventurer', 'Outdoor Adventurer', '', '', '', ''),
(136, 1, 'Sport Fans', '&lt;p&gt;Sport Fans&lt;/p&gt;\r\n', 'Sport Fans', 'Sport Fans', 'Sport Fans', '', '', '', ''),
(137, 1, 'Tech Lover', '&lt;p&gt;Tech Lover&lt;/p&gt;\r\n', 'Tech Lover', 'Tech Lover', 'Tech Lover', '', '', '', ''),
(138, 2, '送禮對象', '&lt;p&gt;送禮對象&lt;/p&gt;\r\n', '送禮對象', '送禮對象', '送禮對象', '', '', '', ''),
(139, 3, 'Babies', '&lt;p&gt;Babies&lt;br&gt;&lt;/p&gt;', 'babies', 'babies', 'babies', '', '', '', ''),
(140, 1, 'Kids', '&lt;p&gt;Kids&lt;/p&gt;\r\n', 'Kids', 'Kids', 'kids', '', '', '', ''),
(141, 1, 'Men', '&lt;p&gt;Men&lt;/p&gt;\r\n', 'Men', 'Men', 'men', '', '', '', ''),
(142, 1, 'Teens', '&lt;p&gt;Teens&lt;/p&gt;\r\n', 'Teens', 'Teens', 'teens', '', '', '', ''),
(143, 1, 'Women', '&lt;p&gt;Women&lt;/p&gt;\r\n', 'Women', 'Women', 'Women', '', '', '', ''),
(144, 3, 'Plush', '&lt;p&gt;Plush&lt;br&gt;&lt;/p&gt;', 'Plush', 'Plush', 'Plush', '', '', '', ''),
(145, 3, 'Cushion', '&lt;p&gt;Cushion&lt;br&gt;&lt;/p&gt;', 'Cushion', 'Cushion', 'Cushion', '', '', '', ''),
(146, 3, 'Dolls', '&lt;p&gt;Dolls&lt;br&gt;&lt;/p&gt;', 'Dolls', 'Dolls', 'Dolls', '', '', '', ''),
(147, 1, 'Gadgets', '&lt;p&gt;Gadgets&lt;/p&gt;\r\n', 'Gadgets', 'Gadgets', 'Gadgets', '', '', '', ''),
(148, 3, 'Small Fans', '&lt;p&gt;Small Fans&lt;br&gt;&lt;/p&gt;', 'Small Fans', 'Small Fans', 'Small Fans', '', '', '', ''),
(149, 1, 'Fragrances', '&lt;p&gt;Fragrances&lt;/p&gt;\r\n', 'Perfumes', 'Fragrances', 'Fragrances', '', '', '', ''),
(150, 1, 'Hair Care &amp; Styling', '&lt;p&gt;Hair Care &amp;amp; Styling&lt;/p&gt;\r\n', 'Hair Dryers', 'Hair Dryers', 'Hair Dryers', '', '', '', ''),
(151, 1, 'Hair Dryers', '&lt;p&gt;Hair Dryers&lt;/p&gt;\r\n', 'Hair Dryers', 'Hair Dryers', 'Hair Dryers', '', '', '', ''),
(152, 3, '健康监测仪', '&lt;p&gt;健康监测仪&lt;/p&gt;\r\n', '健康监测仪', '健康监测仪', '健康监测仪', '', '', '', ''),
(153, 3, 'Nail Care, Manicure &amp; Pedicure', '&lt;p&gt;Nail Care, Manicure &amp;amp; Pedicure&lt;br&gt;&lt;/p&gt;', 'Nail Care, Manicure &amp; Pedicure', 'Nail Care, Manicure &amp; Pedicure', 'Nail Care, Manicure &amp; Pedicure', '', '', '', ''),
(154, 1, 'Shaver, Hair Trimmer', '&lt;p&gt;Shavers&lt;/p&gt;\r\n', 'Shavers', 'Shaver, Hair Trimmer', 'Shaver, Hair Trimmer', '', '', '', ''),
(155, 1, 'Skin Care', '&lt;p&gt;Skin Care&lt;/p&gt;\r\n', 'Facial Cleaners', 'Skin Care', 'Skin Care', '', '', '', ''),
(156, 1, 'Cleaners &amp; Toners', '&lt;p&gt;Cleaners &amp;amp; Toners&lt;/p&gt;\r\n', 'Facial Cleaners', 'Cleaners &amp; Toners', 'Cleaners &amp; Toners', '', '', '', ''),
(157, 3, 'Home Improvement', '&lt;p&gt;Home Improvement&lt;br&gt;&lt;/p&gt;', 'Home Improvement', 'Home Improvement', 'Home Improvement', '', '', '', ''),
(158, 3, 'Door Bells, Door Locks', '&lt;p&gt;Door Bells, Door Locks&lt;br&gt;&lt;/p&gt;', 'Door Bells, Door Locks', 'Door Bells, Door Locks', 'Door Bells, Door Locks', '', '', '', ''),
(159, 3, 'Home Security', '&lt;p&gt;Home Security&lt;br&gt;&lt;/p&gt;', 'Home Security', 'Home Security', 'Home Security', '', '', '', ''),
(160, 3, 'Security Cameras', '&lt;p&gt;Security Cameras&lt;br&gt;&lt;/p&gt;', 'Security Cameras', 'Security Cameras', 'Security Cameras', '', '', '', ''),
(161, 3, 'Tools - Drills &amp; accessories', '&lt;p&gt;Tools - Drills &amp;amp; accessories&lt;br&gt;&lt;/p&gt;', 'Tools - Drills &amp; accessories', 'Tools - Drills &amp; accessories', 'Tools - Drills &amp; accessories', '', '', '', ''),
(162, 1, 'Household Supplies &amp; Cleaning', '&lt;p&gt;Household Supplies &amp;amp; Cleaning&lt;/p&gt;\r\n', 'Household Supplies &amp; Cleaning', 'Household Supplies &amp; Cleaning', 'Household Supplies &amp; Cleaning', '', '', '', ''),
(163, 1, 'Cleaning Products', '&lt;p&gt;Cleaning Products&lt;/p&gt;\r\n', 'Cleaning Products', 'Cleaning Products', 'Cleaning Products', '', '', '', ''),
(164, 3, 'Vacuum Cleaners', '&lt;p&gt;Vacuum Cleaners&lt;br&gt;&lt;/p&gt;', 'Vacuum Cleaners', 'Vacuum Cleaners', 'Vacuum Cleaners', '', '', '', ''),
(165, 3, 'Heating, Cooling &amp; Air', '&lt;p&gt;Heating, Cooling &amp;amp; Air&lt;br&gt;&lt;/p&gt;', 'Heating, Cooling &amp; Air', 'Heating, Cooling &amp; Air', 'Heating, Cooling &amp; Air', '', '', '', ''),
(166, 3, 'Lamps, Lighting &amp; Ceiling Fans', '&lt;p&gt;Lamps, Lighting &amp;amp; Ceiling Fans&lt;br&gt;&lt;/p&gt;', 'Lamps, Lighting &amp; Ceiling Fans', 'Lamps, Lighting &amp; Ceiling Fans', 'Lamps, Lighting &amp; Ceiling Fans', '', '', '', ''),
(167, 3, 'Kitchen Appliances', '&lt;p&gt;Kitchen Appliances&lt;br&gt;&lt;/p&gt;', 'Kitchen Appliances', 'Kitchen Appliances', 'Kitchen Appliances', '', '', '', ''),
(168, 3, 'Pet &amp; Weed Control', '&lt;p&gt;Pet &amp;amp; Weed Control&lt;br&gt;&lt;/p&gt;', 'Pet &amp; Weed Control', 'Pet &amp; Weed Control', 'Pet &amp; Weed Control', '', '', '', ''),
(169, 3, 'Surge Protectors, Power Strips', '&lt;p&gt;Surge Protectors, Power Strips&lt;br&gt;&lt;/p&gt;', 'Surge Protectors, Power Strips', 'Surge Protectors, Power Strips', 'Surge Protectors, Power Strips', '', '', '', ''),
(170, 3, '数码用品及相机袋', '&lt;p&gt;Digital Gear &amp;amp;Camera Bags&lt;br&gt;&lt;/p&gt;', 'Digital Gear &amp;Camera Bags', 'Digital Gear &amp;Camera Bags', 'Digital Gear &amp;Camera Bags', '', '', '', ''),
(171, 3, 'Camera Bags', '&lt;p&gt;Camera Bags&lt;br&gt;&lt;/p&gt;', 'Camera Bags', 'Camera Bags', 'Camera Bags', '', '', '', ''),
(172, 3, 'Video Bags', '&lt;p&gt;Video Bags&lt;br&gt;&lt;/p&gt;', 'Video Bags', 'Video Bags', 'Video Bags', '', '', '', ''),
(173, 3, 'Laptop Cases', '&lt;p&gt;Laptop Cases&lt;br&gt;&lt;/p&gt;', 'Laptop Cases', 'Laptop Cases', 'Laptop Cases', '', '', '', ''),
(174, 3, '运动及休闲包', '&lt;p&gt;Sports &amp;amp;Leisure Bags&lt;br&gt;&lt;/p&gt;', 'Sports &amp;Leisure Bags', 'Sports &amp;Leisure Bags', 'Sports &amp;Leisure Bags', '', '', '', ''),
(175, 3, 'Shoulder Bags', '&lt;p&gt;Shoulder Bags&lt;br&gt;&lt;/p&gt;', 'Shoulder Bags', 'Shoulder Bags', 'Shoulder Bags', '', '', '', ''),
(176, 3, 'Holster', '&lt;p&gt;Holster&lt;br&gt;&lt;/p&gt;', 'Holster', 'Holster', 'Holster', '', '', '', ''),
(177, 3, 'Backpack', '&lt;p&gt;Backpack&lt;br&gt;&lt;/p&gt;', 'Backpack', 'Backpack', 'Backpack', '', '', '', ''),
(178, 3, 'Belt Bags', '&lt;p&gt;Belt Bags&lt;br&gt;&lt;/p&gt;', 'Belt Bags', 'Belt Bags', 'Belt Bags', '', '', '', ''),
(179, 3, 'tote Bags', '&lt;p&gt;tote Bags&lt;br&gt;&lt;/p&gt;', 'tote Bags', 'tote Bags', 'tote Bags', '', '', '', ''),
(180, 3, 'Pouch', '&lt;p&gt;Pouch&lt;br&gt;&lt;/p&gt;', 'Pouch', 'Pouch', 'Pouch', '', '', '', ''),
(181, 3, 'Wallets', '&lt;p&gt;Wallets&lt;br&gt;&lt;/p&gt;', 'Wallets', 'Wallets', 'Wallets', '', '', '', ''),
(182, 3, 'Bicycle Bags', '&lt;p&gt;Bicycle Bags&lt;br&gt;&lt;/p&gt;', 'Bicycle Bags', 'Bicycle Bags', 'Bicycle Bags', '', '', '', ''),
(183, 3, '专用包及箱', '&lt;p&gt;Special Purpose Bags &amp;amp;Cases&lt;br&gt;&lt;/p&gt;', 'Special Purpose Bags &amp;Cases', 'Special Purpose Bags &amp;Cases', 'Special Purpose Bags &amp;Cases', '', '', '', ''),
(184, 3, 'Lightweight Trolley Bags', '&lt;p&gt;Lightweight Trolley Bags&lt;br&gt;&lt;/p&gt;', 'Lightweight Trolley Bags', 'Lightweight Trolley Bags', 'Lightweight Trolley Bags', '', '', '', ''),
(185, 3, '行李箱及包配件', '&lt;p&gt;Luggages &amp;amp;Bags Accessories&lt;br&gt;&lt;/p&gt;', 'Luggages &amp;Bags Accessories', 'Luggages &amp;Bags Accessories', 'Luggages &amp;Bags Accessories', '', '', '', ''),
(186, 3, 'Lugguages Cover', '&lt;p&gt;Lugguages Cover&lt;br&gt;&lt;/p&gt;', 'Lugguages Cover', 'Lugguages Cover', 'Lugguages Cover', '', '', '', ''),
(187, 1, 'Mobile Accessories', '&lt;p&gt;Mobile Accessories&lt;/p&gt;\r\n', 'Mobile Accessories', 'Mobile Accessories - Mobile Accessories', 'mobile accessories, mobile accessories', 'mobile-accessories', 'Mobile Accessories', 'Mobile Accessories', 'Mobile Accessories'),
(188, 1, 'Charger', '&lt;p&gt;Charger&lt;/p&gt;\r\n', 'Charger', 'Charger', 'Charger', '', '', '', ''),
(188, 2, '充電器', '&lt;p&gt;充電器&lt;/p&gt;\r\n', '充電器', '充電器', '充電器', '', '', '', ''),
(189, 3, 'Mounts &amp; Holders', '&lt;p&gt;Mounts &amp;amp; Holders&lt;br&gt;&lt;/p&gt;', 'Mounts &amp; Holders', 'Mounts &amp; Holders', 'Mounts &amp; Holders', '', '', '', ''),
(190, 3, 'Cables', '&lt;p&gt;Cables&lt;br&gt;&lt;/p&gt;', 'Cables', 'Cables', 'Cables', '', '', '', ''),
(191, 3, 'Car Speakerphones', '&lt;p&gt;Car Speakerphones&lt;br&gt;&lt;/p&gt;', 'Car Speakerphones', 'Car Speakerphones', 'Car Speakerphones', '', '', '', ''),
(192, 3, 'Misc', '&lt;p&gt;Misc&lt;br&gt;&lt;/p&gt;', 'Misc', 'Misc', 'Misc', '', '', '', ''),
(193, 3, 'Mobile Gadgets', '&lt;p&gt;Mobile Gadgets&lt;br&gt;&lt;/p&gt;', 'Mobile Gadgets', 'Mobile Gadgets', 'Mobile Gadgets', '', '', '', ''),
(194, 3, 'OTG Drives', '&lt;p&gt;OTG Drives&lt;br&gt;&lt;/p&gt;', 'OTG Drives', 'OTG Drives', 'OTG Drives', '', '', '', ''),
(195, 3, 'Reserve1', '&lt;p&gt;Reserve1&lt;br&gt;&lt;/p&gt;', 'Reserve1', 'Reserve1', 'Reserve1', '', '', '', ''),
(196, 3, 'Reserve2', '&lt;p&gt;Reserve2&lt;br&gt;&lt;/p&gt;', 'Reserve2', 'Reserve2', 'Reserve2', '', '', '', ''),
(197, 3, 'Reserve3', '&lt;p&gt;Reserve3&lt;br&gt;&lt;/p&gt;', 'Reserve3', 'Reserve3', 'Reserve3', '', '', '', ''),
(198, 3, 'Screen Protectors/FiltersCleaner', '&lt;p&gt;Screen Protectors/FiltersCleaner&lt;br&gt;&lt;/p&gt;', 'Screen Protectors/FiltersCleaner', 'Screen Protectors/FiltersCleaner', 'Screen Protectors/FiltersCleaner', '', '', '', ''),
(199, 3, 'Smart Watches', '&lt;p&gt;Smart Watches&lt;br&gt;&lt;/p&gt;', 'Smart Watches', 'Smart Watches', 'Smart Watches', '', '', '', ''),
(200, 1, 'Smartbands', '&lt;p&gt;Smartbands&lt;/p&gt;\r\n', 'Smartbands', 'Smartbands', 'Smartbands', '', '', '', ''),
(201, 1, 'Smartphones Gadgets', '&lt;p&gt;Smartphones Gadgets&lt;/p&gt;\r\n', 'Smartphones Gadgets', 'Smartphones Gadgets', 'Smartphones Gadgets', '', '', '', ''),
(202, 3, 'TF Cards/microSD', '&lt;p&gt;TF Cards/microSD&lt;br&gt;&lt;/p&gt;', 'TF Cards/microSD', 'TF Cards/microSD', 'TF Cards/microSD', '', '', '', ''),
(203, 3, 'Wired Headsets', '&lt;p&gt;Wired Headsets&lt;br&gt;&lt;/p&gt;', 'Wired Headsets', 'Wired Headsets', 'Wired Headsets', '', '', '', ''),
(204, 3, 'Wireless Headsets', '&lt;p&gt;Wireless Headsets&lt;br&gt;&lt;/p&gt;', 'Wireless Headsets', 'Wireless Headsets', 'Wireless Headsets', '', '', '', ''),
(205, 3, 'Mono', '&lt;p&gt;Mono&lt;br&gt;&lt;/p&gt;', 'Mono', 'Mono', 'Mono', '', '', '', ''),
(206, 3, 'Stereo', '&lt;p&gt;Stereo&lt;br&gt;&lt;/p&gt;', 'Stereo', 'Stereo', 'Stereo', '', '', '', ''),
(207, 3, 'Wireless Speakers', '&lt;p&gt;Wireless Speakers&lt;br&gt;&lt;/p&gt;', 'Wireless Speakers', 'Wireless Speakers', 'Wireless Speakers', '', '', '', ''),
(208, 3, 'Mobile Phones', '&lt;p&gt;Mobile Phones&lt;br&gt;&lt;/p&gt;', 'Mobile Phones', 'Mobile Phones', 'Mobile Phones', '', '', '', ''),
(209, 3, 'Tablets', '&lt;p&gt;Tablets&lt;br&gt;&lt;/p&gt;', 'Tablets', 'Tablets', 'Tablets', '', '', '', ''),
(210, 3, 'Adhesives &amp;Tape', '&lt;p&gt;Adhesives &amp;amp;Tape&lt;br&gt;&lt;/p&gt;', 'Adhesives &amp;Tape', 'Adhesives &amp;Tape', 'Adhesives &amp;Tape', '', '', '', ''),
(211, 3, 'Binding &amp; Cutting', '&lt;p&gt;Binding &amp;amp; Cutting&lt;br&gt;&lt;/p&gt;', 'Binding &amp; Cutting', 'Binding &amp; Cutting', 'Binding &amp; Cutting', '', '', '', ''),
(212, 3, 'Desk Supplies', '&lt;p&gt;Desk Supplies&lt;br&gt;&lt;/p&gt;', 'Desk Supplies', 'Desk Supplies', 'Desk Supplies', '', '', '', ''),
(213, 3, 'Office Equipments', '&lt;p&gt;Office Equipments&lt;br&gt;&lt;/p&gt;', 'Office Equipments', 'Office Equipments', 'Office Equipments', '', '', '', ''),
(214, 3, 'Office Paper', '&lt;p&gt;Office Paper&lt;br&gt;&lt;/p&gt;', 'Office Paper', 'Office Paper', 'Office Paper', '', '', '', ''),
(239, 3, 'Pumps', '&lt;p&gt;Pumps&lt;br&gt;&lt;/p&gt;', 'Pumps', 'Pumps', 'Pumps', '', '', '', ''),
(240, 3, 'Saddles', '&lt;p&gt;Saddles&lt;br&gt;&lt;/p&gt;', 'Saddles', 'Saddles', 'Saddles', '', '', '', ''),
(241, 3, 'Tires', '&lt;p&gt;Tires&lt;br&gt;&lt;/p&gt;', 'Tires', 'Tires', 'Tires', '', '', '', ''),
(242, 3, 'Tools', '&lt;p&gt;Tools&lt;br&gt;&lt;/p&gt;', 'Tools', 'Tools', 'Tools', '', '', '', ''),
(243, 3, 'Exercise &amp;Fittness', '&lt;p&gt;Exercise &amp;amp;Fittness&lt;br&gt;&lt;/p&gt;', 'Exercise &amp;Fittness', 'Exercise &amp;Fittness', 'Exercise &amp;Fittness', '', '', '', ''),
(244, 3, 'Bottles', '&lt;p&gt;Bottles&lt;br&gt;&lt;/p&gt;', 'Bottles', 'Bottles', 'Bottles', '', '', '', ''),
(245, 3, 'Monitors/Pedometers/Computers', '&lt;p&gt;Monitors/Pedometers/Computers&lt;br&gt;&lt;/p&gt;', 'Monitors/Pedometers/Computers', 'Monitors/Pedometers/Computers', 'Monitors/Pedometers/Computers', '', '', '', ''),
(246, 3, 'Outdoor Sports', '&lt;p&gt;Outdoor Sports&lt;br&gt;&lt;/p&gt;', 'Outdoor Sports', 'Outdoor Sports', 'Outdoor Sports', '', '', '', ''),
(247, 3, 'Camping &amp; Hiking', '&lt;p&gt;Camping &amp;amp; Hiking&lt;br&gt;&lt;/p&gt;', 'Camping &amp; Hiking', 'Camping &amp; Hiking', 'Camping &amp; Hiking', '', '', '', ''),
(248, 3, 'Insect Net &amp; Repelling', '&lt;p&gt;Insect Net &amp;amp; Repelling&lt;br&gt;&lt;/p&gt;', 'Insect Net &amp; Repelling', 'Insect Net &amp; Repelling', 'Insect Net &amp; Repelling', '', '', '', ''),
(249, 3, 'Camping Light', '&lt;p&gt;Camping Light&lt;br&gt;&lt;/p&gt;', 'Camping Light', 'Camping Light', 'Camping Light', '', '', '', ''),
(250, 3, 'Building Toys', '&lt;p&gt;Building Toys&lt;br&gt;&lt;/p&gt;', 'Building Toys', 'Building Toys', 'Building Toys', '', '', '', ''),
(251, 3, 'Educational', '&lt;p&gt;Educational&lt;br&gt;&lt;/p&gt;', 'Educational', 'Educational', 'Educational', '', '', '', ''),
(252, 3, 'Programmable Robot', '&lt;p&gt;Programmable Robot&lt;br&gt;&lt;/p&gt;', 'Programmable Robot', 'Programmable Robot', 'Programmable Robot', '', '', '', ''),
(253, 3, 'Science &amp; Nature', '&lt;p&gt;Science &amp;amp; Nature&lt;br&gt;&lt;/p&gt;', 'Science &amp; Nature', 'Science &amp; Nature', 'Science &amp; Nature', '', '', '', ''),
(254, 3, 'RC Toys &amp; Accessories', '&lt;p&gt;RC Toys &amp;amp; Accessories&lt;br&gt;&lt;/p&gt;', 'RC Toys &amp; Accessories', 'RC Toys &amp; Accessories', 'RC Toys &amp; Accessories', '', '', '', ''),
(255, 3, 'RC Helicopter Accessories', '&lt;p&gt;RC Helicopter Accessories&lt;br&gt;&lt;/p&gt;', 'RC Helicopter Accessories', 'RC Helicopter Accessories', 'RC Helicopter Accessories', '', '', '', ''),
(256, 1, 'Kid\'s Watch', '&lt;p&gt;Lego Watches&lt;/p&gt;\r\n', 'Lego Watches', 'Kid\'s Watch', 'Lego Watches', '', '', '', ''),
(257, 1, 'Smart Watches', '&lt;p&gt;Smart Watches&lt;/p&gt;\r\n', 'Smart Watches', 'Smart Watches', 'Smart Watches', '', '', '', ''),
(258, 1, 'Smartbands', '&lt;p&gt;Smartbands&lt;/p&gt;\r\n', 'Smart Bands', 'Smartbands', 'Smartbands', '', '', '', ''),
(259, 1, 'Sport Watces', '', 'Sport Watches', 'Sport Watches', 'Sport Watches', '', '', '', ''),
(260, 2, '黑色星期五', '&lt;p&gt;黑色星期五購物日&lt;/p&gt;\r\n', '黑色星期五', '黑色星期五 - 黑色星期五購物日', '黑色星期五, 黑色星期五購物日', '黑色星期五', '黑色星期五', '黑色星期五', '黑色星期五'),
(261, 2, '光棍節 (11/11)', '&lt;p&gt;光棍節&lt;/p&gt;\r\n', '光棍節 (11/11)', '光棍節 (11/11) - 光棍節', '光棍節 (11/11), 光棍節', '光棍節', '光棍節 (11/11)', '光棍節 (11/11)', '光棍節 (11/11)'),
(262, 2, '小玩意', '&lt;p&gt;小玩意&lt;/p&gt;\r\n', '小玩意', '小玩意', '小玩意', '', '', '', ''),
(2, 3, '婴儿产品', '&lt;p&gt;婴儿产品&lt;/p&gt;\r\n', '婴儿产品', '婴儿产品', '婴儿产品', '', '', '', ''),
(266, 1, 'Joystick', '&lt;p&gt;Joystick&lt;/p&gt;\r\n', 'Joystick', 'Joystick - Joystick', 'joystick, joystick', 'joystick', 'Joystick', 'Joystick', 'Joystick'),
(267, 1, 'Makeup', '&lt;p&gt;Makeup&lt;/p&gt;\r\n', 'Makeup', 'Makeup', 'makeup', '', '', '', ''),
(268, 1, 'Eyes', '&lt;p&gt;Eyes&lt;/p&gt;\r\n', 'Eyes', 'Eyes', 'eyes', '', '', '', ''),
(269, 1, 'Face', '&lt;p&gt;Face&lt;/p&gt;\r\n', 'Face', 'Face', 'face', '', '', '', ''),
(2, 1, 'Baby Products', '&lt;p&gt;Baby Products&lt;/p&gt;\r\n', 'Baby Products', 'Baby Products', 'Baby Products', '', '', '', ''),
(263, 2, '捆綁優惠', '&lt;p&gt;捆綁優惠&lt;/p&gt;\r\n', '捆綁優惠', '捆綁優惠 - 捆綁優惠', '捆綁優惠, 捆綁優惠', '捆綁優惠', '捆綁優惠', '捆綁優惠', '捆綁優惠'),
(59, 1, 'Camera Covers', '&lt;p&gt;Camera Covers&lt;/p&gt;\r\n', 'Camera Covers', 'Camera Covers', 'Camera Covers', '', '', '', ''),
(60, 1, 'Camera Straps', '&lt;p&gt;Camera Straps&lt;/p&gt;\r\n', 'Camera Straps', 'Camera Straps', 'Camera Straps', '', '', '', ''),
(263, 1, 'Bundle Offer', '&lt;p&gt;Bundle Offer&lt;/p&gt;\r\n', 'Bundle Offer', 'Bundle Offer - Bundle Offer', 'bundle offer, bundle offer', 'bundle-offer', 'Bundle Offer', 'Bundle Offer', 'Bundle Offer'),
(3, 3, '相机及配件', '&lt;p&gt;相机及配件&lt;/p&gt;\r\n', '相机及配件', '相机及配件', '相机及配件', '', '', '', ''),
(56, 3, '相机配件', '&lt;p&gt;相机配件&lt;/p&gt;\r\n', '相机配件', '相机配件', '相机配件', '', '', '', ''),
(57, 3, '相机袋', '&lt;p&gt;相机袋&lt;/p&gt;\r\n', '相机袋', '相机袋', '相机袋', '', '', '', ''),
(58, 3, '相机挂扣', '&lt;p&gt;相机挂扣&lt;/p&gt;\r\n', '相机挂扣', '相机挂扣', '相机挂扣', '', '', '', ''),
(59, 3, '相机保护套', '&lt;p&gt;相机保护套&lt;/p&gt;\r\n', '相机保护套', '相机保护套', '相机保护套', '', '', '', ''),
(60, 3, '相机带', '&lt;p&gt;相机带&lt;/p&gt;\r\n', '相机带', '相机带', '相机带', '', '', '', ''),
(55, 3, '相机', '&lt;p&gt;相机&lt;/p&gt;\r\n', '相 机 ', '相机', '相机', '', '', '', ''),
(5, 3, '电子消费品', '&lt;p&gt;电子消费品&lt;/p&gt;\r\n', '电子消费品', '电子消费品', '电子消费品', '', '', '', ''),
(262, 3, '小玩意', '&lt;p&gt;小玩意&lt;/p&gt;\r\n', '小玩意', '小玩意', '小玩意', '', '', '', ''),
(265, 2, '影視影響', '&lt;p&gt;影視影響&lt;/p&gt;\r\n', '影視影響', '影視影響', '影視影響', '', '', '', ''),
(265, 3, '影视音响', '&lt;p&gt;影视音响&lt;/p&gt;\r\n', '影视音响', '影视音响', '影视音响', '', '', '', ''),
(6, 3, '厨具及配件', '&lt;p&gt;厨具及配件&lt;/p&gt;\r\n', '厨具及配件', '厨具及配件', '厨具及配件', '', '', '', ''),
(101, 3, '厨具配件', '&lt;p&gt;厨具配件&lt;/p&gt;\r\n', '厨具配件', '厨具配件', '厨具配件', '', '', '', ''),
(102, 3, '厨房刀具', '&lt;p&gt;厨房刀具&lt;/p&gt;\r\n', '厨房刀具', '厨房刀具', '厨房刀具', '', '', '', ''),
(11, 2, '健康及美容', '&lt;p&gt;健康及美容&lt;/p&gt;\r\n', '健康及美容', '健康及美容', '健康及美容', '', '', '', ''),
(11, 3, '健康及美容', '&lt;p&gt;健康及美容&lt;/p&gt;\r\n', '健康及美容', '健康及美容', '', '', '', '', ''),
(13, 2, '家電產品', '&lt;p&gt;家電產品&lt;/p&gt;\r\n', '家電產品', '家電產品', '家電產品', '', '', '', ''),
(13, 3, '家电产品', '&lt;p&gt;家电产品&lt;/p&gt;\r\n', '家电产品', '家电产品', '家电产品', '', '', '', ''),
(22, 2, '穿戴產品', '&lt;p&gt;穿戴產品&lt;/p&gt;\r\n', '穿戴產品', '穿戴產品', '穿戴產品', '', '', '', ''),
(22, 3, '穿戴产品', '&lt;p&gt;穿戴产品&lt;/p&gt;\r\n', '穿戴产品', '穿戴产品', '穿戴产品', '', '', '', ''),
(68, 3, '鼠标', '&lt;p&gt;鼠标&lt;/p&gt;\r\n', '鼠 标', '鼠标', '鼠标', '', '', '', ''),
(69, 3, '显示屏', '&lt;p&gt;显示屏&lt;/p&gt;\r\n', '显示屏', '显示屏', '显示屏', '', '', '', ''),
(70, 3, '打印机', '&lt;p&gt;打印机&lt;/p&gt;\r\n', '打印机', '打印机', '打印机', '', '', '', ''),
(71, 3, '扫描器', '&lt;p&gt;扫描器&lt;/p&gt;\r\n', '扫描器', '扫描器', '扫描器', '', '', '', ''),
(72, 1, 'SD Card', '&lt;p&gt;SD Card&lt;/p&gt;\r\n', 'SD Card', 'SD Card', 'SD Card', 'sd-card', 'SD Card', 'SD Card', 'SD Card'),
(73, 1, 'SSD Drives', '&lt;p&gt;SSD Drives&lt;/p&gt;\r\n', 'SSD Drives', 'SSD Drives', 'SSD Drives', 'ssd-drives', 'SSD Drives', 'SSD Drives', 'SSD Drives'),
(74, 1, 'USB Drives', '&lt;p&gt;USB Drives&lt;/p&gt;\r\n', 'USB Drives', 'USB Drives', 'USB Drives', 'usb-drives', 'USB Drives', 'USB Drives', 'USB Drives'),
(75, 3, 'USB 分线器, 线 及 接头', '&lt;p&gt;USB 分线器, 线 及 接头&lt;/p&gt;\r\n', 'USB 分线器, 线 及 接头', 'USB 分线器, 线 及 接头', 'USB 分线器, 线 及 接头', '', '', '', ''),
(76, 3, '网络视像头', '&lt;p&gt;网络视像头&lt;/p&gt;\r\n', '网络视像头', '网络视像头', '网络视像头', '', '', '', ''),
(62, 3, 'Mac 电脑', '&lt;p&gt;Mac 电脑&lt;/p&gt;\r\n', 'Mac 电脑', 'Mac 电脑', 'Mac 电脑', '', '', '', ''),
(63, 3, '个人电脑', '&lt;p&gt;个人电脑&lt;/p&gt;\r\n', '个人电脑', '个人电脑', '个人电脑', '', '', '', ''),
(82, 3, '微软视窗', '&lt;p&gt;微软视窗&lt;/p&gt;\r\n', '微软视窗', '微软视窗', '微软视窗', '', '', '', ''),
(87, 3, 'HiFi', '&lt;p&gt;HiFi&lt;/p&gt;\r\n', 'HiFi', 'HiFi', '', '', '', '', ''),
(88, 3, '便携式', '&lt;p&gt;便携式&lt;/p&gt;\r\n', '便携式', '便携式', '便携式', '', '', '', ''),
(127, 2, '母親節', '&lt;p&gt;母親節&lt;/p&gt;\r\n', '母親節', '母親節', '母親節', '母親節', '母親節', '母親節', '母親節'),
(261, 1, 'Singles Day (11/11)', '&lt;p&gt;Singles Day&lt;/p&gt;\r\n', 'Singles Day (11/11)', 'Singles Day (11/11) - Singles Day', 'singles day (11/11), singles day', 'singles-day', 'Singles Day (11/11)', 'Singles Day (11/11)', 'Singles Day (11/11)'),
(132, 3, '个性', '&lt;p&gt;个性&lt;/p&gt;\r\n', '个 性', '个性', '个性', '', '', '', ''),
(138, 3, '送礼对象', '&lt;p&gt;送礼对象&lt;/p&gt;\r\n', '送礼对象', '送礼对象', '送礼对象', '', '', '', ''),
(141, 3, 'Men', '&lt;p&gt;Men&lt;/p&gt;\r\n', 'Men', 'Men', 'men', '', '', '', ''),
(267, 2, '化妝品', '&lt;p&gt;化妝品&lt;/p&gt;\r\n', '化妝品', '化妝品', '化妝品', '', '', '', ''),
(267, 3, '化妆品', '&lt;p&gt;化妆品&lt;/p&gt;\r\n', '化妆品', '化妆品', '化妆品', '', '', '', ''),
(268, 2, '眼部護理', '&lt;p&gt;眼部護理&lt;/p&gt;\r\n', '眼部護理', '眼部護理', '眼部護理', '', '', '', ''),
(268, 3, '眼部护理', '&lt;p&gt;眼部护理&lt;/p&gt;\r\n', '眼部护理', '眼部护理', '眼部护理', '', '', '', ''),
(269, 2, '面部護理', '&lt;p&gt;面部護理&lt;/p&gt;\r\n', '面部護理', '面部護理', '面部護理', '', '', '', ''),
(269, 3, '面部护理', '&lt;p&gt;面部护理&lt;/p&gt;\r\n', '面部护理', '面部护理', '面部护理', '', '', '', ''),
(229, 3, '智能手带', '&lt;p&gt;智能手带&lt;/p&gt;\r\n', '智能手带', '智能手带', '智能手带', '', '', '', ''),
(259, 3, '运动手表', '&lt;p&gt;运动手表&lt;/p&gt;\r\n', '运动手表', '运动手表', '运动手表', '', '', '', ''),
(103, 1, 'Knives &amp; Scissors', '&lt;p&gt;Knives &amp;amp; Scissors&lt;/p&gt;\r\n', 'Knives &amp; Scissors', 'Knives &amp; Scissors', 'Knives &amp; Scissors', '', '', '', ''),
(270, 1, 'Cleaning Products DEL', '&lt;p&gt;Cleaning Products&lt;/p&gt;\r\n', 'Cleaning Products', 'Cleaning Products', 'Cleaning Products', '', '', '', ''),
(270, 2, 'Cleaning Products DEL', '&lt;p&gt;Cleaning Products&lt;/p&gt;\r\n', 'Cleaning Products', 'Cleaning Products', 'Cleaning Products', '', '', '', ''),
(270, 3, 'Cleaning Products DEL', '&lt;p&gt;Cleaning Products&lt;/p&gt;\r\n', 'Cleaning Products', 'Cleaning Products', 'Cleaning Products', '', '', '', ''),
(271, 2, '電池', '&lt;p&gt;電池&lt;/p&gt;\r\n', '電池', '電池 - 電池', '電池, 電池', '電池', '電池', '電池', '電池'),
(271, 3, '电池', '&lt;p&gt;电池&lt;/p&gt;\r\n', '电池', '电池 - 电池', '电池, 电池', '电池', '电池', '电池', '电池'),
(272, 1, 'Rice Cooker', '&lt;p&gt;Rice Cooker&lt;/p&gt;\r\n', 'rice cooker', 'rice cooker', 'rice cooker, warm jar', '', '', '', ''),
(272, 2, '電飯煲', '&lt;p&gt;電飯煲&lt;/p&gt;\r\n', '電飯煲', '電飯煲', '電飯煲, 飯煲', '', '', '', ''),
(272, 3, '电饭煲', '&lt;p&gt;电饭煲&lt;/p&gt;\r\n', '电饭煲', '电饭煲', '电饭煲, 饭煲', '', '', '', ''),
(127, 1, 'Mother\'s Day (5/9)', '&lt;p&gt;Mother&amp;#39;s Day&lt;/p&gt;\r\n', 'Mother\'s Day', 'Mother\'s Day', 'Mother\'s Day', 'mother-day', 'Mother\'s Day', 'Mother\'s Day', 'Mother\'s Day'),
(128, 1, 'Father\'s Day (6/20)', '&lt;p&gt;Father&amp;#39;s Day&lt;/p&gt;\r\n', 'Father\'s Day', 'Father\'s Day', 'Father\'s Day', 'father-day', 'Father\'s Day', 'Father\'s Day', 'Father\'s Day'),
(273, 3, '电脑节优惠', '&lt;p&gt;香港电脑节优惠&lt;/p&gt;\r\n', '电脑节优惠', '电脑节优惠 - 香港电脑节优惠', '电脑节优惠, 香港电脑节优惠', '电脑节优惠', '电脑节优惠', '电脑节优惠', '电脑节优惠'),
(273, 2, '電腦節優惠', '&lt;p&gt;香港電腦節優惠&lt;/p&gt;\r\n', '電腦節優惠', '電腦節優惠 - 香港電腦節優惠', '電腦節優惠, 香港電腦節優惠', '電腦節優惠', '電腦節優惠', '電腦節優惠', '電腦節優惠'),
(273, 1, 'Computer Festival Special', '&lt;p&gt;Hong Kong Computer Festival Special&lt;/p&gt;\r\n', 'Computer Festival Special', 'Computer Festival Special - Hong Kong Computer Festival Special', 'Computer Festival Special, Hong Kong Computer Festival Special', 'computer-festival-special', 'Computer Festival Special', 'Computer Festival Special', 'Computer Festival Special'),
(274, 1, 'Summer Special', '&lt;p&gt;Summer Special&lt;/p&gt;\r\n', 'Summer Special', 'Summer Special - Summer Special', 'Summer Special, Summer Special', 'summer-special', 'Summer Special', 'Summer Special', 'Summer Special'),
(274, 2, '夏日精選', '&lt;p&gt;夏日精選&lt;/p&gt;\r\n', '夏日精選', '夏日精選 - 夏日精選', '夏日精選, 夏日精選', '夏日精選', '夏日精選', '夏日精選', '夏日精選'),
(274, 3, '夏日精选', '&lt;p&gt;夏日精选&lt;/p&gt;\r\n', '夏日精选', '夏日精选 - 夏日精选', '夏日精选, 夏日精选', '夏日精选', '夏日精选', '夏日精选', '夏日精选'),
(275, 3, '键盘', '&lt;p&gt;键盘&lt;/p&gt;\r\n', '键盘', '键盘', '键盘', '键盘', '键盘', '键盘', '键盘'),
(275, 2, '鍵盤', '&lt;p&gt;鍵盤&lt;/p&gt;\r\n', '鍵盤', '鍵盤', '鍵盤', '鍵盤', '鍵盤', '鍵盤', '鍵盤'),
(275, 1, 'Keyboard', '&lt;p&gt;Keyboard&lt;/p&gt;\r\n', 'Keyboard', 'Keyboard', 'keyboard', 'keyboard', 'Keyboard', 'Keyboard', 'Keyboard'),
(276, 1, 'Video Game Accessories', '&lt;p&gt;Video Game Accessories&lt;/p&gt;\r\n', 'Video Game Accessories', 'Video Game Accessories -', 'video game accessories,', 'video-game-accessories', 'Video Game Accessories', 'Video Game Accessories', 'Video Game Accessories'),
(276, 2, '電玩遊戲配件', '&lt;p&gt;電玩遊戲配件&lt;/p&gt;\r\n', '電玩遊戲配件', '電玩遊戲配件 -', '電玩遊戲配件,', '電玩遊戲配件', '電玩遊戲配件', '電玩遊戲配件', '電玩遊戲配件'),
(276, 3, '电玩游戏配件', '&lt;p&gt;电玩游戏配件&lt;/p&gt;\r\n', '电玩游戏配件', '电玩游戏配件 -', '电玩游戏配件,', '电玩游戏配件', '电玩游戏配件', '电玩游戏配件', '电玩游戏配件'),
(277, 3, '电脑存储', '&lt;p&gt;电脑存储&lt;/p&gt;\r\n', '电脑存储', '电脑存储 -', '电脑存储,', '电脑存储', '电脑存储', '电脑存储', '电脑存储'),
(277, 2, '電腦存儲', '&lt;p&gt;電腦存儲&lt;/p&gt;\r\n', '電腦存儲', '電腦存儲 -', '電腦存儲,', '電腦存儲', '電腦存儲', '電腦存儲', '電腦存儲'),
(277, 1, 'Computer Storage', '&lt;p&gt;Computer Storage&lt;/p&gt;\r\n', 'Computer Storage', 'Computer Storage -', 'computer storage,', 'computer-storage', 'Computer Storage', 'Computer Storage', 'Computer Storage'),
(278, 1, 'Memory &amp; Flash', '&lt;p&gt;Memory &amp;amp; Flash&lt;/p&gt;\r\n', 'Memory &amp; Flash', 'Memory &amp; Flash -', 'memory &amp; flash,', 'memory-flash', 'Memory &amp; Flash', 'Memory &amp; Flash', 'Memory &amp; Flash'),
(278, 2, '內存及閃存', '&lt;p&gt;內存及閃存&lt;/p&gt;\r\n', '內存及閃存', '內存及閃存 -', '內存及閃存,', '內存及閃存', '內存及閃存', '內存及閃存', '內存及閃存'),
(278, 3, '内存及闪存', '&lt;p&gt;内存及闪存&lt;/p&gt;\r\n', '内存及闪存', '内存及闪存 -', '内存及闪存,', '内存及闪存', '内存及闪存', '内存及闪存', '内存及闪存'),
(72, 3, 'SD 记忆卡', '&lt;p&gt;SD 记忆卡&lt;/p&gt;\r\n', 'SD 记忆卡', 'SD 记忆卡', 'SD 记忆卡', 'sd-记忆卡', 'SD 记忆卡', 'SD 记忆卡', 'SD 记忆卡'),
(73, 3, 'SSD 固态硬盘', '&lt;p&gt;SSD 固态硬盘&lt;/p&gt;\r\n', 'SSD 固态硬盘', 'SSD 固态硬盘', 'SSD 固态硬盘', 'ssd-固态硬盘', 'SSD 固态硬盘', 'SSD 固态硬盘', 'SSD 固态硬盘'),
(74, 3, 'USB 盘', '&lt;p&gt;USB 盘&lt;/p&gt;\r\n', 'USB 盘', 'USB 盘', 'USB 盘', 'usb-盘', 'USB 盘', 'USB 盘', 'USB 盘'),
(279, 1, 'Outdoor Sleeping Gear', '&lt;p&gt;Outdoor Sleeping Gear&lt;/p&gt;\r\n', 'Outdoor Sleeping Gear', 'Outdoor Sleeping Gear -', 'outdoor sleeping gear,', 'outdoor-sleeping-gear', 'Outdoor Sleeping Gear', 'Outdoor Sleeping Gear', 'Outdoor Sleeping Gear'),
(279, 2, '戶外睡眠用品', '&lt;p&gt;戶外睡眠用品&lt;/p&gt;\r\n', '戶外睡眠用品', '戶外睡眠用品 -', '戶外睡眠用品,', '戶外睡眠用品', '戶外睡眠用品', '戶外睡眠用品', '戶外睡眠用品'),
(279, 3, '户外睡眠用品', '&lt;p&gt;户外睡眠用品&lt;/p&gt;\r\n', '户外睡眠用品', '户外睡眠用品 -', '户外睡眠用品,', '户外睡眠用品', '户外睡眠用品', '户外睡眠用品', '户外睡眠用品'),
(280, 1, 'Computers/Tablets &amp; Networking', '&lt;p&gt;Computers/Tablets &amp;amp; Networking&lt;/p&gt;\r\n', 'Computers/Tablets & Networking', 'Computers/Tablets & Networking - Computers/Tablets & Networking', 'Computers/Tablets & Networking, Computers/Tablets & Networking', 'computers-tablets-networking', 'Computers/Tablets & Networking', 'Computers/Tablets & Networking', 'Computers/Tablets & Networking'),
(280, 2, 'Computers/Tablets &amp; Networking', '&lt;p&gt;Computers/Tablets &amp;amp; Networking&lt;/p&gt;\r\n', 'Computers/Tablets & Networking', 'Computers/Tablets & Networking -', 'Computers/Tablets & Networking,', 'computers-tablets-networking', 'Computers/Tablets & Networking', 'Computers/Tablets & Networking', 'Computers/Tablets & Networking'),
(280, 3, 'Computers/Tablets &amp; Networking', '&lt;p&gt;Computers/Tablets &amp;amp; Networking&lt;/p&gt;\r\n', 'Computers/Tablets & Networking', 'Computers/Tablets & Networking -', 'Computers/Tablets & Networking,', 'computers-tablets-networking', 'Computers/Tablets & Networking', 'Computers/Tablets & Networking', 'Computers/Tablets & Networking'),
(78, 2, '網絡及伺服器', '&lt;p&gt;網絡及伺服器&lt;/p&gt;\r\n', 'Networking', 'Networking', 'Networking', '網絡及伺服器', '網絡及伺服器', '網絡及伺服器', '網絡及伺服器'),
(78, 1, 'Networking, Servers', '&lt;p&gt;Networking &amp;amp; Servers&lt;/p&gt;\r\n', 'Networking, Servers', 'Networking, Servers - Networking', 'networking, servers, networking', 'networking-servers', 'Networking, Servers', 'Networking, Servers', 'Networking, Servers'),
(281, 1, '3D Printers &amp; Supplies', '&lt;p&gt;3D Printers &amp;amp; Supplies&lt;/p&gt;\r\n', '3D Printers &amp; Supplies', '3D Printers &amp; Supplies -', '3d printers &amp; supplies,', '3d-printers-supplies', '3D Printers &amp; Supplies', '3D Printers &amp; Supplies', '3D Printers &amp; Supplies'),
(281, 2, '3D打印機及耗材', '&lt;p&gt;3D打印機及耗材&lt;/p&gt;\r\n', '3D打印機及耗材', '3D打印機及耗材 -', '3d打印機及耗材,', '3d打印機及耗材', '3D打印機及耗材', '3D打印機及耗材', '3D打印機及耗材'),
(281, 3, '3D打印机及耗材', '&lt;p&gt;3D打印机及耗材&lt;br /&gt;\r\n&amp;nbsp;&lt;/p&gt;\r\n', '3D打印机及耗材', '3D打印机及耗材 -', '3d打印机及耗材,', '3d打印机及耗材', '3D打印机及耗材', '3D打印机及耗材', '3D打印机及耗材'),
(282, 1, 'Computer Cables &amp; Connectors', '&lt;p&gt;Computer Cables &amp;amp; Connectors&lt;/p&gt;\r\n', 'Computer Cables &amp; Connectors', 'Computer Cables &amp; Connectors -', 'computer cables &amp; connectors,', 'computer-cables-connectors', 'Computer Cables &amp; Connectors', 'Computer Cables &amp; Connectors', 'Computer Cables &amp; Connectors'),
(282, 2, '電腦連接線及連接器', '&lt;p&gt;電腦連接線及連接器&lt;/p&gt;\r\n', '電腦連接線及連接器', '電腦連接線及連接器 -', '電腦連接線及連接器,', '電腦連接線及連接器', '電腦連接線及連接器', '電腦連接線及連接器', '電腦連接線及連接器'),
(282, 3, '电脑连接线及连接器', '&lt;p&gt;电脑连接线及连接器&lt;/p&gt;\r\n', '电脑连接线及连接器', '电脑连接线及连接器 -', '电脑连接线及连接器,', '电脑连接线及连接器', '电脑连接线及连接器', '电脑连接线及连接器', '电脑连接线及连接器'),
(283, 1, 'Drives, Storage &amp; Blank Media', '&lt;p&gt;Drives, Storage &amp;amp; Blank Media&lt;/p&gt;\r\n', 'Drives, Storage &amp; Blank Media', 'Drives, Storage &amp; Blank Media -', 'drives, storage &amp; blank media,', 'drives-storage-blank-media', 'Drives, Storage &amp; Blank Media', 'Drives, Storage &amp; Blank Media', 'Drives, Storage &amp; Blank Media'),
(283, 2, '驅動器,存儲及空白媒介', '&lt;p&gt;驅動器,存儲及空白媒介&lt;/p&gt;\r\n', '驅動器,存儲及空白媒介', '驅動器,存儲及空白媒介 -', '驅動器,存儲及空白媒介,', '驅動器-存儲及空白媒介', '驅動器,存儲及空白媒介', '驅動器,存儲及空白媒介', '驅動器,存儲及空白媒介'),
(283, 3, '驱动器,存储及空白媒介', '&lt;p&gt;驱动器,存储及空白媒介&lt;/p&gt;\r\n', '驱动器,存储及空白媒介', '驱动器,存储及空白媒介 -', '驱动器,存储及空白媒介,', '驱动器-存储及空白媒介', '驱动器,存储及空白媒介', '驱动器,存储及空白媒介', '驱动器,存储及空白媒介'),
(271, 1, 'Battery', '&lt;p&gt;Battery&lt;/p&gt;\r\n', 'Battery', 'Battery - Battery', 'battery, battery', 'battery', 'Battery', 'Battery', 'Battery'),
(284, 1, 'Power Bank', '&lt;p&gt;Power Bank&lt;/p&gt;\r\n', 'Power Bank', 'Power Bank -', 'power bank,', 'power-bank', 'Power Bank', 'Power Bank', 'Power Bank'),
(284, 2, '移動電源', '&lt;p&gt;移動電源&lt;/p&gt;\r\n', '移動電源', '移動電源 -', '移動電源,', '移動電源', '移動電源', '移動電源', '移動電源'),
(284, 3, '移动电源', '&lt;p&gt;移动电源&lt;/p&gt;\r\n', '移动电源', '移动电源 -', '移动电源,', '移动电源', '移动电源', '移动电源', '移动电源'),
(67, 2, '電腦配件', '&lt;p&gt;電腦配件&lt;/p&gt;\r\n', '電腦配件', '電腦配件 -', '電腦配件,', '電腦配件', '電腦配件', '電腦配件', '電腦配件'),
(67, 3, '电脑配件', '&lt;p&gt;电脑配件&lt;/p&gt;\r\n', '电脑配件', '电脑配件 -', '电脑配件,', '电脑配件', '电脑配件', '电脑配件', '电脑配件'),
(4, 2, '電腦及配件', '&lt;p&gt;電腦及配件&lt;/p&gt;\r\n', '電腦及配件', '電腦及配件 -', '電腦及配件,', '電腦及配件', '電腦及配件', '電腦及配件', '電腦及配件'),
(4, 3, '电脑及配件', '&lt;p&gt;电脑及配件&lt;/p&gt;\r\n', '电脑及配件', '电脑及配件 -', '电脑及配件,', '电脑及配件', '电脑及配件', '电脑及配件', '电脑及配件'),
(187, 3, '手机配件', '&lt;p&gt;手机配件&lt;/p&gt;\r\n', '手机配件', '手机配件 - Mobile Accessories', '手机配件, mobile accessories', '手机配件', '手机配件', '手机配件', '手机配件'),
(285, 2, '旅行用品', '&lt;p&gt;旅行用品&lt;/p&gt;\r\n', '旅行用品', '旅行用品 - 旅行用品', '旅行用品, 旅行用品', '旅行用品', '旅行用品', '旅行用品', '旅行用品'),
(285, 3, '旅游用品', '&lt;p&gt;旅游用品&lt;/p&gt;\r\n', '旅游用品', '旅游用品 - 旅行用品', '旅游用品, 旅行用品', '旅游用品', '旅游用品', '旅游用品', '旅游用品'),
(286, 1, 'LifeStyle', '&lt;p&gt;Lifestyle&lt;/p&gt;\r\n', 'LifeStyle', 'LifeStyle -', 'lifestyle,', 'lifestyle', 'LifeStyle', 'LifeStyle', 'LifeStyle'),
(286, 2, '生活品味', '&lt;p&gt;生活品味&lt;/p&gt;\r\n', '生活品味', '生活品味 -', '生活品味,', '生活品味', '生活品味', '生活品味', '生活品味'),
(286, 3, '生活品味', '&lt;p&gt;生活品味&lt;/p&gt;\r\n', '生活品味', '生活品味 -', '生活品味,', '生活品味', '生活品味', '生活品味', '生活品味'),
(131, 1, 'Chrismas (12/25)', '&lt;p&gt;Chrismas&lt;/p&gt;\r\n', 'Chrismas (12/25)', 'Chrismas (12/25) - Chrismas', 'chrismas (12/25), chrismas', 'chrismas', 'Chrismas (12/25)', 'Chrismas (12/25)', 'Chrismas (12/25)'),
(285, 1, 'Travel Gear', '&lt;p&gt;Travel Gear&lt;/p&gt;\r\n', 'Travel Gear', 'Travel Gear -', 'travel gear,', 'travel-gear', 'Travel Gear', 'Travel Gear', 'Travel Gear'),
(131, 3, '圣诞节 (12/25)', '&lt;p&gt;圣诞节 (12/25)&lt;/p&gt;\r\n', '圣诞节 (12/25)', '圣诞节 (12/25) - 圣诞节 (12/25)', '圣诞节 (12/25), 圣诞节 (12/25)', '圣诞节', '圣诞节 (12/25)', '圣诞节 (12/25)', '圣诞节 (12/25)'),
(287, 1, 'Flash Sale', '&lt;p&gt;Flash Sale&lt;/p&gt;\r\n', 'Flash Sale', 'Flash Sale -', 'flash sale,', 'flash-sale', 'Flash Sale', 'Flash Sale', 'Flash Sale'),
(287, 2, '限時購', '&lt;p&gt;限時購&lt;/p&gt;\r\n', '限時購', '限時購 -', '限時購,', '限時購', '限時購', '限時購', '限時購'),
(287, 3, '限时购', '&lt;p&gt;限时购&lt;/p&gt;\r\n', '限时购', '限时购 -', '限时购,', '限时购', '限时购', '限时购', '限时购'),
(288, 2, '電視盒及配件', '&lt;p&gt;電視盒及配件&lt;/p&gt;\r\n', '電視盒及配件', '電視盒及配件 - 電視盒', '電視盒及配件, 電視盒', '電視盒及配件', '電視盒及配件', '電視盒及配件', '電視盒及配件'),
(263, 3, '搭售优惠', '&lt;p&gt;搭售优惠，捆绑优惠&lt;/p&gt;\r\n', '捆绑优惠', '捆绑优惠 - 搭售优惠', '捆绑优惠, 搭售优惠', '搭售优惠', '捆绑优惠', '捆绑优惠', '捆绑优惠'),
(288, 1, 'TV Boxes &amp; Accessories', '&lt;p&gt;TV Boxes &amp;amp; Accessories&lt;/p&gt;\r\n', 'TV Boxes &amp; Accessories', 'TV Boxes &amp; Accessories - TV Box', 'tv boxes &amp; accessories, tv box', 'tv-boxes-accessories', 'TV Boxes &amp; Accessories', 'TV Boxes &amp; Accessories', 'TV Boxes &amp; Accessories'),
(288, 3, '电视盒及配件', '&lt;p&gt;电视盒&lt;/p&gt;\r\n', '电视盒及配件', '电视盒及配件 - 电视盒', '电视盒及配件, 电视盒', '电视盒及配件', '电视盒及配件', '电视盒及配件', '电视盒及配件'),
(129, 3, '中秋节', '&lt;p&gt;中秋节&lt;/p&gt;\r\n', '中秋节', '中秋节 - Mid-Autum', '中秋节, mid-autum', '中秋节', '中秋节', '中秋节', '中秋节'),
(123, 3, '农历新年', '&lt;p&gt;农历新年&lt;/p&gt;\r\n', '农历新年', '农历新年 - 农历新年', '农历新年, 农历新年', '农历新年', '农历新年', '农历新年', '农历新年'),
(126, 3, '复活节', '&lt;p&gt;复活节&lt;/p&gt;\r\n', '复活节', '复活节 - 复活节', '复活节, 复活节', '复活节', '复活节', '复活节', '复活节'),
(126, 1, 'Easter', '&lt;p&gt;Easter&lt;/p&gt;\r\n', 'Easter', 'Easter - Easter', 'easter, easter', 'easter', 'Easter', 'Easter', 'Easter'),
(261, 3, '光棍节 (11/11)', '&lt;p&gt;光棍节&lt;/p&gt;\r\n', '光棍节 (11/11)', '光棍节 (11/11) - 光棍节', '光棍节 (11/11), 光棍节', '光棍节', '光棍节 (11/11)', '光棍节 (11/11)', '光棍节 (11/11)'),
(130, 1, 'Thanksgiving', '&lt;p&gt;Thanksgiving&lt;/p&gt;\r\n', 'Thanksgiving', 'Thanksgiving - Thanksgiving', 'thanksgiving, thanksgiving', 'thanksgiving', 'Thanksgiving', 'Thanksgiving', 'Thanksgiving'),
(124, 2, '情人節 (2/14)', '&lt;p&gt;情人節&lt;/p&gt;\r\n', '情人節 (2/14)', '情人節 (2/14) - 情人節', '情人節 (2/14), 情人節', '情人節', '情人節 (2/14)', '情人節 (2/14)', '情人節 (2/14)'),
(124, 3, '情人节 (2/14)', '&lt;p&gt;情人节&lt;/p&gt;\r\n', '情人节 (2/14)', '情人节 (2/14) - 情人节', '情人节 (2/14), 情人节', '情人节', '情人节 (2/14)', '情人节 (2/14)', '情人节 (2/14)'),
(83, 2, '耳筒', '&lt;p&gt;耳筒，耳機&lt;/p&gt;\r\n', '耳筒, 耳機', '耳筒, 耳機', '耳筒, 耳機', '耳筒', '耳筒', '耳筒', '耳筒'),
(83, 3, '耳筒', '&lt;p&gt;耳筒， 耳机&lt;/p&gt;\r\n', '耳筒', '耳筒 - 耳机', '耳筒, 耳机', '耳筒', '耳筒', '耳筒', '耳筒'),
(83, 1, 'Headphones', '&lt;p&gt;Headphones / Earphones / Headsets&lt;/p&gt;\r\n', 'Headphones, Earphones, Headsets', 'Headphones, Earphones, Headsets', 'Headphones, Earphones, Headsets', 'headphones', 'Headphones', 'Headphones', 'Headphones'),
(260, 3, '黑色星期五', '&lt;p&gt;黑色星期五购物日&lt;/p&gt;\r\n', '黑色星期五', '黑色星期五 - 黑色星期五购物日', '黑色星期五, 黑色星期五购物日', '黑色星期五', '黑色星期五', '黑色星期五', '黑色星期五'),
(260, 1, 'Black Friday', '&lt;p&gt;Black Friday Shopping Day&lt;/p&gt;\r\n', 'Black Friday', 'Black Friday - Black Friday Shopping Day', 'black friday, black friday shopping day', 'black-friday', 'Black Friday', 'Black Friday', 'Black Friday'),
(289, 3, '网购星期一', '&lt;p&gt;网购星期一&lt;/p&gt;\r\n', '网购星期一', '网购星期一', '网购星期一', '网购星期一', '网购星期一', '网购星期一', '网购星期一'),
(289, 2, '網購星期一', '&lt;p&gt;網購星期一&lt;/p&gt;\r\n', '網購星期一', '網購星期一', '網購星期一', '網購星期一', '網購星期一', '網購星期一', '網購星期一'),
(289, 1, 'Cyber Monday', '&lt;p&gt;Cyber Week / Cyber Monday / Cyber Monday Week&lt;/p&gt;\r\n', 'Cyber Monday', 'Cyber Week / Cyber Monday / Cyber Monday Week', 'Cyber Week, Cyber Monday', 'cyber-monday', 'Cyber Monday', 'Cyber Monday', 'Cyber Monday'),
(290, 1, 'Dictionary &amp; Translator', '&lt;p&gt;Dictionary &amp;amp; Translator&lt;/p&gt;\r\n', 'Dictionary &amp; Translator', 'Dictionary &amp; Translator', 'Dictionary &amp; Translator', 'dictionary-translator', 'Dictionary &amp; Translator', 'Dictionary &amp; Translator', 'Dictionary &amp; Translator'),
(290, 2, '字典及翻譯器', '&lt;p&gt;字典及翻譯器&lt;/p&gt;\r\n', '字典及翻譯器', '字典及翻譯器', '字典及翻譯器', '字典及翻譯器', '字典及翻譯器', '字典及翻譯器', '字典及翻譯器'),
(290, 3, '字典及翻译器', '&lt;p&gt;字典及翻译器&lt;br /&gt;\r\n&amp;nbsp;&lt;/p&gt;\r\n', '字典及翻译器', '字典及翻译器\r\n', '字典及翻译器', '字典及翻译器', '字典及翻译器', '字典及翻译器', '字典及翻译器'),
(291, 1, 'Language Translator', '&lt;p&gt;Language Translator&lt;/p&gt;\r\n', 'Language Translator', 'Language Translator', 'Language Translator', 'language-translator', 'Language Translator', 'Language Translator', 'Language Translator');
INSERT INTO `category_description` (`category_id`, `language_id`, `name`, `description`, `meta_title`, `meta_description`, `meta_keyword`, `seo_keyword`, `seo_h1`, `seo_h2`, `seo_h3`) VALUES
(291, 2, '語言翻譯機', '&lt;p&gt;語言翻譯機&lt;/p&gt;\r\n', '語言翻譯機', '語言翻譯機', '語言翻譯機', '語言翻譯機', '語言翻譯機', '語言翻譯機', '語言翻譯機'),
(291, 3, '语言翻译机', '&lt;p&gt;语言翻译机&lt;/p&gt;\r\n', '语言翻译机', '语言翻译机', '语言翻译机', '语言翻译机', '语言翻译机', '语言翻译机', '语言翻译机'),
(293, 3, '空气净化器', '&lt;p&gt;空气净化器&lt;/p&gt;\r\n', '空气净化器', '空气净化器 -', '空气净化器', '空气净化器', '空气净化器', '空气净化器', '空气净化器'),
(293, 2, '空氣淨化器', '&lt;p&gt;空氣淨化器&lt;/p&gt;\r\n', '空氣淨化器', '空氣淨化器 -', '空氣淨化器', '空氣淨化器', '空氣淨化器', '空氣淨化器', '空氣淨化器'),
(293, 1, 'Air Purifier', '&lt;p&gt;Air Purifier&lt;/p&gt;\r\n', 'Air Purifier', 'Air Purifier -', 'air purifier', 'air-purifier', 'Air Purifier', 'Air Purifier', 'Air Purifier'),
(294, 1, 'Components', '&lt;p&gt;Components&lt;/p&gt;\r\n', 'Components', 'Components -', 'components', 'components', 'Components', 'Components', 'Components'),
(294, 2, '電腦組件', '&lt;p&gt;電腦組件&lt;/p&gt;\r\n', '電腦組件', '電腦組件 -', '電腦組件', '電腦組件', '電腦組件', '電腦組件', '電腦組件'),
(294, 3, '电脑组件', '&lt;p&gt;电脑组件&lt;br /&gt;\r\n&amp;nbsp;&lt;/p&gt;\r\n', '电脑组件', '电脑组件 -', '电脑组件', '电脑组件', '电脑组件', '电脑组件', '电脑组件'),
(295, 1, 'Core Components', '&lt;p&gt;Core Components&lt;/p&gt;\r\n', 'Core Components', 'Core Components -', 'core components', 'core-components', 'Core Components', 'Core Components', 'Core Components'),
(295, 2, '核心組件', '&lt;p&gt;核心組件&lt;/p&gt;\r\n', '核心組件', '核心組件 -', '核心組件', '核心組件', '核心組件', '核心組件', '核心組件'),
(295, 3, '核心组件', '&lt;p&gt;核心组件&lt;/p&gt;\r\n', '核心组件', '核心组件 -', '核心组件', '核心组件', '核心组件', '核心组件', '核心组件'),
(296, 1, 'Storage Devices', '&lt;p&gt;Storage Devices&lt;/p&gt;\r\n', 'Storage Devices', 'Storage Devices -', 'storage devices', 'storage-devices', 'Storage Devices', 'Storage Devices', 'Storage Devices'),
(296, 2, '存儲設備', '&lt;p&gt;存儲設備&lt;/p&gt;\r\n', '存儲設備', '存儲設備 -', '存儲設備', '存儲設備', '存儲設備', '存儲設備', '存儲設備'),
(296, 3, '存储设备', '&lt;p&gt;存储设备&lt;/p&gt;\r\n', '存储设备', '存储设备 -', '存储设备', '存储设备', '存储设备', '存储设备', '存储设备'),
(297, 1, 'CPUs / Processors', '&lt;p&gt;CPUs / Processors&lt;/p&gt;\r\n', 'CPUs / Processors', 'CPUs / Processors -', 'cpus / processors', 'cpus-processors', 'CPUs / Processors', 'CPUs / Processors', 'CPUs / Processors'),
(297, 2, '處理器', '&lt;p&gt;處理器&lt;/p&gt;\r\n', '處理器', '處理器 -', '處理器', '處理器', '處理器', '處理器', '處理器'),
(297, 3, '处理器', '&lt;p&gt;处理器&lt;/p&gt;\r\n', '处理器', '处理器 -', '处理器', '处理器', '处理器', '处理器', '处理器'),
(298, 1, 'Memory', '&lt;p&gt;Memory&lt;/p&gt;\r\n', 'Memory', 'Memory -', 'memory', 'memory', 'Memory', 'Memory', 'Memory'),
(298, 2, '記憶體', '&lt;p&gt;記憶體&lt;/p&gt;\r\n', '記憶體', '記憶體 -', '記憶體', '記憶體', '記憶體', '記憶體', '記憶體'),
(298, 3, '记忆体', '&lt;p&gt;记忆体&lt;/p&gt;\r\n', '记忆体', '记忆体 -', '记忆体', '记忆体', '记忆体', '记忆体', '记忆体'),
(299, 1, 'Fans &amp; PC Cooling', '&lt;p&gt;Fans &amp;amp; PC Cooling&lt;/p&gt;\r\n', 'Fans &amp; PC Cooling', 'Fans &amp; PC Cooling -', 'fans &amp; pc cooling', 'fans-pc-cooling', 'Fans &amp; PC Cooling', 'Fans &amp; PC Cooling', 'Fans &amp; PC Cooling'),
(299, 2, '風扇和電腦散熱', '&lt;p&gt;風扇和電腦散熱&lt;/p&gt;\r\n', '風扇和電腦散熱', '風扇和電腦散熱 -', '風扇和電腦散熱', '風扇和電腦散熱', '風扇和電腦散熱', '風扇和電腦散熱', '風扇和電腦散熱'),
(299, 3, '风扇和电脑散热', '&lt;p&gt;风扇和电脑散热&lt;/p&gt;\r\n', '风扇和电脑散热', '风扇和电脑散热 -', '风扇和电脑散热', '风扇和电脑散热', '风扇和电脑散热', '风扇和电脑散热', '风扇和电脑散热'),
(300, 1, 'Power Supplies', '&lt;p&gt;Power Supplies&lt;/p&gt;\r\n', 'Power Supplies', 'Power Supplies -', 'power supplies', 'power-supplies', 'Power Supplies', 'Power Supplies', 'Power Supplies'),
(300, 2, '電源供應器', '&lt;p&gt;電源供應器&lt;/p&gt;\r\n', '電源供應器', '電源供應器 -', '電源供應器', '電源供應器', '電源供應器', '電源供應器', '電源供應器'),
(300, 3, '电源供应器', '&lt;p&gt;电源供应器&lt;/p&gt;\r\n', '电源供应器', '电源供应器 -', '电源供应器', '电源供应器', '电源供应器', '电源供应器', '电源供应器'),
(301, 1, 'Motherboards', '&lt;p&gt;Motherboards&lt;/p&gt;\r\n', 'Motherboards', 'Motherboards -', 'motherboards', 'motherboards', 'Motherboards', 'Motherboards', 'Motherboards'),
(301, 2, '主機板', '&lt;p&gt;主機板&lt;/p&gt;\r\n', '主機板', '主機板 -', '主機板', '主機板', '主機板', '主機板', '主機板'),
(301, 3, '主机板', '&lt;p&gt;主机板&lt;/p&gt;\r\n', '主机板', '主机板 -', '主机板', '主机板', '主机板', '主机板', '主机板'),
(302, 1, 'Computer Cases', '&lt;p&gt;Computer Cases&lt;/p&gt;\r\n', 'Computer Cases', 'Computer Cases -', 'computer cases', 'computer-cases', 'Computer Cases', 'Computer Cases', 'Computer Cases'),
(302, 2, '電腦機箱', '&lt;p&gt;電腦機箱&lt;/p&gt;\r\n', '電腦機箱', '電腦機箱 -', '電腦機箱', '電腦機箱', '電腦機箱', '電腦機箱', '電腦機箱'),
(302, 3, '电脑机箱', '&lt;p&gt;电脑机箱&lt;/p&gt;\r\n', '电脑机箱', '电脑机箱 -', '电脑机箱', '电脑机箱', '电脑机箱', '电脑机箱', '电脑机箱'),
(303, 1, 'Barebone / Mini Computers', '&lt;p&gt;Barebone / Mini Computers&lt;/p&gt;\r\n', 'Barebone / Mini Computers', 'Barebone / Mini Computers -', 'barebone / mini computers', 'barebone-mini-computers', 'Barebone / Mini Computers', 'Barebone / Mini Computers', 'Barebone / Mini Computers'),
(303, 2, '準系統 / 迷你電腦', '&lt;p&gt;準系統 / 迷你電腦&lt;/p&gt;\r\n', '準系統 / 迷你電腦', '準系統 / 迷你電腦 -', '準系統 / 迷你電腦', '準系統-迷你電腦', '準系統 / 迷你電腦', '準系統 / 迷你電腦', '準系統 / 迷你電腦'),
(303, 3, '准系统 / 迷你电脑', '&lt;p&gt;准系统 / 迷你电脑&lt;/p&gt;\r\n', '准系统 / 迷你电脑', '准系统 / 迷你电脑 -', '准系统 / 迷你电脑', '准系统-迷你电脑', '准系统 / 迷你电脑', '准系统 / 迷你电脑', '准系统 / 迷你电脑'),
(304, 1, 'Hard Drives', '&lt;p&gt;Hard Drives&lt;/p&gt;\r\n', 'Hard Drives', 'Hard Drives -', 'hard drives', 'hard-drives', 'Hard Drives', 'Hard Drives', 'Hard Drives'),
(304, 2, '硬盤', '&lt;p&gt;硬盤&lt;/p&gt;\r\n', '硬盤', '硬盤 -', '硬盤', '硬盤', '硬盤', '硬盤', '硬盤'),
(304, 3, '硬盘', '&lt;p&gt;硬盘&lt;/p&gt;\r\n', '硬盘', '硬盘 -', '硬盘', '硬盘', '硬盘', '硬盘', '硬盘'),
(305, 3, '固态硬盘', '&lt;p&gt;固态硬盘&lt;/p&gt;\r\n', '固态硬盘', '固态硬盘 -', '固态硬盘', '固态硬盘', '固态硬盘', '固态硬盘', '固态硬盘'),
(305, 1, 'SSDs', '&lt;p&gt;SSDs&lt;/p&gt;\r\n', 'SSDs', 'SSDs -', 'ssds', 'ssds', 'SSDs', 'SSDs', 'SSDs'),
(305, 2, '固態硬盤', '&lt;p&gt;固態硬盤&lt;/p&gt;\r\n', '固態硬盤', '固態硬盤 -', '固態硬盤', '固態硬盤', '固態硬盤', '固態硬盤', '固態硬盤'),
(306, 1, 'USB Flash Drives &amp; Memory Cards', '&lt;p&gt;USB Flash Drives &amp;amp; Memory Cards&lt;/p&gt;\r\n', 'USB Flash Drives &amp; Memory Cards', 'USB Flash Drives &amp; Memory Cards -', 'usb flash drives &amp; memory cards', 'usb-flash-drives-memory-cards', 'USB Flash Drives &amp; Memory Cards', 'USB Flash Drives &amp; Memory Cards', 'USB Flash Drives &amp; Memory Cards'),
(306, 2, 'USB閃存盤和存儲卡', '&lt;p&gt;USB閃存盤和存儲卡&lt;/p&gt;\r\n', 'USB閃存盤和存儲卡', 'USB閃存盤和存儲卡 -', 'usb閃存盤和存儲卡', 'usb閃存盤和存儲卡', 'USB閃存盤和存儲卡', 'USB閃存盤和存儲卡', 'USB閃存盤和存儲卡'),
(306, 3, 'USB闪存盘和存储卡', '&lt;p&gt;USB闪存盘和存储卡&lt;/p&gt;\r\n', 'USB闪存盘和存储卡', 'USB闪存盘和存储卡 -', 'usb闪存盘和存储卡', 'usb闪存盘和存储卡', 'USB闪存盘和存储卡', 'USB闪存盘和存储卡', 'USB闪存盘和存储卡'),
(307, 1, 'Hard Drive Enclosures', '&lt;p&gt;Hard Drive Enclosures&lt;/p&gt;\r\n', 'Hard Drive Enclosures', 'Hard Drive Enclosures -', 'hard drive enclosures', 'hard-drive-enclosures', 'Hard Drive Enclosures', 'Hard Drive Enclosures', 'Hard Drive Enclosures'),
(307, 2, '硬盤盒', '&lt;p&gt;硬盤盒&lt;/p&gt;\r\n', '硬盤盒', '硬盤盒 -', '硬盤盒', '硬盤盒', '硬盤盒', '硬盤盒', '硬盤盒'),
(307, 3, '硬盘盒', '&lt;p&gt;硬盘盒&lt;/p&gt;\r\n', '硬盘盒', '硬盘盒 -', '硬盘盒', '硬盘盒', '硬盘盒', '硬盘盒', '硬盘盒'),
(308, 1, 'Network Attached Storage (NAS)', '&lt;p&gt;Network Attached Storage (NAS)&lt;/p&gt;\r\n', 'Network Attached Storage (NAS)', 'Network Attached Storage (NAS) -', 'network attached storage (nas)', 'network-attached-storage-(nas)', 'Network Attached Storage (NAS)', 'Network Attached Storage (NAS)', 'Network Attached Storage (NAS)'),
(308, 2, '網絡附加存儲(NAS)', '&lt;p&gt;網絡附加存儲(NAS)&lt;/p&gt;\r\n', '網絡附加存儲(NAS)', '網絡附加存儲(NAS) -', '網絡附加存儲(nas)', '網絡附加存儲(nas)', '網絡附加存儲(NAS)', '網絡附加存儲(NAS)', '網絡附加存儲(NAS)'),
(308, 3, '网络附加存储(NAS)', '&lt;p&gt;网络附加存储(NAS)&lt;/p&gt;\r\n', '网络附加存储(NAS)', '网络附加存储(NAS) -', '网络附加存储(nas)', '网络附加存储(nas)', '网络附加存储(NAS)', '网络附加存储(NAS)', '网络附加存储(NAS)'),
(309, 1, 'CD / DVD / Blu-Ray Burners &amp; Media', 'CD / DVD / Blu-Ray Burners & Media', 'CD / DVD / Blu-Ray Burners &amp; Media', 'CD / DVD / Blu-Ray Burners &amp; Media -', 'cd / dvd / blu-ray burners &amp; media', 'cd-dvd-blu-ray-burners-media', 'CD / DVD / Blu-Ray Burners &amp; Media', 'CD / DVD / Blu-Ray Burners &amp; Media', 'CD / DVD / Blu-Ray Burners &amp; Media'),
(309, 2, 'CD / DVD /藍光刻錄機和媒體', '&lt;p&gt;CD / DVD /藍光刻錄機和媒體&lt;/p&gt;\r\n', 'CD / DVD /藍光刻錄機和媒體', 'CD / DVD /藍光刻錄機和媒體 -', 'cd / dvd /藍光刻錄機和媒體', 'cd-dvd-藍光刻錄機和媒體', 'CD / DVD /藍光刻錄機和媒體', 'CD / DVD /藍光刻錄機和媒體', 'CD / DVD /藍光刻錄機和媒體'),
(309, 3, 'CD / DVD /蓝光刻录机和媒体', '&lt;p&gt;CD / DVD /蓝光刻录机和媒体&lt;/p&gt;\r\n', 'CD / DVD /蓝光刻录机和媒体', 'CD / DVD /蓝光刻录机和媒体 -', 'cd / dvd /蓝光刻录机和媒体', 'cd-dvd-蓝光刻录机和媒体', 'CD / DVD /蓝光刻录机和媒体', 'CD / DVD /蓝光刻录机和媒体', 'CD / DVD /蓝光刻录机和媒体'),
(310, 1, 'Video Cards &amp; Video Devices', '&lt;p&gt;Video Cards &amp;amp; Video Devices&lt;/p&gt;\r\n', 'Video Cards &amp; Video Devices', 'Video Cards &amp; Video Devices -', 'video cards &amp; video devices', 'video-cards-video-devices', 'Video Cards &amp; Video Devices', 'Video Cards &amp; Video Devices', 'Video Cards &amp; Video Devices'),
(310, 2, '顯卡和視頻設備', '&lt;p&gt;顯卡和視頻設備&lt;/p&gt;\r\n', '顯卡和視頻設備', '顯卡和視頻設備 -', '顯卡和視頻設備', '顯卡和視頻設備', '顯卡和視頻設備', '顯卡和視頻設備', '顯卡和視頻設備'),
(310, 3, '显卡和视频设备', '&lt;p&gt;显卡和视频设备&lt;/p&gt;\r\n', '显卡和视频设备', '显卡和视频设备 -', '显卡和视频设备', '显卡和视频设备', '显卡和视频设备', '显卡和视频设备', '显卡和视频设备'),
(311, 1, 'Personal Care', '&lt;p&gt;Personal Care&lt;/p&gt;\r\n', 'Personal Care', 'Personal Care -', 'personal care', 'personal-care', 'Personal Care', 'Personal Care', 'Personal Care'),
(311, 2, '個人護理', '&lt;p&gt;個人護理&lt;/p&gt;\r\n', '個人護理', '個人護理 -', '個人護理', '個人護理', '個人護理', '個人護理', '個人護理'),
(311, 3, '个人护理', '&lt;p&gt;个人护理&lt;/p&gt;\r\n', '个人护理', '个人护理 -', '个人护理', '个人护理', '个人护理', '个人护理', '个人护理'),
(312, 3, '电脑游戏椅', '&lt;p&gt;电脑游戏椅&lt;/p&gt;\r\n', '电脑游戏椅', '电脑游戏椅 -', '电脑游戏椅', '电脑游戏椅', '电脑游戏椅', '电脑游戏椅', '电脑游戏椅'),
(312, 2, '電腦遊戲椅', '&lt;p&gt;電腦遊戲椅&lt;/p&gt;\r\n', '電腦遊戲椅', '電腦遊戲椅 -', '電腦遊戲椅', '電腦遊戲椅', '電腦遊戲椅', '電腦遊戲椅', '電腦遊戲椅'),
(312, 1, 'Computer Gaming Chairs', '&lt;p&gt;Computer Gaming Chairs&lt;/p&gt;\r\n', 'Computer Gaming Chairs', 'Computer Gaming Chairs -', 'computer gaming chairs', 'computer-gaming-chairs', 'Computer Gaming Chairs', 'Computer Gaming Chairs', 'Computer Gaming Chairs'),
(313, 1, 'Wifi Routers', '&lt;p&gt;Wifi Routers&lt;/p&gt;\r\n', 'Wifi Routers', 'Wifi Routers -', 'wifi routers', 'wifi-routers', 'Wifi Routers', 'Wifi Routers', 'Wifi Routers'),
(313, 2, '無線路由器', '&lt;p&gt;無線路由器&lt;/p&gt;\r\n', '無線路由器', '無線路由器 -', '無線路由器', '無線路由器', '無線路由器', '無線路由器', '無線路由器'),
(313, 3, '无线路由器', '&lt;p&gt;无线路由器&lt;/p&gt;\r\n', '无线路由器', '无线路由器 -', '无线路由器', '无线路由器', '无线路由器', '无线路由器', '无线路由器'),
(314, 3, 'Peak Design 旅游系列', '&lt;p&gt;Peak Design 旅游系列&lt;/p&gt;\r\n', 'Peak Design 旅游系列', 'Peak Design 旅游系列 -', 'peak design 旅游系列', 'peak-design-travel-line', 'Peak Design 旅游系列', 'Peak Design 旅游系列', 'Peak Design 旅游系列'),
(314, 2, 'Peak Design 旅遊系列', '&lt;p&gt;Peak Design 旅遊系列&lt;/p&gt;\r\n', 'Peak Design 旅遊系列', 'Peak Design 旅遊系列 -', 'peak design 旅遊系列', 'peak-design-travel-line', 'Peak Design 旅遊系列', 'Peak Design 旅遊系列', 'Peak Design 旅遊系列'),
(314, 1, 'Peak Design Travel Line', '&lt;p&gt;Peak Design Travel Line&lt;/p&gt;\r\n', 'Peak Design Travel Line', 'Peak Design Travel Line -', 'peak design travel line', 'peak-design-travel-line', 'Peak Design Travel Line', 'Peak Design Travel Line', 'Peak Design Travel Line'),
(8, 2, '禮品卡', '&lt;p&gt;禮品卡&lt;/p&gt;\r\n', '禮品卡', '禮品卡 -', '禮品卡', 'gift-cards', '禮品卡', '禮品卡', '禮品卡'),
(8, 3, '礼品卡', '&lt;p&gt;礼品卡&lt;/p&gt;\r\n', '礼品卡', '礼品卡 -', '礼品卡', 'gift-cards', '礼品卡', '礼品卡', '礼品卡'),
(81, 2, '軟件', '&lt;p&gt;軟件&lt;/p&gt;\r\n', '軟件', '軟件 -', '軟件', 'software', '軟件', '軟件', '軟件'),
(81, 3, '软件', '&lt;p&gt;软件&lt;/p&gt;\r\n', '软件', '软件 -', '软件', 'software', '软件', '软件', '软件'),
(266, 2, '遊戲操縱桿', '&lt;p&gt;遊戲操縱桿&lt;/p&gt;\r\n', '遊戲操縱桿', '遊戲操縱桿 -', '遊戲操縱桿', 'joystick', '遊戲操縱桿', '遊戲操縱桿', '遊戲操縱桿'),
(266, 3, '游戏操纵杆', '&lt;p&gt;游戏操纵杆&lt;/p&gt;\r\n', '游戏操纵杆', '游戏操纵杆 -', '游戏操纵杆', 'joystick', '游戏操纵杆', '游戏操纵杆', '游戏操纵杆');

-- --------------------------------------------------------

--
-- Table structure for table `category_filter`
--

CREATE TABLE `category_filter` (
  `category_id` int(11) NOT NULL,
  `filter_id` int(11) NOT NULL
) ENGINE=MyISAM DEFAULT CHARSET=utf8;

-- --------------------------------------------------------

--
-- Table structure for table `category_path`
--

CREATE TABLE `category_path` (
  `category_id` int(11) NOT NULL,
  `path_id` int(11) NOT NULL,
  `level` int(11) NOT NULL
) ENGINE=MyISAM DEFAULT CHARSET=utf8;

--
-- Dumping data for table `category_path`
--

INSERT INTO `category_path` (`category_id`, `path_id`, `level`) VALUES
(250, 20, 0),
(251, 251, 1),
(248, 248, 3),
(248, 247, 2),
(248, 246, 1),
(247, 247, 2),
(247, 246, 1),
(247, 19, 0),
(246, 246, 1),
(246, 19, 0),
(257, 22, 0),
(258, 258, 1),
(258, 22, 0),
(256, 256, 1),
(256, 22, 0),
(257, 257, 1),
(254, 20, 0),
(249, 246, 1),
(249, 19, 0),
(250, 250, 1),
(248, 19, 0),
(249, 249, 3),
(249, 247, 2),
(245, 245, 2),
(245, 243, 1),
(245, 19, 0),
(244, 243, 1),
(244, 19, 0),
(244, 244, 2),
(255, 255, 1),
(255, 20, 0),
(253, 251, 1),
(253, 20, 0),
(254, 254, 1),
(252, 20, 0),
(253, 253, 2),
(252, 252, 2),
(252, 251, 1),
(261, 104, 1),
(261, 9, 0),
(261, 121, 2),
(260, 104, 1),
(260, 121, 2),
(261, 261, 3),
(260, 9, 0),
(260, 260, 3),
(9, 9, 0),
(10, 10, 0),
(52, 52, 2),
(76, 67, 1),
(76, 4, 0),
(99, 96, 1),
(120, 107, 2),
(132, 9, 0),
(133, 132, 1),
(137, 137, 2),
(144, 10, 0),
(152, 152, 1),
(158, 157, 1),
(213, 17, 0),
(214, 214, 1),
(214, 17, 0),
(223, 221, 1),
(230, 19, 0),
(251, 20, 0),
(259, 259, 1),
(259, 22, 0),
(243, 19, 0),
(243, 243, 1),
(242, 19, 0),
(242, 230, 1),
(242, 242, 2),
(241, 19, 0),
(241, 230, 1),
(241, 241, 2),
(240, 19, 0),
(240, 230, 1),
(240, 240, 2),
(239, 19, 0),
(239, 230, 1),
(239, 239, 2),
(238, 19, 0),
(238, 230, 1),
(238, 238, 2),
(237, 19, 0),
(237, 230, 1),
(237, 237, 2),
(236, 19, 0),
(236, 230, 1),
(236, 236, 2),
(235, 19, 0),
(235, 230, 1),
(235, 235, 2),
(234, 19, 0),
(234, 230, 1),
(234, 234, 2),
(233, 19, 0),
(233, 230, 1),
(233, 233, 2),
(232, 19, 0),
(232, 230, 1),
(232, 232, 2),
(231, 19, 0),
(231, 230, 1),
(231, 231, 2),
(230, 230, 1),
(229, 19, 0),
(229, 229, 1),
(228, 19, 0),
(228, 228, 1),
(227, 19, 0),
(227, 227, 1),
(226, 19, 0),
(226, 226, 1),
(225, 17, 0),
(225, 221, 1),
(225, 225, 2),
(224, 17, 0),
(224, 221, 1),
(224, 224, 2),
(223, 17, 0),
(223, 223, 2),
(222, 17, 0),
(222, 221, 1),
(222, 222, 2),
(221, 17, 0),
(221, 221, 1),
(220, 17, 0),
(220, 217, 1),
(220, 220, 2),
(219, 17, 0),
(219, 217, 1),
(219, 219, 2),
(218, 17, 0),
(218, 217, 1),
(218, 218, 2),
(217, 17, 0),
(217, 217, 1),
(216, 17, 0),
(216, 215, 1),
(216, 216, 2),
(215, 17, 0),
(215, 215, 1),
(213, 213, 1),
(212, 17, 0),
(212, 212, 1),
(211, 17, 0),
(211, 211, 1),
(209, 16, 0),
(210, 210, 1),
(210, 17, 0),
(209, 209, 1),
(206, 206, 3),
(205, 16, 0),
(205, 187, 1),
(205, 204, 2),
(205, 205, 3),
(204, 16, 0),
(204, 187, 1),
(204, 204, 2),
(203, 16, 0),
(203, 187, 1),
(203, 203, 2),
(202, 16, 0),
(202, 187, 1),
(202, 202, 2),
(201, 16, 0),
(201, 201, 2),
(201, 187, 1),
(200, 16, 0),
(200, 200, 2),
(200, 187, 1),
(199, 16, 0),
(199, 187, 1),
(199, 199, 2),
(198, 16, 0),
(198, 187, 1),
(198, 198, 2),
(197, 16, 0),
(197, 187, 1),
(197, 197, 2),
(196, 16, 0),
(196, 187, 1),
(196, 196, 2),
(195, 16, 0),
(195, 187, 1),
(195, 195, 2),
(194, 16, 0),
(194, 187, 1),
(194, 194, 2),
(193, 16, 0),
(193, 187, 1),
(193, 193, 2),
(192, 16, 0),
(192, 187, 1),
(192, 192, 2),
(191, 16, 0),
(191, 187, 1),
(191, 191, 2),
(190, 16, 0),
(190, 187, 1),
(190, 190, 2),
(189, 16, 0),
(189, 187, 1),
(189, 189, 2),
(188, 16, 0),
(188, 188, 2),
(188, 187, 1),
(187, 16, 0),
(187, 187, 1),
(186, 15, 0),
(186, 185, 1),
(186, 186, 2),
(185, 15, 0),
(185, 185, 1),
(184, 15, 0),
(184, 183, 1),
(184, 184, 2),
(183, 15, 0),
(183, 183, 1),
(182, 15, 0),
(182, 174, 1),
(182, 182, 2),
(181, 15, 0),
(181, 174, 1),
(181, 181, 2),
(180, 15, 0),
(180, 174, 1),
(180, 180, 2),
(179, 15, 0),
(179, 174, 1),
(179, 179, 2),
(178, 15, 0),
(178, 174, 1),
(178, 178, 2),
(177, 15, 0),
(177, 174, 1),
(177, 177, 2),
(176, 15, 0),
(176, 174, 1),
(176, 176, 2),
(175, 15, 0),
(175, 174, 1),
(175, 175, 2),
(174, 15, 0),
(174, 174, 1),
(173, 15, 0),
(173, 170, 1),
(173, 173, 2),
(172, 15, 0),
(172, 170, 1),
(172, 172, 2),
(171, 15, 0),
(171, 170, 1),
(171, 171, 2),
(170, 15, 0),
(170, 170, 1),
(169, 13, 0),
(169, 169, 1),
(168, 13, 0),
(168, 168, 1),
(167, 13, 0),
(167, 167, 1),
(166, 13, 0),
(166, 166, 1),
(165, 13, 0),
(165, 165, 1),
(164, 13, 0),
(164, 164, 1),
(163, 12, 0),
(163, 163, 2),
(163, 162, 1),
(162, 12, 0),
(162, 162, 1),
(161, 12, 0),
(161, 157, 1),
(161, 161, 2),
(160, 12, 0),
(160, 157, 1),
(160, 160, 2),
(159, 12, 0),
(159, 157, 1),
(159, 159, 2),
(158, 12, 0),
(158, 158, 2),
(157, 12, 0),
(157, 157, 1),
(156, 11, 0),
(156, 156, 2),
(156, 155, 1),
(155, 11, 0),
(155, 155, 1),
(154, 11, 0),
(154, 154, 1),
(153, 11, 0),
(153, 153, 1),
(152, 11, 0),
(151, 11, 0),
(151, 151, 2),
(151, 150, 1),
(150, 11, 0),
(150, 150, 1),
(149, 11, 0),
(149, 149, 1),
(148, 10, 0),
(148, 147, 1),
(148, 148, 2),
(147, 10, 0),
(147, 147, 1),
(146, 10, 0),
(146, 144, 1),
(146, 146, 2),
(145, 10, 0),
(145, 144, 1),
(145, 145, 2),
(144, 144, 1),
(143, 9, 0),
(143, 143, 2),
(143, 138, 1),
(142, 9, 0),
(142, 142, 2),
(142, 138, 1),
(141, 9, 0),
(141, 141, 2),
(141, 138, 1),
(140, 9, 0),
(140, 140, 2),
(140, 138, 1),
(139, 9, 0),
(139, 138, 1),
(139, 139, 2),
(138, 9, 0),
(138, 138, 1),
(137, 9, 0),
(137, 132, 1),
(136, 9, 0),
(136, 136, 2),
(136, 132, 1),
(135, 9, 0),
(135, 135, 2),
(135, 132, 1),
(134, 9, 0),
(134, 134, 2),
(134, 132, 1),
(133, 9, 0),
(133, 133, 2),
(132, 132, 1),
(131, 9, 0),
(131, 131, 3),
(131, 104, 1),
(131, 121, 2),
(130, 9, 0),
(130, 130, 3),
(130, 104, 1),
(130, 121, 2),
(129, 121, 2),
(129, 104, 1),
(129, 129, 3),
(129, 9, 0),
(128, 9, 0),
(128, 128, 3),
(128, 104, 1),
(128, 121, 2),
(127, 9, 0),
(127, 127, 3),
(127, 121, 2),
(126, 121, 2),
(126, 104, 1),
(126, 126, 3),
(126, 9, 0),
(125, 9, 0),
(125, 104, 1),
(125, 125, 3),
(125, 121, 2),
(124, 121, 2),
(124, 104, 1),
(124, 124, 3),
(124, 9, 0),
(123, 121, 2),
(123, 123, 3),
(123, 104, 1),
(123, 9, 0),
(122, 9, 0),
(122, 122, 3),
(122, 104, 1),
(122, 121, 2),
(121, 9, 0),
(121, 121, 2),
(121, 104, 1),
(120, 9, 0),
(120, 120, 3),
(120, 104, 1),
(119, 9, 0),
(119, 119, 3),
(119, 104, 1),
(119, 107, 2),
(118, 9, 0),
(118, 118, 3),
(118, 104, 1),
(118, 107, 2),
(117, 9, 0),
(117, 117, 3),
(117, 104, 1),
(117, 107, 2),
(116, 9, 0),
(116, 116, 3),
(116, 104, 1),
(116, 107, 2),
(115, 9, 0),
(115, 115, 3),
(115, 104, 1),
(115, 107, 2),
(114, 9, 0),
(114, 114, 3),
(114, 104, 1),
(114, 107, 2),
(113, 9, 0),
(113, 113, 3),
(113, 104, 1),
(113, 107, 2),
(112, 9, 0),
(112, 112, 3),
(112, 104, 1),
(112, 107, 2),
(111, 9, 0),
(111, 104, 1),
(111, 111, 3),
(111, 107, 2),
(110, 9, 0),
(110, 104, 1),
(110, 110, 3),
(110, 107, 2),
(109, 9, 0),
(109, 109, 3),
(109, 104, 1),
(109, 107, 2),
(108, 9, 0),
(108, 108, 3),
(108, 104, 1),
(108, 107, 2),
(107, 9, 0),
(107, 107, 2),
(105, 9, 0),
(107, 104, 1),
(105, 105, 2),
(104, 9, 0),
(105, 104, 1),
(104, 104, 1),
(103, 6, 0),
(103, 103, 2),
(103, 101, 1),
(102, 6, 0),
(102, 101, 1),
(102, 102, 2),
(101, 6, 0),
(101, 101, 1),
(100, 6, 0),
(100, 96, 1),
(100, 100, 2),
(99, 6, 0),
(99, 99, 2),
(98, 6, 0),
(98, 98, 2),
(98, 96, 1),
(97, 6, 0),
(97, 96, 1),
(97, 97, 2),
(96, 6, 0),
(96, 96, 1),
(88, 5, 0),
(88, 86, 1),
(88, 88, 2),
(87, 5, 0),
(87, 86, 1),
(87, 87, 2),
(86, 5, 0),
(86, 86, 1),
(85, 5, 0),
(85, 85, 2),
(85, 83, 1),
(84, 5, 0),
(84, 83, 1),
(84, 84, 2),
(83, 5, 0),
(83, 83, 1),
(82, 4, 0),
(82, 81, 1),
(82, 82, 2),
(81, 4, 0),
(81, 81, 1),
(80, 78, 1),
(80, 80, 2),
(80, 280, 0),
(79, 78, 1),
(79, 79, 2),
(79, 280, 0),
(78, 78, 1),
(78, 280, 0),
(77, 4, 0),
(77, 77, 1),
(76, 76, 2),
(75, 4, 0),
(75, 67, 1),
(75, 75, 2),
(74, 67, 1),
(74, 74, 3),
(74, 278, 2),
(73, 67, 1),
(73, 73, 3),
(73, 277, 2),
(72, 67, 1),
(72, 72, 3),
(72, 278, 2),
(71, 4, 0),
(71, 67, 1),
(71, 71, 2),
(70, 4, 0),
(70, 67, 1),
(70, 70, 2),
(69, 4, 0),
(69, 67, 1),
(69, 69, 2),
(68, 4, 0),
(68, 67, 1),
(68, 68, 2),
(67, 4, 0),
(67, 67, 1),
(66, 4, 0),
(66, 66, 2),
(66, 64, 1),
(65, 4, 0),
(65, 65, 2),
(65, 64, 1),
(64, 4, 0),
(64, 64, 1),
(63, 4, 0),
(63, 61, 1),
(63, 63, 2),
(62, 4, 0),
(62, 61, 1),
(62, 62, 2),
(61, 4, 0),
(61, 61, 1),
(60, 3, 0),
(60, 60, 2),
(60, 56, 1),
(59, 3, 0),
(59, 59, 2),
(59, 56, 1),
(58, 3, 0),
(58, 58, 2),
(58, 56, 1),
(57, 3, 0),
(57, 57, 2),
(57, 56, 1),
(56, 3, 0),
(56, 56, 1),
(55, 3, 0),
(55, 55, 1),
(54, 1, 0),
(54, 51, 1),
(54, 54, 2),
(53, 1, 0),
(53, 51, 1),
(53, 53, 2),
(52, 1, 0),
(52, 51, 1),
(51, 1, 0),
(51, 51, 1),
(22, 22, 0),
(21, 21, 0),
(20, 20, 0),
(19, 19, 0),
(18, 18, 0),
(17, 17, 0),
(16, 16, 0),
(15, 15, 0),
(14, 14, 0),
(13, 13, 0),
(12, 12, 0),
(11, 11, 0),
(8, 8, 0),
(7, 7, 0),
(6, 6, 0),
(5, 5, 0),
(4, 4, 0),
(3, 3, 0),
(2, 2, 0),
(1, 1, 0),
(208, 16, 0),
(208, 208, 1),
(207, 16, 0),
(207, 187, 1),
(207, 207, 2),
(206, 16, 0),
(206, 187, 1),
(206, 204, 2),
(262, 262, 1),
(262, 5, 0),
(263, 263, 0),
(264, 264, 1),
(264, 7, 0),
(265, 265, 1),
(265, 5, 0),
(266, 266, 1),
(266, 20, 0),
(267, 267, 1),
(267, 11, 0),
(268, 267, 1),
(268, 268, 2),
(268, 11, 0),
(269, 267, 1),
(269, 269, 2),
(269, 11, 0),
(270, 162, 1),
(270, 270, 2),
(270, 12, 0),
(271, 16, 0),
(271, 187, 1),
(271, 271, 2),
(272, 272, 2),
(272, 96, 1),
(272, 6, 0),
(127, 104, 1),
(273, 273, 0),
(274, 274, 0),
(275, 67, 1),
(275, 275, 2),
(275, 4, 0),
(276, 276, 0),
(277, 4, 0),
(277, 277, 2),
(277, 67, 1),
(278, 278, 2),
(278, 67, 1),
(278, 4, 0),
(72, 4, 0),
(73, 4, 0),
(74, 4, 0),
(279, 279, 3),
(279, 247, 2),
(279, 246, 1),
(279, 19, 0),
(280, 280, 0),
(281, 281, 1),
(281, 280, 0),
(282, 282, 1),
(282, 280, 0),
(283, 283, 0),
(284, 16, 0),
(284, 187, 1),
(284, 284, 2),
(285, 285, 0),
(286, 286, 0),
(287, 287, 0),
(288, 265, 1),
(288, 5, 0),
(288, 288, 2),
(289, 121, 2),
(289, 104, 1),
(289, 9, 0),
(289, 289, 3),
(290, 17, 0),
(290, 290, 1),
(291, 285, 0),
(291, 291, 1),
(293, 165, 1),
(293, 13, 0),
(293, 293, 2),
(294, 294, 0),
(295, 294, 0),
(295, 295, 1),
(296, 294, 0),
(296, 296, 1),
(297, 294, 0),
(297, 295, 1),
(297, 297, 2),
(298, 294, 0),
(298, 295, 1),
(298, 298, 2),
(299, 294, 0),
(299, 295, 1),
(299, 299, 2),
(300, 294, 0),
(300, 295, 1),
(300, 300, 2),
(301, 294, 0),
(301, 295, 1),
(301, 301, 2),
(302, 294, 0),
(302, 295, 1),
(302, 302, 2),
(303, 294, 0),
(303, 295, 1),
(303, 303, 2),
(304, 294, 0),
(304, 296, 1),
(304, 304, 2),
(305, 305, 2),
(306, 294, 0),
(306, 296, 1),
(306, 306, 2),
(305, 294, 0),
(305, 296, 1),
(307, 294, 0),
(307, 296, 1),
(307, 307, 2),
(308, 294, 0),
(308, 296, 1),
(308, 308, 2),
(309, 294, 0),
(309, 296, 1),
(309, 309, 2),
(310, 294, 0),
(310, 295, 1),
(310, 310, 2),
(311, 11, 0),
(311, 311, 1),
(312, 4, 0),
(312, 312, 1),
(313, 280, 0),
(313, 78, 1),
(313, 313, 2),
(314, 56, 1),
(314, 3, 0),
(314, 314, 2);

-- --------------------------------------------------------

--
-- Table structure for table `category_to_layout`
--

CREATE TABLE `category_to_layout` (
  `category_id` int(11) NOT NULL,
  `store_id` int(11) NOT NULL,
  `layout_id` int(11) NOT NULL
) ENGINE=MyISAM DEFAULT CHARSET=utf8;

--
-- Dumping data for table `category_to_layout`
--

INSERT INTO `category_to_layout` (`category_id`, `store_id`, `layout_id`) VALUES
(86, 0, 0),
(56, 0, 0),
(262, 0, 0),
(83, 0, 0),
(2, 0, 0),
(123, 0, 0),
(124, 0, 0),
(261, 0, 0),
(260, 0, 0),
(263, 0, 0),
(127, 0, 0),
(8, 0, 0),
(264, 0, 0),
(7, 0, 0),
(13, 0, 0),
(22, 0, 0),
(4, 0, 0),
(67, 0, 0),
(81, 0, 0),
(11, 0, 0),
(58, 0, 0),
(57, 0, 0),
(59, 0, 0),
(60, 0, 0),
(265, 0, 0),
(266, 0, 0),
(104, 0, 0),
(132, 0, 0),
(138, 0, 0),
(267, 0, 0),
(268, 0, 0),
(269, 0, 0),
(3, 0, 0),
(55, 0, 0),
(68, 0, 0),
(69, 0, 0),
(70, 0, 0),
(71, 0, 0),
(72, 0, 0),
(73, 0, 0),
(74, 0, 0),
(75, 0, 0),
(76, 0, 0),
(62, 0, 0),
(63, 0, 0),
(65, 0, 0),
(66, 0, 0),
(82, 0, 0),
(5, 0, 0),
(87, 0, 0),
(88, 0, 0),
(6, 0, 0),
(101, 0, 0),
(102, 0, 0),
(103, 0, 0),
(96, 0, 0),
(97, 0, 0),
(98, 0, 0),
(99, 0, 0),
(100, 0, 0),
(9, 0, 0),
(105, 0, 0),
(85, 0, 0),
(226, 0, 0),
(107, 0, 0),
(108, 0, 0),
(109, 0, 0),
(110, 0, 0),
(111, 0, 0),
(112, 0, 0),
(113, 0, 0),
(114, 0, 0),
(115, 0, 0),
(116, 0, 0),
(117, 0, 0),
(118, 0, 0),
(119, 0, 0),
(120, 0, 0),
(121, 0, 0),
(131, 0, 0),
(126, 0, 0),
(128, 0, 0),
(122, 0, 0),
(130, 0, 0),
(133, 0, 0),
(134, 0, 0),
(135, 0, 0),
(136, 0, 0),
(137, 0, 0),
(140, 0, 0),
(141, 0, 0),
(142, 0, 0),
(143, 0, 0),
(10, 0, 0),
(147, 0, 0),
(149, 0, 0),
(150, 0, 0),
(151, 0, 0),
(152, 0, 0),
(154, 0, 0),
(155, 0, 0),
(156, 0, 0),
(15, 0, 0),
(16, 0, 0),
(200, 0, 0),
(201, 0, 0),
(19, 0, 0),
(227, 0, 0),
(228, 0, 0),
(229, 0, 0),
(20, 0, 0),
(256, 0, 0),
(257, 0, 0),
(258, 0, 0),
(259, 0, 0),
(270, 0, 0),
(163, 0, 0),
(162, 0, 0),
(271, 0, 0),
(188, 0, 0),
(272, 0, 0),
(273, 0, 0),
(274, 0, 0),
(275, 0, 0),
(276, 0, 0),
(277, 0, 0),
(278, 0, 0),
(279, 0, 0),
(280, 0, 0),
(78, 0, 0),
(281, 0, 0),
(282, 0, 0),
(283, 0, 0),
(284, 0, 0),
(187, 0, 0),
(285, 0, 0),
(286, 0, 0),
(287, 0, 0),
(288, 0, 0),
(129, 0, 0),
(289, 0, 0),
(290, 0, 0),
(291, 0, 0),
(293, 0, 0),
(294, 0, 0),
(295, 0, 0),
(296, 0, 0),
(297, 0, 0),
(298, 0, 0),
(299, 0, 0),
(300, 0, 0),
(301, 0, 0),
(302, 0, 0),
(303, 0, 0),
(304, 0, 0),
(305, 0, 0),
(306, 0, 0),
(307, 0, 0),
(308, 0, 0),
(309, 0, 0),
(310, 0, 0),
(311, 0, 0),
(312, 0, 0),
(313, 0, 0),
(314, 0, 0),
(1, 0, 0);

-- --------------------------------------------------------

--
-- Table structure for table `category_to_store`
--

CREATE TABLE `category_to_store` (
  `category_id` int(11) NOT NULL,
  `store_id` int(11) NOT NULL
) ENGINE=MyISAM DEFAULT CHARSET=utf8;

--
-- Dumping data for table `category_to_store`
--

INSERT INTO `category_to_store` (`category_id`, `store_id`) VALUES
(1, 0),
(2, 0),
(3, 0),
(4, 0),
(5, 0),
(6, 0),
(7, 0),
(8, 0),
(9, 0),
(10, 0),
(11, 0),
(12, 0),
(13, 0),
(14, 0),
(15, 0),
(16, 0),
(17, 0),
(18, 0),
(19, 0),
(20, 0),
(21, 0),
(22, 0),
(51, 0),
(52, 0),
(53, 0),
(54, 0),
(55, 0),
(56, 0),
(57, 0),
(58, 0),
(59, 0),
(60, 0),
(61, 0),
(62, 0),
(63, 0),
(64, 0),
(65, 0),
(66, 0),
(67, 0),
(68, 0),
(69, 0),
(70, 0),
(71, 0),
(72, 0),
(73, 0),
(74, 0),
(75, 0),
(76, 0),
(77, 0),
(78, 0),
(79, 0),
(80, 0),
(81, 0),
(82, 0),
(83, 0),
(84, 0),
(85, 0),
(86, 0),
(87, 0),
(88, 0),
(96, 0),
(97, 0),
(98, 0),
(99, 0),
(100, 0),
(101, 0),
(102, 0),
(103, 0),
(104, 0),
(105, 0),
(107, 0),
(108, 0),
(109, 0),
(110, 0),
(111, 0),
(112, 0),
(113, 0),
(114, 0),
(115, 0),
(116, 0),
(117, 0),
(118, 0),
(119, 0),
(120, 0),
(121, 0),
(122, 0),
(123, 0),
(124, 0),
(125, 0),
(126, 0),
(127, 0),
(128, 0),
(129, 0),
(130, 0),
(131, 0),
(132, 0),
(133, 0),
(134, 0),
(135, 0),
(136, 0),
(137, 0),
(138, 0),
(139, 0),
(140, 0),
(141, 0),
(142, 0),
(143, 0),
(144, 0),
(145, 0),
(146, 0),
(147, 0),
(148, 0),
(149, 0),
(150, 0),
(151, 0),
(152, 0),
(153, 0),
(154, 0),
(155, 0),
(156, 0),
(157, 0),
(158, 0),
(159, 0),
(160, 0),
(161, 0),
(162, 0),
(163, 0),
(164, 0),
(165, 0),
(166, 0),
(167, 0),
(168, 0),
(169, 0),
(170, 0),
(171, 0),
(172, 0),
(173, 0),
(174, 0),
(175, 0),
(176, 0),
(177, 0),
(178, 0),
(179, 0),
(180, 0),
(181, 0),
(182, 0),
(183, 0),
(184, 0),
(185, 0),
(186, 0),
(187, 0),
(188, 0),
(189, 0),
(190, 0),
(191, 0),
(192, 0),
(193, 0),
(194, 0),
(195, 0),
(196, 0),
(197, 0),
(198, 0),
(199, 0),
(200, 0),
(201, 0),
(202, 0),
(203, 0),
(204, 0),
(205, 0),
(206, 0),
(207, 0),
(208, 0),
(209, 0),
(210, 0),
(211, 0),
(212, 0),
(213, 0),
(214, 0),
(215, 0),
(216, 0),
(217, 0),
(218, 0),
(219, 0),
(220, 0),
(221, 0),
(222, 0),
(223, 0),
(224, 0),
(225, 0),
(226, 0),
(227, 0),
(228, 0),
(229, 0),
(230, 0),
(231, 0),
(232, 0),
(233, 0),
(234, 0),
(235, 0),
(236, 0),
(237, 0),
(238, 0),
(239, 0),
(240, 0),
(241, 0),
(242, 0),
(243, 0),
(244, 0),
(245, 0),
(246, 0),
(247, 0),
(248, 0),
(249, 0),
(250, 0),
(251, 0),
(252, 0),
(253, 0),
(254, 0),
(255, 0),
(256, 0),
(257, 0),
(258, 0),
(259, 0),
(260, 0),
(261, 0),
(262, 0),
(263, 0),
(264, 0),
(265, 0),
(266, 0),
(267, 0),
(268, 0),
(269, 0),
(270, 0),
(271, 0),
(272, 0),
(273, 0),
(274, 0),
(275, 0),
(276, 0),
(277, 0),
(278, 0),
(279, 0),
(280, 0),
(281, 0),
(282, 0),
(283, 0),
(284, 0),
(285, 0),
(286, 0),
(287, 0),
(288, 0),
(289, 0),
(290, 0),
(291, 0),
(293, 0),
(294, 0),
(295, 0),
(296, 0),
(297, 0),
(298, 0),
(299, 0),
(300, 0),
(301, 0),
(302, 0),
(303, 0),
(304, 0),
(305, 0),
(306, 0),
(307, 0),
(308, 0),
(309, 0),
(310, 0),
(311, 0),
(312, 0),
(313, 0),
(314, 0);

-- --------------------------------------------------------

--
-- Table structure for table `country`
--

CREATE TABLE `country` (
  `country_id` int(11) NOT NULL,
  `name` varchar(128) NOT NULL,
  `iso_code_2` varchar(2) NOT NULL,
  `iso_code_3` varchar(3) NOT NULL,
  `address_format` text NOT NULL,
  `postcode_required` tinyint(1) NOT NULL,
  `status` tinyint(1) NOT NULL DEFAULT 1
) ENGINE=MyISAM DEFAULT CHARSET=utf8;

--
-- Dumping data for table `country`
--

INSERT INTO `country` (`country_id`, `name`, `iso_code_2`, `iso_code_3`, `address_format`, `postcode_required`, `status`) VALUES
(1, 'Afghanistan', 'AF', 'AFG', '', 0, 1),
(2, 'Albania', 'AL', 'ALB', '', 0, 1),
(3, 'Algeria', 'DZ', 'DZA', '', 0, 1),
(4, 'American Samoa', 'AS', 'ASM', '', 0, 1),
(5, 'Andorra', 'AD', 'AND', '', 0, 1),
(6, 'Angola', 'AO', 'AGO', '', 0, 1),
(7, 'Anguilla', 'AI', 'AIA', '', 0, 1),
(8, 'Antarctica', 'AQ', 'ATA', '', 0, 1),
(9, 'Antigua and Barbuda', 'AG', 'ATG', '', 0, 1),
(10, 'Argentina', 'AR', 'ARG', '', 0, 1),
(11, 'Armenia', 'AM', 'ARM', '', 0, 1),
(12, 'Aruba', 'AW', 'ABW', '', 0, 1),
(13, 'Australia', 'AU', 'AUS', '', 0, 1),
(14, 'Austria', 'AT', 'AUT', '', 0, 1),
(15, 'Azerbaijan', 'AZ', 'AZE', '', 0, 1),
(16, 'Bahamas', 'BS', 'BHS', '', 0, 1),
(17, 'Bahrain', 'BH', 'BHR', '', 0, 1),
(18, 'Bangladesh', 'BD', 'BGD', '', 0, 1),
(19, 'Barbados', 'BB', 'BRB', '', 0, 1),
(20, 'Belarus', 'BY', 'BLR', '', 0, 1),
(21, 'Belgium', 'BE', 'BEL', '{firstname} {lastname}\r\n{company}\r\n{address_1}\r\n{address_2}\r\n{postcode} {city}\r\n{country}', 0, 1),
(22, 'Belize', 'BZ', 'BLZ', '', 0, 1),
(23, 'Benin', 'BJ', 'BEN', '', 0, 1),
(24, 'Bermuda', 'BM', 'BMU', '', 0, 1),
(25, 'Bhutan', 'BT', 'BTN', '', 0, 1),
(26, 'Bolivia', 'BO', 'BOL', '', 0, 1),
(27, 'Bosnia and Herzegovina', 'BA', 'BIH', '', 0, 1),
(28, 'Botswana', 'BW', 'BWA', '', 0, 1),
(29, 'Bouvet Island', 'BV', 'BVT', '', 0, 1),
(30, 'Brazil', 'BR', 'BRA', '', 0, 1),
(31, 'British Indian Ocean Territory', 'IO', 'IOT', '', 0, 1),
(32, 'Brunei Darussalam', 'BN', 'BRN', '', 0, 1),
(33, 'Bulgaria', 'BG', 'BGR', '', 0, 1),
(34, 'Burkina Faso', 'BF', 'BFA', '', 0, 1),
(35, 'Burundi', 'BI', 'BDI', '', 0, 1),
(36, 'Cambodia', 'KH', 'KHM', '', 0, 1),
(37, 'Cameroon', 'CM', 'CMR', '', 0, 1),
(38, 'Canada', 'CA', 'CAN', '', 0, 1),
(39, 'Cape Verde', 'CV', 'CPV', '', 0, 1),
(40, 'Cayman Islands', 'KY', 'CYM', '', 0, 1),
(41, 'Central African Republic', 'CF', 'CAF', '', 0, 1),
(42, 'Chad', 'TD', 'TCD', '', 0, 1),
(43, 'Chile', 'CL', 'CHL', '', 0, 1),
(44, 'China', 'CN', 'CHN', '', 0, 1),
(45, 'Christmas Island', 'CX', 'CXR', '', 0, 1),
(46, 'Cocos (Keeling) Islands', 'CC', 'CCK', '', 0, 1),
(47, 'Colombia', 'CO', 'COL', '', 0, 1),
(48, 'Comoros', 'KM', 'COM', '', 0, 1),
(49, 'Congo', 'CG', 'COG', '', 0, 1),
(50, 'Cook Islands', 'CK', 'COK', '', 0, 1),
(51, 'Costa Rica', 'CR', 'CRI', '', 0, 1),
(52, 'Cote D\'Ivoire', 'CI', 'CIV', '', 0, 1),
(53, 'Croatia', 'HR', 'HRV', '', 0, 1),
(54, 'Cuba', 'CU', 'CUB', '', 0, 1),
(55, 'Cyprus', 'CY', 'CYP', '', 0, 1),
(56, 'Czech Republic', 'CZ', 'CZE', '', 0, 1),
(57, 'Denmark', 'DK', 'DNK', '', 0, 1),
(58, 'Djibouti', 'DJ', 'DJI', '', 0, 1),
(59, 'Dominica', 'DM', 'DMA', '', 0, 1),
(60, 'Dominican Republic', 'DO', 'DOM', '', 0, 1),
(61, 'East Timor', 'TL', 'TLS', '', 0, 1),
(62, 'Ecuador', 'EC', 'ECU', '', 0, 1),
(63, 'Egypt', 'EG', 'EGY', '', 0, 1),
(64, 'El Salvador', 'SV', 'SLV', '', 0, 1),
(65, 'Equatorial Guinea', 'GQ', 'GNQ', '', 0, 1),
(66, 'Eritrea', 'ER', 'ERI', '', 0, 1),
(67, 'Estonia', 'EE', 'EST', '', 0, 1),
(68, 'Ethiopia', 'ET', 'ETH', '', 0, 1),
(69, 'Falkland Islands (Malvinas)', 'FK', 'FLK', '', 0, 1),
(70, 'Faroe Islands', 'FO', 'FRO', '', 0, 1),
(71, 'Fiji', 'FJ', 'FJI', '', 0, 1),
(72, 'Finland', 'FI', 'FIN', '', 0, 1),
(74, 'France, Metropolitan', 'FR', 'FRA', '{firstname} {lastname}\r\n{company}\r\n{address_1}\r\n{address_2}\r\n{postcode} {city}\r\n{country}', 1, 1),
(75, 'French Guiana', 'GF', 'GUF', '', 0, 1),
(76, 'French Polynesia', 'PF', 'PYF', '', 0, 1),
(77, 'French Southern Territories', 'TF', 'ATF', '', 0, 1),
(78, 'Gabon', 'GA', 'GAB', '', 0, 1),
(79, 'Gambia', 'GM', 'GMB', '', 0, 1),
(80, 'Georgia', 'GE', 'GEO', '', 0, 1),
(81, 'Germany', 'DE', 'DEU', '{company}\r\n{firstname} {lastname}\r\n{address_1}\r\n{address_2}\r\n{postcode} {city}\r\n{country}', 1, 1),
(82, 'Ghana', 'GH', 'GHA', '', 0, 1),
(83, 'Gibraltar', 'GI', 'GIB', '', 0, 1),
(84, 'Greece', 'GR', 'GRC', '', 0, 1),
(85, 'Greenland', 'GL', 'GRL', '', 0, 1),
(86, 'Grenada', 'GD', 'GRD', '', 0, 1),
(87, 'Guadeloupe', 'GP', 'GLP', '', 0, 1),
(88, 'Guam', 'GU', 'GUM', '', 0, 1),
(89, 'Guatemala', 'GT', 'GTM', '', 0, 1),
(90, 'Guinea', 'GN', 'GIN', '', 0, 1),
(91, 'Guinea-Bissau', 'GW', 'GNB', '', 0, 1),
(92, 'Guyana', 'GY', 'GUY', '', 0, 1),
(93, 'Haiti', 'HT', 'HTI', '', 0, 1),
(94, 'Heard and Mc Donald Islands', 'HM', 'HMD', '', 0, 1),
(95, 'Honduras', 'HN', 'HND', '', 0, 1),
(96, 'Hong Kong', 'HK', 'HKG', '', 0, 1),
(97, 'Hungary', 'HU', 'HUN', '', 0, 1),
(98, 'Iceland', 'IS', 'ISL', '', 0, 1),
(99, 'India', 'IN', 'IND', '', 0, 1),
(100, 'Indonesia', 'ID', 'IDN', '', 0, 1),
(101, 'Iran (Islamic Republic of)', 'IR', 'IRN', '', 0, 1),
(102, 'Iraq', 'IQ', 'IRQ', '', 0, 1),
(103, 'Ireland', 'IE', 'IRL', '', 0, 1),
(104, 'Israel', 'IL', 'ISR', '', 0, 1),
(105, 'Italy', 'IT', 'ITA', '', 0, 1),
(106, 'Jamaica', 'JM', 'JAM', '', 0, 1),
(107, 'Japan', 'JP', 'JPN', '', 0, 1),
(108, 'Jordan', 'JO', 'JOR', '', 0, 1),
(109, 'Kazakhstan', 'KZ', 'KAZ', '', 0, 1),
(110, 'Kenya', 'KE', 'KEN', '', 0, 1),
(111, 'Kiribati', 'KI', 'KIR', '', 0, 1),
(112, 'North Korea', 'KP', 'PRK', '', 0, 1),
(113, 'South Korea', 'KR', 'KOR', '', 0, 1),
(114, 'Kuwait', 'KW', 'KWT', '', 0, 1),
(115, 'Kyrgyzstan', 'KG', 'KGZ', '', 0, 1),
(116, 'Lao People\'s Democratic Republic', 'LA', 'LAO', '', 0, 1),
(117, 'Latvia', 'LV', 'LVA', '', 0, 1),
(118, 'Lebanon', 'LB', 'LBN', '', 0, 1),
(119, 'Lesotho', 'LS', 'LSO', '', 0, 1),
(120, 'Liberia', 'LR', 'LBR', '', 0, 1),
(121, 'Libyan Arab Jamahiriya', 'LY', 'LBY', '', 0, 1),
(122, 'Liechtenstein', 'LI', 'LIE', '', 0, 1),
(123, 'Lithuania', 'LT', 'LTU', '', 0, 1),
(124, 'Luxembourg', 'LU', 'LUX', '', 0, 1),
(125, 'Macau', 'MO', 'MAC', '', 0, 1),
(126, 'FYROM', 'MK', 'MKD', '', 0, 1),
(127, 'Madagascar', 'MG', 'MDG', '', 0, 1),
(128, 'Malawi', 'MW', 'MWI', '', 0, 1),
(129, 'Malaysia', 'MY', 'MYS', '', 0, 1),
(130, 'Maldives', 'MV', 'MDV', '', 0, 1),
(131, 'Mali', 'ML', 'MLI', '', 0, 1),
(132, 'Malta', 'MT', 'MLT', '', 0, 1),
(133, 'Marshall Islands', 'MH', 'MHL', '', 0, 1),
(134, 'Martinique', 'MQ', 'MTQ', '', 0, 1),
(135, 'Mauritania', 'MR', 'MRT', '', 0, 1),
(136, 'Mauritius', 'MU', 'MUS', '', 0, 1),
(137, 'Mayotte', 'YT', 'MYT', '', 0, 1),
(138, 'Mexico', 'MX', 'MEX', '', 0, 1),
(139, 'Micronesia, Federated States of', 'FM', 'FSM', '', 0, 1),
(140, 'Moldova, Republic of', 'MD', 'MDA', '', 0, 1),
(141, 'Monaco', 'MC', 'MCO', '', 0, 1),
(142, 'Mongolia', 'MN', 'MNG', '', 0, 1),
(143, 'Montserrat', 'MS', 'MSR', '', 0, 1),
(144, 'Morocco', 'MA', 'MAR', '', 0, 1),
(145, 'Mozambique', 'MZ', 'MOZ', '', 0, 1),
(146, 'Myanmar', 'MM', 'MMR', '', 0, 1),
(147, 'Namibia', 'NA', 'NAM', '', 0, 1),
(148, 'Nauru', 'NR', 'NRU', '', 0, 1),
(149, 'Nepal', 'NP', 'NPL', '', 0, 1),
(150, 'Netherlands', 'NL', 'NLD', '', 0, 1),
(151, 'Netherlands Antilles', 'AN', 'ANT', '', 0, 1),
(152, 'New Caledonia', 'NC', 'NCL', '', 0, 1),
(153, 'New Zealand', 'NZ', 'NZL', '', 0, 1),
(154, 'Nicaragua', 'NI', 'NIC', '', 0, 1),
(155, 'Niger', 'NE', 'NER', '', 0, 1),
(156, 'Nigeria', 'NG', 'NGA', '', 0, 1),
(157, 'Niue', 'NU', 'NIU', '', 0, 1),
(158, 'Norfolk Island', 'NF', 'NFK', '', 0, 1),
(159, 'Northern Mariana Islands', 'MP', 'MNP', '', 0, 1),
(160, 'Norway', 'NO', 'NOR', '', 0, 1),
(161, 'Oman', 'OM', 'OMN', '', 0, 1),
(162, 'Pakistan', 'PK', 'PAK', '', 0, 1),
(163, 'Palau', 'PW', 'PLW', '', 0, 1),
(164, 'Panama', 'PA', 'PAN', '', 0, 1),
(165, 'Papua New Guinea', 'PG', 'PNG', '', 0, 1),
(166, 'Paraguay', 'PY', 'PRY', '', 0, 1),
(167, 'Peru', 'PE', 'PER', '', 0, 1),
(168, 'Philippines', 'PH', 'PHL', '', 0, 1),
(169, 'Pitcairn', 'PN', 'PCN', '', 0, 1),
(170, 'Poland', 'PL', 'POL', '', 0, 1),
(171, 'Portugal', 'PT', 'PRT', '', 0, 1),
(172, 'Puerto Rico', 'PR', 'PRI', '', 0, 1),
(173, 'Qatar', 'QA', 'QAT', '', 0, 1),
(174, 'Reunion', 'RE', 'REU', '', 0, 1),
(175, 'Romania', 'RO', 'ROM', '', 0, 1),
(176, 'Russian Federation', 'RU', 'RUS', '', 0, 1),
(177, 'Rwanda', 'RW', 'RWA', '', 0, 1),
(178, 'Saint Kitts and Nevis', 'KN', 'KNA', '', 0, 1),
(179, 'Saint Lucia', 'LC', 'LCA', '', 0, 1),
(180, 'Saint Vincent and the Grenadines', 'VC', 'VCT', '', 0, 1),
(181, 'Samoa', 'WS', 'WSM', '', 0, 1),
(182, 'San Marino', 'SM', 'SMR', '', 0, 1),
(183, 'Sao Tome and Principe', 'ST', 'STP', '', 0, 1),
(184, 'Saudi Arabia', 'SA', 'SAU', '', 0, 1),
(185, 'Senegal', 'SN', 'SEN', '', 0, 1),
(186, 'Seychelles', 'SC', 'SYC', '', 0, 1),
(187, 'Sierra Leone', 'SL', 'SLE', '', 0, 1),
(188, 'Singapore', 'SG', 'SGP', '', 0, 1),
(189, 'Slovak Republic', 'SK', 'SVK', '{firstname} {lastname}\r\n{company}\r\n{address_1}\r\n{address_2}\r\n{city} {postcode}\r\n{zone}\r\n{country}', 0, 1),
(190, 'Slovenia', 'SI', 'SVN', '', 0, 1),
(191, 'Solomon Islands', 'SB', 'SLB', '', 0, 1),
(192, 'Somalia', 'SO', 'SOM', '', 0, 1),
(193, 'South Africa', 'ZA', 'ZAF', '', 0, 1),
(194, 'South Georgia &amp; South Sandwich Islands', 'GS', 'SGS', '', 0, 1),
(195, 'Spain', 'ES', 'ESP', '', 0, 1),
(196, 'Sri Lanka', 'LK', 'LKA', '', 0, 1),
(197, 'St. Helena', 'SH', 'SHN', '', 0, 1),
(198, 'St. Pierre and Miquelon', 'PM', 'SPM', '', 0, 1),
(199, 'Sudan', 'SD', 'SDN', '', 0, 1),
(200, 'Suriname', 'SR', 'SUR', '', 0, 1),
(201, 'Svalbard and Jan Mayen Islands', 'SJ', 'SJM', '', 0, 1),
(202, 'Swaziland', 'SZ', 'SWZ', '', 0, 1),
(203, 'Sweden', 'SE', 'SWE', '{company}\r\n{firstname} {lastname}\r\n{address_1}\r\n{address_2}\r\n{postcode} {city}\r\n{country}', 1, 1),
(204, 'Switzerland', 'CH', 'CHE', '', 0, 1),
(205, 'Syrian Arab Republic', 'SY', 'SYR', '', 0, 1),
(206, 'Taiwan', 'TW', 'TWN', '', 0, 1),
(207, 'Tajikistan', 'TJ', 'TJK', '', 0, 1),
(208, 'Tanzania, United Republic of', 'TZ', 'TZA', '', 0, 1),
(209, 'Thailand', 'TH', 'THA', '', 0, 1),
(210, 'Togo', 'TG', 'TGO', '', 0, 1),
(211, 'Tokelau', 'TK', 'TKL', '', 0, 1),
(212, 'Tonga', 'TO', 'TON', '', 0, 1),
(213, 'Trinidad and Tobago', 'TT', 'TTO', '', 0, 1),
(214, 'Tunisia', 'TN', 'TUN', '', 0, 1),
(215, 'Turkey', 'TR', 'TUR', '', 0, 1),
(216, 'Turkmenistan', 'TM', 'TKM', '', 0, 1),
(217, 'Turks and Caicos Islands', 'TC', 'TCA', '', 0, 1),
(218, 'Tuvalu', 'TV', 'TUV', '', 0, 1),
(219, 'Uganda', 'UG', 'UGA', '', 0, 1),
(220, 'Ukraine', 'UA', 'UKR', '', 0, 1),
(221, 'United Arab Emirates', 'AE', 'ARE', '', 0, 1),
(222, 'United Kingdom', 'GB', 'GBR', '', 1, 1),
(223, 'United States', 'US', 'USA', '{firstname} {lastname}\r\n{company}\r\n{address_1}\r\n{address_2}\r\n{city}, {zone} {postcode}\r\n{country}', 0, 1),
(224, 'United States Minor Outlying Islands', 'UM', 'UMI', '', 0, 1),
(225, 'Uruguay', 'UY', 'URY', '', 0, 1),
(226, 'Uzbekistan', 'UZ', 'UZB', '', 0, 1),
(227, 'Vanuatu', 'VU', 'VUT', '', 0, 1),
(228, 'Vatican City State (Holy See)', 'VA', 'VAT', '', 0, 1),
(229, 'Venezuela', 'VE', 'VEN', '', 0, 1),
(230, 'Viet Nam', 'VN', 'VNM', '', 0, 1),
(231, 'Virgin Islands (British)', 'VG', 'VGB', '', 0, 1),
(232, 'Virgin Islands (U.S.)', 'VI', 'VIR', '', 0, 1),
(233, 'Wallis and Futuna Islands', 'WF', 'WLF', '', 0, 1),
(234, 'Western Sahara', 'EH', 'ESH', '', 0, 1),
(235, 'Yemen', 'YE', 'YEM', '', 0, 1),
(237, 'Democratic Republic of Congo', 'CD', 'COD', '', 0, 1),
(238, 'Zambia', 'ZM', 'ZMB', '', 0, 1),
(239, 'Zimbabwe', 'ZW', 'ZWE', '', 0, 1),
(242, 'Montenegro', 'ME', 'MNE', '', 0, 1),
(243, 'Serbia', 'RS', 'SRB', '', 0, 1),
(244, 'Aaland Islands', 'AX', 'ALA', '', 0, 1),
(245, 'Bonaire, Sint Eustatius and Saba', 'BQ', 'BES', '', 0, 1),
(246, 'Curacao', 'CW', 'CUW', '', 0, 1),
(247, 'Palestinian Territory, Occupied', 'PS', 'PSE', '', 0, 1),
(248, 'South Sudan', 'SS', 'SSD', '', 0, 1),
(249, 'St. Barthelemy', 'BL', 'BLM', '', 0, 1),
(250, 'St. Martin (French part)', 'MF', 'MAF', '', 0, 1),
(251, 'Canary Islands', 'IC', 'ICA', '', 0, 1),
(252, 'Ascension Island (British)', 'AC', 'ASC', '', 0, 1),
(253, 'Kosovo, Republic of', 'XK', 'UNK', '', 0, 1),
(254, 'Isle of Man', 'IM', 'IMN', '', 0, 1),
(255, 'Tristan da Cunha', 'TA', 'SHN', '', 0, 1),
(256, 'Guernsey', 'GG', 'GGY', '', 0, 1),
(257, 'Jersey', 'JE', 'JEY', '', 0, 1);

-- --------------------------------------------------------

--
-- Table structure for table `coupon`
--

CREATE TABLE `coupon` (
  `coupon_id` int(11) NOT NULL,
  `name` varchar(128) NOT NULL,
  `code` varchar(20) NOT NULL,
  `type` char(1) NOT NULL,
  `discount` decimal(15,4) NOT NULL,
  `logged` tinyint(1) NOT NULL,
  `shipping` tinyint(1) NOT NULL,
  `total` decimal(15,4) NOT NULL,
  `date_start` date NOT NULL DEFAULT '0000-00-00',
  `date_end` date NOT NULL DEFAULT '0000-00-00',
  `uses_total` int(11) NOT NULL,
  `uses_customer` varchar(11) NOT NULL,
  `status` tinyint(1) NOT NULL,
  `date_added` datetime NOT NULL
) ENGINE=MyISAM DEFAULT CHARSET=utf8;

--
-- Dumping data for table `coupon`
--

INSERT INTO `coupon` (`coupon_id`, `name`, `code`, `type`, `discount`, `logged`, `shipping`, `total`, `date_start`, `date_end`, `uses_total`, `uses_customer`, `status`, `date_added`) VALUES
(7, 'Peak Design 10% Off', 'PD10OFF', 'P', 10.0000, 0, 0, 300.0000, '2017-05-06', '2018-09-30', 0, '0', 0, '2017-05-05 23:31:34'),
(5, 'Buy 2 or more Heroclip Get Free Shipping', 'GKWE3F1G', 'P', 0.0000, 0, 1, 296.0000, '2017-12-21', '2018-04-30', 0, '0', 0, '2009-03-14 21:13:53'),
(8, 'Peak Design Capture Pro HK$160 Off', 'WERU3T5', 'F', 160.0000, 0, 0, 0.0000, '2017-12-20', '2018-06-30', 0, '0', 0, '2017-12-20 03:18:22'),
(9, 'Bio-Key 10% Off', 'BK10OFF', 'P', 10.0000, 0, 0, 0.0000, '2017-12-20', '2018-03-31', 0, '0', 1, '2017-12-20 03:19:20'),
(10, 'Matador 10% Off', 'MATADOR10', 'P', 10.0000, 0, 0, 0.0000, '2018-01-10', '2018-02-10', 1, '1', 1, '2018-01-09 23:50:43'),
(11, 'Plantronics Voyager 3200 &amp; 3240 10% Off', 'PLT10OFF', 'P', 10.0000, 0, 0, 0.0000, '2018-01-20', '2018-06-30', 0, '0', 0, '2018-01-20 02:14:55'),
(12, '$50 Off Coupon', 'COUPON$50', 'F', 50.0000, 0, 0, 0.0000, '2018-02-05', '2018-03-05', 1, '1', 1, '2018-02-05 20:47:17'),
(13, 'FREE Shipping', 'FREESHIP', 'P', 0.0000, 0, 1, 400.0000, '2018-04-26', '2018-05-26', 0, '1', 0, '2018-04-26 00:20:16'),
(14, 'Rebate Customer $13 Use 1', 'REBATE13', 'F', 0.0000, 1, 0, 13.0000, '2018-06-25', '2018-07-26', 1, '1', 1, '2018-06-25 00:43:09'),
(15, 'New Customer Coupon', 'IBIZ$10OFF', 'F', 10.0000, 1, 0, 0.0000, '2018-09-07', '2018-12-31', 1, '1', 1, '2018-09-07 00:17:12'),
(16, 'Boss TV V3 PROMO100', 'BOSSV3$100', 'F', 100.0000, 1, 0, 0.0000, '2019-08-16', '2019-11-30', 0, '0', 0, '2019-08-16 18:59:43'),
(17, 'Boss TV V3 Xmas Special 2019', 'XMBV3$100', 'F', 100.0000, 0, 0, 0.0000, '2019-12-04', '2020-01-06', 0, '0', 0, '2019-12-04 19:01:26'),
(18, 'Payment Differnce', 'SO28498076', 'F', 0.0000, 0, 0, 5.0000, '2019-12-01', '2019-12-31', 1, '1', 1, '2019-12-23 11:38:07'),
(19, 'Boss TV V3 CNY Special 2020', 'CNYBV3$100', 'F', 100.0000, 0, 0, 0.0000, '2020-01-22', '2020-02-15', 0, '0', 1, '2020-01-23 17:56:37'),
(20, 'Peak Design Further 259 Off', 'PDF259OFF', 'F', 259.0000, 0, 0, 500.0000, '2021-03-15', '2021-03-21', 1, '1', 1, '2021-03-15 13:32:00'),
(21, '$50 Discount Coupon for TV Box', 'TVBOX50', 'F', 50.0000, 0, 0, 0.0000, '2022-06-11', '2022-07-12', 0, '0', 1, '2021-04-28 15:30:39'),
(22, '$50 Discount Coupon for TV Box', 'TVBOX3.5%', 'P', 3.5000, 0, 0, 0.0000, '2022-06-13', '2022-07-13', 0, '0', 1, '2022-06-13 19:57:45'),
(23, 'xiejing20230123-$19.1 USE 1', 'XIEJING19', 'F', 19.1000, 0, 0, 0.0000, '2023-01-23', '2023-02-27', 1, '1', 1, '2023-01-26 10:50:39'),
(24, '$17OFF', '$17OFF', 'F', 17.0000, 0, 0, 0.0000, '2023-02-22', '2023-03-22', 1, '1', 1, '2023-02-22 21:48:10');

-- --------------------------------------------------------

--
-- Table structure for table `coupon_category`
--

CREATE TABLE `coupon_category` (
  `coupon_id` int(11) NOT NULL,
  `category_id` int(11) NOT NULL
) ENGINE=MyISAM DEFAULT CHARSET=utf8;

-- --------------------------------------------------------

--
-- Table structure for table `coupon_history`
--

CREATE TABLE `coupon_history` (
  `coupon_history_id` int(11) NOT NULL,
  `coupon_id` int(11) NOT NULL,
  `order_id` int(11) NOT NULL,
  `customer_id` int(11) NOT NULL,
  `amount` decimal(15,4) NOT NULL,
  `date_added` datetime NOT NULL
) ENGINE=MyISAM DEFAULT CHARSET=utf8;

--
-- Dumping data for table `coupon_history`
--

INSERT INTO `coupon_history` (`coupon_history_id`, `coupon_id`, `order_id`, `customer_id`, `amount`, `date_added`) VALUES
(1, 7, 28289283, 58, -148.9000, '2018-07-15 20:35:40'),
(2, 12, 28246945, 13, -50.0000, '2018-02-05 20:47:35'),
(3, 16, 28450810, 34, -100.0000, '2019-08-22 22:58:52'),
(4, 16, 28484582, 231, -100.0000, '2019-11-11 11:20:22'),
(5, 16, 28484889, 231, -100.0000, '2019-11-11 11:58:20'),
(6, 17, 28506364, 253, -100.0000, '2020-01-03 12:41:00'),
(7, 19, 28517817, 253, -100.0000, '2020-01-24 12:17:52'),
(8, 20, 28728076, 438, -259.0000, '2021-03-15 15:00:26'),
(9, 23, 29318054, 558, -19.1000, '2023-01-26 10:56:41'),
(10, 24, 29348189, 608, -17.0000, '2023-02-22 21:51:27');

-- --------------------------------------------------------

--
-- Table structure for table `coupon_product`
--

CREATE TABLE `coupon_product` (
  `coupon_product_id` int(11) NOT NULL,
  `coupon_id` int(11) NOT NULL,
  `product_id` int(11) NOT NULL
) ENGINE=MyISAM DEFAULT CHARSET=utf8;

--
-- Dumping data for table `coupon_product`
--

INSERT INTO `coupon_product` (`coupon_product_id`, `coupon_id`, `product_id`) VALUES
(1, 5, 227),
(2, 7, 109),
(3, 7, 110),
(4, 7, 111),
(5, 7, 113),
(6, 7, 114),
(7, 7, 116),
(8, 7, 117),
(9, 7, 118),
(10, 7, 119),
(11, 7, 184),
(12, 7, 187),
(13, 7, 188),
(14, 7, 190),
(15, 7, 192),
(16, 7, 193),
(17, 7, 194),
(18, 7, 195),
(19, 7, 196),
(20, 7, 197),
(21, 7, 198),
(22, 8, 112),
(23, 9, 1),
(24, 10, 91),
(25, 10, 92),
(26, 10, 93),
(27, 10, 96),
(28, 10, 171),
(29, 10, 172),
(30, 11, 252),
(31, 11, 253),
(32, 12, 216),
(33, 13, 91),
(34, 13, 92),
(35, 13, 93),
(36, 13, 94),
(37, 13, 96),
(38, 13, 97),
(39, 13, 98),
(40, 13, 99),
(41, 13, 101),
(42, 13, 171),
(43, 13, 172),
(44, 13, 200),
(45, 13, 201),
(46, 16, 434),
(47, 16, 435),
(48, 17, 434),
(49, 17, 435),
(50, 19, 434),
(51, 19, 435),
(52, 20, 116),
(53, 20, 127),
(54, 20, 513),
(55, 20, 515),
(56, 21, 434),
(57, 21, 435),
(58, 21, 531),
(59, 21, 532),
(60, 21, 533),
(61, 21, 534),
(62, 21, 535),
(63, 21, 536),
(64, 21, 556),
(65, 23, 556);

-- --------------------------------------------------------

--
-- Table structure for table `currency`
--

CREATE TABLE `currency` (
  `currency_id` int(11) NOT NULL,
  `title` varchar(32) NOT NULL,
  `code` varchar(3) NOT NULL,
  `symbol_left` varchar(12) NOT NULL,
  `symbol_right` varchar(12) NOT NULL,
  `decimal_place` char(1) NOT NULL,
  `value` float(15,8) NOT NULL,
  `status` tinyint(1) NOT NULL,
  `date_modified` datetime NOT NULL
) ENGINE=MyISAM DEFAULT CHARSET=utf8;

--
-- Dumping data for table `currency`
--

INSERT INTO `currency` (`currency_id`, `title`, `code`, `symbol_left`, `symbol_right`, `decimal_place`, `value`, `status`, `date_modified`) VALUES
(1, 'Pound Sterling', 'GBP', 'GP£', '', '2', 0.10600000, 1, '2023-05-03 10:31:13'),
(2, 'US Dollar', 'USD', 'US$', '', '2', 0.13300000, 1, '2022-06-08 17:04:25'),
(3, 'Euro', 'EUR', 'EU€', '', '2', 0.12450000, 1, '2022-06-08 17:03:06'),
(4, 'HK Dollar', 'HKD', 'HK$', '', '1', 1.00000000, 1, '2023-05-04 15:12:36'),
(5, 'Japan Yen', 'JPY', 'JP￥', '', '0', 17.75000000, 1, '2022-06-08 17:03:57'),
(6, 'Australia Dollar', 'AUD', 'AU$', '', '2', 0.18500000, 1, '2022-06-08 17:02:29'),
(7, 'Canada Dollar', 'CAD', 'CA$', '', '2', 0.16700000, 1, '2022-06-08 17:02:49'),
(8, 'Chinese Yuan', 'CNY', '￥', '', '0', 0.88999999, 0, '2022-06-08 17:03:30');

-- --------------------------------------------------------

--
-- Table structure for table `customer`
--

CREATE TABLE `customer` (
  `customer_id` int(11) NOT NULL,
  `customer_group_id` int(11) NOT NULL,
  `store_id` int(11) NOT NULL DEFAULT 0,
  `language_id` int(11) NOT NULL,
  `firstname` varchar(32) NOT NULL,
  `lastname` varchar(32) NOT NULL,
  `email` varchar(96) NOT NULL,
  `telephone` varchar(32) NOT NULL,
  `fax` varchar(32) NOT NULL,
  `password` varchar(40) NOT NULL,
  `salt` varchar(9) NOT NULL,
  `cart` text DEFAULT NULL,
  `wishlist` text DEFAULT NULL,
  `newsletter` tinyint(1) NOT NULL DEFAULT 0,
  `address_id` int(11) NOT NULL DEFAULT 0,
  `custom_field` text NOT NULL,
  `ip` varchar(40) NOT NULL,
  `status` tinyint(1) NOT NULL,
  `safe` tinyint(1) NOT NULL,
  `token` text NOT NULL,
  `code` varchar(40) NOT NULL,
  `date_added` datetime NOT NULL
) ENGINE=MyISAM DEFAULT CHARSET=utf8;

--
-- Dumping data for table `customer`
--

INSERT INTO `customer` (`customer_id`, `customer_group_id`, `store_id`, `language_id`, `firstname`, `lastname`, `email`, `telephone`, `fax`, `password`, `salt`, `cart`, `wishlist`, `newsletter`, `address_id`, `custom_field`, `ip`, `status`, `safe`, `token`, `code`, `date_added`) VALUES
(542, 1, 0, 1, 'rose5hill@yahoo.com.hk', 'chi hang', 'rose5hill@yahoo.com.hk', '7479078669', '', '2d324ac8ee74b4072cb9bfb31d800d01c942c30a', 'cg9999Ksr', NULL, NULL, 0, 1008, '{\"1\":\"1\"}', '176.249.55.213', 1, 0, '', '', '2022-02-08 06:53:58'),
(541, 1, 0, 2, 'TERRY', 'Li', 'terrybbbbhk@gmail.com', '97219262', '', '55237f578bd8d921f5799982cb87521d44efd82c', 'MesjA8qGR', NULL, NULL, 0, 1007, '{\"1\":\"1\"}', '223.17.15.10', 1, 0, '', '', '2022-02-07 09:25:36'),
(540, 1, 0, 2, 'Felicia', 'Wong', 'Cherry.yanhui@gmail.com', '66298018', '', '7372f872cfbae159084bc0145397944b2f2ef4e8', 'dveYI8hHJ', NULL, NULL, 0, 1006, '{\"1\":\"2\"}', '155.137.165.241', 1, 0, '', '', '2022-02-06 00:03:53'),
(539, 1, 0, 1, 'Meng Choo', 'Goff', 'pearly.goff@hotmail.co.uk', '+447958736936', '', 'd36d9158225c6cd62d3cddaa1de41deae8c32593', 'NrKlwNjEO', NULL, NULL, 0, 1005, '{\"1\":\"2\"}', '81.100.72.126', 1, 0, '', '', '2022-02-02 02:25:53'),
(538, 1, 0, 2, '漢光', '蔡', 'adamschoyhk@yahoo.com.hk', '95257156', '', 'e6159289467d77815317c9feb9bbe98ad7038f95', 'd7xhYUZhm', NULL, NULL, 1, 1004, '{\"1\":\"1\"}', '218.250.94.135', 1, 0, '', '', '2022-01-28 12:57:23'),
(537, 1, 0, 2, 'Michelle', 'Wai', 'tasuki_hk@yahoo.com.hk', '60991505', '', 'a7a71ff3ad663569d10f42b481c606876d923990', 'L8KlSMAn1', NULL, NULL, 0, 1003, '{\"1\":\"2\"}', '49.130.130.246', 1, 0, '', '', '2022-01-25 13:33:24'),
(536, 1, 0, 2, 'Louis', 'Lau', 'Louis0514@hotmail.com', '60772561', '', 'ee2457f6cb68e15687f352745ff26f9286c9dc71', '36uXyss1n', NULL, NULL, 0, 1001, '{\"1\":\"1\"}', '165.225.235.99', 1, 0, '', '', '2022-01-11 00:31:50'),
(535, 1, 0, 2, 'ming', 'chan', 'uncleming@me.com', '92816198', '', '5763a8a6c56ede9d6ca13ac8bf1fae9ce1fa25b7', 'Lhd127SZa', NULL, NULL, 0, 1000, '{\"1\":\"1\"}', '124.217.189.170', 1, 0, '', '', '2022-01-09 16:45:16'),
(534, 1, 0, 2, 'Bonnie', 'Kwok', 'aptbmk@hotmail.com', '91291215', '', '5d1b680547b5ec556d7562628ba47a802abc2f62', 'WYS2TfIwx', NULL, NULL, 1, 999, '{\"1\":\"2\"}', '125.59.108.54', 1, 0, '', '', '2022-01-08 09:57:29'),
(533, 1, 0, 3, '春林', '严', '1019183029@qq.com', '17602028603', '', 'fc96fd78ebd8153a076f3bae590534641c9c4752', 'tOD3VIQzS', NULL, NULL, 1, 998, '{\"1\":\"1\"}', '113.119.73.170', 1, 0, '', '', '2022-01-04 13:22:07'),
(532, 1, 0, 1, 'Jeen', 'Tan', 'Jfrost1979@yahoo.co.uk', '413978800', '', 'cdf3bb06f8408e2afc5b7e3101af4e4b41fcabab', 'nJd2LqHDk', NULL, NULL, 0, 997, '{\"1\":\"1\"}', '58.109.125.119', 1, 0, '', '', '2021-12-28 18:51:52'),
(531, 1, 0, 2, 'Fan', 'Sin', 'clw.0202@gmail.com', '65923302', '', '1544127de2af4c52e47fabc7cc45d18b0e1e17c6', 'prnqDEQbu', NULL, NULL, 0, 996, '{\"1\":\"2\"}', '138.199.22.234', 1, 0, '', '', '2021-12-28 12:19:51'),
(530, 1, 0, 1, 'Jaehun', 'Jang', 'hooner2145@gmail.com', '95012155', '', '788bd56aed94ef45ac4fa9091ff00ee80c43baf4', 'ZXsERCWFh', NULL, NULL, 0, 995, '{\"1\":\"1\"}', '61.239.148.160', 1, 0, '', '', '2021-12-23 21:08:57'),
(529, 1, 0, 2, 'Fook Man', 'CHAN', 'fookman.chan@gmail.com', '+85260315649', '', 'd652a531a7e5f45f2c1979fd637c4e55a0415d8c', 'qpIV1YSZo', NULL, NULL, 1, 994, '{\"1\":\"1\"}', '42.3.19.150', 1, 0, '', '', '2021-12-23 11:08:34'),
(528, 1, 0, 1, 'Salvador', 'Morales', 'hongkongerar@hotmail.com', '93725373', '', '62ca11ea83b2a8a6351949a12ac7e1d26aa9000c', '4YXSybynv', NULL, NULL, 1, 993, '{\"1\":\"1\"}', '42.200.16.248', 1, 0, '', '', '2021-12-20 12:17:18'),
(527, 1, 0, 2, 'Noel', 'Au', 'au.noel@gmail.com', '60328796', '', '2023d7cb5258054643f62453d6c108d0f19bfc7f', 'mMfwDQr4k', NULL, NULL, 0, 992, '{\"1\":\"2\"}', '14.136.81.101', 1, 0, '', '', '2021-12-19 23:04:57'),
(526, 1, 0, 1, 'Soichiro', 'Fukutome', 'fukutome@skyhope.asia', '9042010740', '', '1f3afca2183b968b080f6a8cd8a4cae2ca171d99', 'LbvLFBnv6', NULL, NULL, 1, 991, '{\"1\":\"1\"}', '106.154.9.124', 1, 0, '', '', '2021-12-15 17:43:38'),
(525, 1, 0, 1, 'Boldwin', 'Liu', 'Staceybeausanchez@hotmail.com', '+61478490261', '', '47ab6dc0b224f4ff096f4054b3b5854c0f35dfa0', '9gtzatOGy', NULL, NULL, 0, 990, '{\"1\":\"1\"}', '220.253.29.239', 1, 0, '', '', '2021-12-04 18:24:00'),
(524, 1, 0, 3, 'Customer', 'Service', 'cs@ibizgift.com', '+852-21100987', '', '77d8839608f3f1b5e8ec4ffd401dacf80a05dcaa', 'TZQdgR6Yu', NULL, NULL, 0, 0, '{\"1\":\"1\"}', '101.78.169.198', 1, 1, '', '', '2021-11-28 15:23:52'),
(523, 1, 0, 2, 'YM', 'Leung', 'ljoelym629@gmail.com', '90812938', '', '5462c364a3189a197b4ce8950542d4e983b49ab1', 'Hi1OfEHJp', NULL, NULL, 0, 985, '{\"1\":\"1\"}', '223.18.78.58', 1, 0, '', '', '2021-11-28 13:48:40'),
(522, 1, 0, 2, 'pok man', 'chung', 'c_pokman@yahoo.com', '64118408', '', '7d68d6ccfb8e09518c5ec605521b9d1dc124e47f', 'fvfLBVh9N', NULL, NULL, 0, 984, '{\"1\":\"1\"}', '223.197.153.138', 1, 0, '', '', '2021-11-17 13:38:20'),
(521, 1, 0, 1, 'Trixie', 'Santosa', 'tia.trixie90@gmail.com', '61401984588', '', '2b9da4f39fa3044e8857c0e0f22fb15924d1dcb1', 'hnBslOZnG', NULL, NULL, 1, 983, '{\"1\":\"2\"}', '43.230.179.27', 1, 0, '', '', '2021-11-14 09:35:43'),
(520, 1, 0, 1, 'Teddy', 'Tsoi', 'teddytsoi.hk@gmail.com', '+852 91386387', '', 'ed0f23d7666c8e8666cbd3e3621f310f895ece36', 'Lv2ZMIkva', NULL, NULL, 0, 982, '{\"1\":\"1\"}', '148.156.116.2', 1, 0, '', '', '2021-11-11 15:25:57'),
(519, 1, 0, 2, 'Yuk lan', 'Lo', 'li1187@yahoo.com.hk', '61231187', '', 'a6de4d2dabfcf50504f0e91bcda3ef5d2570274b', 'b7IRCjWCR', NULL, NULL, 0, 981, '{\"1\":\"2\"}', '1.65.136.213', 1, 0, '', '', '2021-11-09 23:08:41'),
(518, 1, 0, 3, '嘉毅', '禤', '599186347@qq.com', '18922267282', '', 'da08668891b5c347357e909069b82ca05579595e', '8SMr2Ri5i', NULL, NULL, 1, 980, '{\"1\":\"1\"}', '120.85.149.5', 1, 0, '', '', '2021-11-09 18:43:46'),
(517, 1, 0, 1, 'Sam', 'Yee', 'Samyee3228@gmail.com', '604-8164931', '', 'cf1a554ee2ff798e61f4c4c19d3f3d1d4fe0f5e8', '3nmoU2upw', NULL, NULL, 0, 979, '{\"1\":\"1\"}', '207.102.106.144', 1, 0, '', '', '2021-11-06 13:33:41'),
(516, 1, 0, 1, 'Kevin', 'Wong', 'kevirgwong@gmail.com', '91234425', '', '2a9012184d34ec96580390446d8ad5699f00ec83', 'ukgkfIfJK', NULL, NULL, 0, 978, '{\"1\":\"1\"}', '104.28.66.135', 1, 0, '', '', '2021-10-29 14:03:37'),
(515, 1, 0, 2, 'Eric', 'Chan', 'eric9494@yahoo.com.hk', '94944555', '', 'c3559fbc31e2cd4ca3f9781c8e76c57cad830173', 'aWpBwK8HD', NULL, NULL, 0, 977, '{\"1\":\"1\"}', '112.120.64.14', 1, 0, '', '', '2021-10-25 14:49:59'),
(514, 1, 0, 3, 'Zhou', 'JingBang', 'jaficezhou2047@gmail.com', '86+13712916505', '', '4404e228fd5ef51cc01d71eda93ddebad475ee4d', 'crnM0SJVI', NULL, NULL, 0, 976, '{\"1\":\"1\"}', '165.154.253.12', 1, 0, '', '', '2021-10-24 14:33:28'),
(513, 1, 0, 2, 'Daniel', 'Long', 'can713@yahoo.com', '93827095', '', '99c9268fd0a649f522c01db14ddcb72095a63908', 'WVuo1Hejj', NULL, NULL, 0, 975, '{\"1\":\"1\"}', '1.65.161.208', 1, 0, '', '', '2021-10-24 10:21:02'),
(512, 1, 0, 1, 'Kimmy', 'Man', 'kimmymys@icloud.com', '9255101796', '', 'b1ba5141208344d3aa462380f5736eaf672f4f72', 'DUO2mviyg', NULL, NULL, 0, 974, '{\"1\":\"2\"}', '73.223.61.151', 1, 0, '', '', '2021-10-18 04:04:38'),
(511, 1, 0, 1, 'Conrad', 'Lis', 'clistucson@gmail.com', '5202473615', '', '1a3cca4fa29e3ef00a17bf2ddd2fbc7754f692ae', 'H064S0zJH', NULL, NULL, 0, 973, '{\"1\":\"1\"}', '67.212.194.246', 1, 0, '', '', '2021-10-16 16:33:08'),
(510, 1, 0, 2, '小波', '谷', 'gxb2502@163.com', '18612818556', '', '7536051ffe5907b01f013b2456bc3ff606f5d2c6', '6PsHaYrM0', NULL, NULL, 0, 972, '{\"1\":\"1\"}', '114.242.249.111', 1, 0, '', '', '2021-10-14 23:26:26'),
(509, 1, 0, 2, 'Connie', 'Luk', 'conyluk@gmail.com', '63109112', '', '196ea452045205e7e40ed5a23736e7c59d30cef6', 'G14Bov2dj', NULL, NULL, 0, 971, '{\"1\":\"2\"}', '218.250.135.224', 1, 0, '', '', '2021-10-14 00:31:13'),
(508, 1, 0, 1, 'Alan', 'Li', 'alanhli@me.com', '4163179181', '', 'c12b8804c65fdfaa67e5523bbb111d54c5dd64a3', 'uJ7bU1jpU', NULL, NULL, 0, 970, '{\"1\":\"1\"}', '174.119.134.27', 1, 0, '', '', '2021-10-13 11:56:41'),
(507, 1, 0, 1, 'kin', 'lee', 'ahof5@yahoo.com', '845-782-6990', '', '3f03f985820b74475c35f2b85623c21f8598815c', 'b4nRwhp84', NULL, NULL, 1, 969, '{\"1\":\"1\"}', '69.114.120.64', 1, 0, '', '', '2021-10-11 03:12:42'),
(506, 1, 0, 3, '恩聪', '沈', 'sec4115@163.com', '+8617717372548', '', '1aab301482a488b31bf83fae9a7d5c410eac8930', 'GDelNXmsN', NULL, NULL, 1, 968, '{\"1\":\"1\"}', '101.228.10.80', 1, 0, '', '', '2021-10-08 11:10:55'),
(505, 1, 0, 1, 'Wai Fong', 'Lam', 'zxcasd943761825@hotmail.com', '65909301', '', '864f5ac6e7f359131aca3aaf2dfb1ae0e6b029e1', 'Hfoi3MSwN', NULL, NULL, 0, 967, '{\"1\":\"1\"}', '155.137.128.206', 1, 0, '', '', '2021-10-05 20:19:18'),
(504, 1, 0, 1, 'Chaithanya', 'Regalla', 'regalla.chaitanya@gmail.com', '3099121540', '', '60c26be204726038299b330801427d18ab0c00a2', 'lfVciXrpz', NULL, NULL, 0, 0, '{\"1\":\"1\"}', '99.23.208.127', 1, 0, '', '', '2021-10-03 05:40:13'),
(503, 1, 0, 3, '炳鑫', '洪', '492082212@qq.com', '8613925506611', '', 'e269371fbb6db97623ec02be4a2bd7d221c7ce3c', 'rubVhhWQS', NULL, NULL, 0, 0, '{\"1\":\"1\"}', '27.17.224.213', 1, 0, '', '', '2021-10-02 01:27:54'),
(502, 1, 0, 2, 'Alina', 'Lee', 'alinalwe1201@gmail.com', '68922081', '', '82accd94436554f71ecd976c28d2a74610031439', '52P46AdCR', NULL, NULL, 0, 0, '{\"1\":\"2\"}', '14.199.118.245', 1, 0, '', '', '2021-09-22 07:14:52'),
(501, 1, 0, 1, 'Hil Lam', 'Cheung', 'hi_cheung89@hotmail.com', '633506205', '', '11557cdac791a77648e864ad7e0bfb3151a5f95b', 'JJmceoUkP', NULL, NULL, 0, 0, '{\"1\":\"2\"}', '85.147.166.137', 1, 0, '', '', '2021-09-22 05:36:11'),
(500, 1, 0, 1, 'Y', 'Gu', 'lassie-kong@hotmail.com', '+44 7568056293', '', 'c2474d2ddb1cec6092b0990a7a2512ee6ea940c4', '3CSxVWDqz', NULL, NULL, 0, 0, '{\"1\":\"1\"}', '90.219.202.183', 1, 0, '', '', '2021-09-20 07:16:38'),
(499, 1, 0, 2, 'Dora', 'Tsui', 'doratsuitsui@gmail.com', '92672693', '', 'd843ca4db8a0117bccc4d1950789cb593d4129a0', 'HA6eoZiqw', NULL, NULL, 1, 0, '{\"1\":\"2\"}', '116.49.117.174', 1, 0, '', '', '2021-09-19 12:44:27'),
(498, 1, 0, 1, 'J', 'Mak', 'whjmak@outlook.com', '+447525726902', '', '9743d768a4cbeaa79983466463d317f409fb611c', 'OKRMLq5NH', NULL, NULL, 0, 0, '{\"1\":\"1\"}', '82.28.142.206', 1, 0, '', '', '2021-09-17 06:02:04'),
(497, 1, 0, 1, 'Mabel', 'Lau', 'mjjlau1@gmail.com', '4036198838', '', '47a2623e7cdf60e461a8e1d43b5ea60fc6fa2fa1', 'q1J2XCb5s', NULL, NULL, 0, 0, '{\"1\":\"2\"}', '108.173.215.226', 1, 0, '', '', '2021-09-16 10:19:23'),
(496, 1, 0, 2, 'CC', 'wong', '975559692@qq.com', '67625700', '', '24ad267fe4efe0d375a7532ada2d86c66d8b1114', 'QL6TnYyJj', NULL, NULL, 0, 0, '{\"1\":\"1\"}', '1.36.244.69', 1, 0, '', '', '2021-09-16 01:59:53'),
(495, 1, 0, 2, 'Jovy', 'Choi', 'jovy2015@msn.com', '62377027', '', 'b56b261d07ee2a25927a7bac18e5ba253f26d3a6', 'vlBIADZVk', NULL, NULL, 1, 0, '{\"1\":\"2\"}', '212.102.50.201', 1, 0, '', '', '2021-09-09 14:50:59'),
(494, 1, 0, 1, 'Pui Hang', 'Tsang', 'puihang@live.hk', '65702848', '', 'b00d6926b9f3e054628d8baa36907bcfd6bded55', 'xkAMD0aFo', NULL, NULL, 0, 0, '{\"1\":\"1\"}', '103.6.178.22', 1, 0, '', '', '2021-09-09 14:28:42'),
(493, 1, 0, 1, 'Kasi', 'Eche', 'kasieche@gmail.com', '9024822436', '', '40b04bebf42112d46008bf687fc565c74111f321', 'IVVefDIQL', NULL, NULL, 0, 0, '{\"1\":\"2\"}', '41.184.250.14', 1, 0, '', '', '2021-09-03 02:36:34'),
(492, 1, 0, 2, 'Ms', 'Lam', 'fafasandy@hotmail.com', '93397775', '', '96f4f7f358e0043f2c18c9df8e1dcb234ee87aaf', 'o76Lo5EQJ', NULL, NULL, 0, 0, '{\"1\":\"2\"}', '218.255.174.107', 1, 0, '', '', '2021-09-01 13:28:21'),
(491, 1, 0, 2, 'NGA YEE', 'MAN', 'Aliceyee0409@gmail.com', '63556316', '', 'ab767dc0516a7449f6d30a040517fae0b8d58f97', 'q8hlzqSWf', NULL, NULL, 0, 0, '{\"1\":\"2\"}', '61.93.82.31', 1, 0, '', '', '2021-08-31 19:08:16'),
(490, 1, 0, 3, '洪广', '张', 'zhg0612@live.cn', '+8619512330991', '', '18d2b9973552dcad9126fe39a6bd739247d2f7b6', 'NpIWusbD2', NULL, NULL, 1, 0, '{\"1\":\"1\"}', '117.136.120.228', 1, 0, '', '', '2021-08-23 04:18:10'),
(489, 1, 0, 3, 'Ying', 'Li', 'nikki_326@hotmail.com', '+8613605170310', '', '97dd0b33b02e7da8f059be1c7f70af059d4862b5', 'NSDlOErur', NULL, NULL, 0, 0, '{\"1\":\"2\"}', '101.224.95.41', 1, 0, '', '', '2021-08-22 22:14:40'),
(488, 1, 0, 1, '俊朗', '陈', '156637575@qq.com', '13570875116', '', '26cd4b50bce5e0c4ef55a06a7ded175afc8971ce', 'CV7Vw4N3x', NULL, NULL, 0, 0, '{\"1\":\"1\"}', '101.78.171.128', 1, 0, '', '', '2021-08-20 21:05:26'),
(487, 1, 0, 3, '玮娜', '徐', '53930776@qq.com', '13815851108', '', 'f50bba7e2a7dfe720b2190845d56f28fd15e84eb', '3PBrLK1rB', NULL, NULL, 0, 0, '{\"1\":\"2\"}', '122.96.44.94', 1, 0, '', '', '2021-08-17 20:06:50'),
(486, 1, 0, 1, 'Jenny', 'Wu', 'K9marble@yahoo.ca', '16478896098', '', '700693dee02a20295e2f2187eb844276e84a15e3', 'IPSXMKr1X', NULL, NULL, 0, 0, '{\"1\":\"2\"}', '208.98.222.32', 1, 0, '', '', '2021-08-15 09:25:37'),
(485, 1, 0, 2, 'Winnie', 'Ho', 'collectionwork@yahoo.com.hk', '93100495', '', 'a11fc35e6418f371567fd1cdfb18eea40ac377ee', 'q5CzBaSp1', NULL, NULL, 1, 0, '{\"1\":\"2\"}', '14.136.92.17', 1, 0, '', '', '2021-08-10 12:14:11'),
(484, 1, 0, 2, 'Agnes', 'Chan Ms.', 'agneschan30@hotmail.com', '9648 7566', '', '2b97455597d92d7cdb5b108d0a7cb4fa0ac16fae', 'GaCOM8YSd', NULL, NULL, 0, 0, '{\"1\":\"2\"}', '112.119.84.87', 1, 0, '', '', '2021-08-02 22:49:03'),
(483, 1, 0, 1, 'NIGEL', 'NG', 'yiuhangng@googlemail.com', '+447572105885', '', '190b2fc9b7b84a30dd4707296af263b2eb5b2609', '9pOJf6XAn', NULL, NULL, 0, 0, '{\"1\":\"1\"}', '86.173.139.111', 1, 0, '', '', '2021-08-01 11:28:30'),
(482, 1, 0, 1, 'Cindy', 'Chan', 'pinguhk@gmail.com', '53610933', '', '153fdef326171b0960a03e2f883da8cc38b89955', 'O3kCoDg6t', NULL, NULL, 0, 0, '{\"1\":\"2\"}', '218.255.174.107', 1, 0, '', '', '2021-07-27 16:24:57'),
(481, 1, 0, 2, 'Sharon', 'Tang', 'sharon_deon@yahoo.com.hk', '97592406', '', '9b9214975090db7423da4e76aeb4d6fcc6eaaa50', 'H821lmBSD', NULL, NULL, 0, 0, '{\"1\":\"2\"}', '124.217.189.48', 1, 0, '', '', '2021-07-20 15:41:43'),
(480, 1, 0, 1, 'Kevin', 'Sun', 'kevsun@gmail.com', '7796266880', '', '9d6ee54566968a8a8f957865e701d7609fb8ace1', '5IRV2XPQY', NULL, NULL, 0, 0, '{\"1\":\"1\"}', '109.181.161.35', 1, 0, '', '', '2021-07-15 12:34:19'),
(479, 1, 0, 2, 'Cindy', 'Tang', 'Okeycindy@yahoo.com.hk', '65351154', '', 'caf787f0d1d6e70caca75ee9adb2eb15f2a9f694', 'FR3zJ8jL3', NULL, NULL, 0, 0, '{\"1\":\"2\"}', '219.77.148.135', 1, 0, '', '', '2021-07-09 13:57:46'),
(478, 1, 0, 3, '小波', '何', '871434788@qq.com', '+08613316018048', '', '6939496f7366156a1e6bf2716510d94b19ce3f56', 'cqZaOArdQ', NULL, NULL, 1, 0, '{\"1\":\"1\"}', '183.46.61.245', 1, 0, '', '', '2021-07-04 00:06:42'),
(477, 1, 0, 1, 'Shunichiro', 'Mizukami', 'shunichiro.mizukami@one-line.com', '+447583125287', '', '30ddf3fabb053b9c6bd9e7773f6569bfe0a6aa7d', '1XBIAT5E5', NULL, NULL, 0, 0, '{\"1\":\"1\"}', '18.169.165.113', 1, 0, '', '', '2021-06-29 20:30:59'),
(476, 1, 0, 2, '伟东', '施', 'swd_08@163.com', '13828722033/13430523435', '', 'fda01a1f2b8fe7745b32b5b02871e67f2b9b0c04', 'BFLZHwp9u', NULL, NULL, 1, 0, '{\"1\":\"1\"}', '218.255.163.117', 1, 0, '', '', '2021-06-28 16:05:07'),
(475, 1, 0, 1, 'Shirley', 'Lam', 'shirleyfylam@gmail.com', '61121151', '', 'e15b346fc4830fa6ee58639170b597cf94d45cf4', 'frdylC4VH', NULL, NULL, 0, 0, '{\"1\":\"2\"}', '213.205.241.228', 1, 0, '', '', '2021-06-28 02:59:34'),
(474, 1, 0, 2, 'ceci', 'suen', 'ceci_841031@yahoo.com', '51844371', '', 'dcc9e7788cf680bf85540b3b0b47ccfd74adf354', 'm4v6fG931', NULL, NULL, 1, 0, '{\"1\":\"2\"}', '123.202.234.223', 1, 0, '', '', '2021-06-26 03:40:57'),
(473, 1, 0, 2, 'Winnie', 'Kwok', 'kwokmeilan@gmail.com', '94906070', '', 'c627e6a8d57e256fb08281f1c15b288174fbe81e', 'buIt69Knp', NULL, NULL, 0, 0, '{\"1\":\"2\"}', '182.239.122.241', 1, 0, '', '', '2021-06-24 23:41:33'),
(472, 1, 0, 3, '宇星', '陈', '466812006@qq.com', '13851898194', '', 'f18737bafa9726d347fdda0b3b170331c6497295', 'cqEb7DOD1', NULL, NULL, 0, 0, '{\"1\":\"1\"}', '117.136.66.141', 1, 0, '', '', '2021-06-20 18:30:15'),
(471, 1, 0, 2, '悠斗', '赤羽', 'janet2004114@gmail.com', '55978455', '', '038c26a5a7ac8ab59f10fe3f95f7451a93ad060e', 'hKk3kfd9m', NULL, NULL, 0, 0, '{\"1\":\"1\"}', '42.98.67.153', 1, 0, '', '', '2021-06-20 09:13:35'),
(470, 1, 0, 1, 'Tricia', 'Ting', 'cting920@gmail.com', '63666931', '', '6d378b78cb06fef62f6522ed42a13b298b708b9d', '483fCRKA6', NULL, NULL, 0, 0, '{\"1\":\"2\"}', '182.239.120.83', 1, 0, '', '', '2021-06-19 22:39:41'),
(469, 1, 0, 1, 'wai yan', 'So', 'sowaiyan001@gmail.com', '69379469', '', '0204491ca84b721a25dd641282ac86d0e90e5e80', 'NKAKZ0Th4', NULL, NULL, 0, 0, '{\"1\":\"2\"}', '61.93.42.233', 1, 0, '', '', '2021-06-14 10:44:33'),
(468, 1, 0, 2, 'Rachelle', 'Tam', 'rachelletam_2005@hotmail.com', '98288261', '', '203657ee06d551426e8ba1af024e6f72a46dd850', 'Lasae6hPU', NULL, NULL, 0, 0, '{\"1\":\"2\"}', '124.217.189.189', 1, 0, '', '', '2021-06-10 20:48:57'),
(467, 1, 0, 1, 'Edilma', 'Con Hon', 'edilma2@yahoo.com', '115109284665', '', '62be54426b1ccf3fc732ed0d75303d6b1325cb99', '7GBe5QMUK', NULL, NULL, 0, 0, '{\"1\":\"2\"}', '136.24.130.221', 1, 0, '', '', '2021-06-09 05:08:34'),
(466, 1, 0, 3, '谌', '黄', 'cheneyhuangchen@163.com', '+8615821884484', '', 'cdd1c56d5cd62d20e61035be66c6083170ce45e1', 'y9ldn8lo1', NULL, NULL, 0, 0, '{\"1\":\"1\"}', '101.87.76.233', 1, 0, '', '', '2021-05-31 09:42:11'),
(465, 1, 0, 2, 'Tsz Wa', 'Lee', 'matthewlee1213@gmail.com', '57256665', '', '16c09f81ed2e0a11ed252e89c796761c9aaa3a56', 'jG1eZI8T7', NULL, NULL, 0, 0, '{\"1\":\"1\"}', '45.64.241.138', 1, 0, '', '', '2021-05-25 14:54:40'),
(464, 1, 0, 1, 'Y', 'Leung', 'evaleungevaleung@yahoo.com.hk', '96779057', '96779057', 'd07502ec850ed2858d786ec0d2d84fdf5f7f3081', '8hmjxOAGx', NULL, NULL, 1, 0, '{\"1\":\"2\"}', '218.255.65.109', 1, 0, '', '', '2021-05-22 16:26:36'),
(463, 1, 0, 1, 'Fion', 'Heung', 'fheung8@gmail.com', '91551331', '', 'a7c04c3d76733529d395adc5ed775885c43bc8ac', 'sTBRGkiDb', NULL, NULL, 1, 0, '{\"1\":\"2\"}', '202.75.86.162', 1, 0, '', '', '2021-05-22 07:47:06'),
(462, 1, 0, 1, 'Celia', 'Choi', 'sinyingchoi@hotmail.com', '96587571', '', '704fe1e1e0ffb3cc5deb591d6f3b23877217b85a', 'mo7JnQVsL', NULL, NULL, 0, 0, '{\"1\":\"2\"}', '59.148.98.36', 1, 0, '', '', '2021-05-20 00:58:59'),
(461, 1, 0, 2, 'Ronald', 'Chui', 'ronaldchui62689@gmail.com', '64770592', '', 'acef50752e5d5c0318a6e92346a4a7dd94c09c38', 'GS7eQST3w', NULL, NULL, 0, 0, '{\"1\":\"1\"}', '116.49.73.110', 1, 0, '', '', '2021-05-19 00:28:37'),
(460, 1, 0, 1, 'Debbie', 'Nip', 'debbiejanu@gmail.com', '97231329', '', 'f32e773af4bd3871ea1b983549ca3fe15e3693de', 'PDBKLJyzD', NULL, NULL, 0, 0, '{\"1\":\"2\"}', '218.255.65.109', 1, 0, '', '', '2021-05-18 13:15:32'),
(459, 1, 0, 2, 'lai sang', 'lai', 'friedalailing@hotmail.com', '96369120', '24914337', 'b1f888a67740a61bd229c0e64eaec0867311c22d', 'qzO8xvQHq', NULL, NULL, 0, 0, '{\"1\":\"2\"}', '116.48.66.251', 1, 0, '', '', '2021-05-17 13:06:18'),
(458, 1, 0, 1, '國雄', '陳', 'cwh.j423@gmail.com', '958000895', '', 'fed82354624b78d379957af0735a44d7b9d044cc', 'xobWWJxXx', NULL, NULL, 0, 0, '{\"1\":\"1\"}', '101.12.35.0', 1, 0, '', '', '2021-05-07 09:45:02'),
(457, 1, 0, 1, 'Kam Hon', 'Leung', 'khleung0@yahoo.com', '61435717419', '', 'bc18397bc51dc0aafd72849c6f5c733216fe0569', 'Ejoz1AVt0', NULL, NULL, 1, 0, '{\"1\":\"1\"}', '14.202.182.120', 1, 0, '', '', '2021-05-02 05:55:11'),
(456, 1, 0, 1, 'Beatrice', 'Wong', 'beatrice.j.wong@gmail.com', '94667988', '', '33347aefcefabc0941252c6ad9864917ccc107fc', 'DitK6gyZF', NULL, NULL, 0, 0, '{\"1\":\"2\"}', '218.250.113.234', 1, 0, '', '', '2021-05-01 01:49:32'),
(455, 1, 0, 1, 'King Hang', 'Wat', 'k_h_wat@hotmail.com', '+31624631379', '', '1a369a1fbf6f656bb4f50a7b101b7f2d0da9556e', 'rxy52A96P', NULL, NULL, 1, 0, '{\"1\":\"1\"}', '89.205.226.90', 1, 0, '', '', '2021-04-27 13:28:08'),
(454, 1, 0, 2, 'Cammy', 'Lam', 'lamsinman123@hotmail.com', '53453881', '', '04cc0c9ca7a600b69bc8be74f0b62f5baeb16098', 'ednixRgC6', NULL, NULL, 0, 0, '{\"1\":\"2\"}', '14.0.157.130', 1, 0, '', '', '2021-04-17 15:30:21'),
(453, 1, 0, 1, 'helen', 'yip', 'helen@ibizasia.com', '123', '', '9b228bf5a8d592e2cb9773ff83c893cc3ed57c25', 'ICkZ2o2ZQ', NULL, NULL, 0, 0, '{\"1\":\"2\"}', '218.255.173.164', 1, 0, '', '', '2021-04-17 15:21:26'),
(452, 1, 0, 1, 'S.C.', 'Liu', 'Simon.liu.msc@gmail.com', '+31681488717', '', '064a7af510f6b9014591ceb0ba26b1e77d837716', 'jPBDRs9aq', NULL, NULL, 0, 0, '{\"1\":\"1\"}', '218.255.173.164', 1, 0, '', '', '2021-04-12 04:27:34'),
(451, 1, 0, 1, 'Catherine', 'Lam', 'miumiu1888@gmail.com', '61481039068', '', 'adfe59cb9c945797e5dab0e1b06f1320049788ad', 'srAdBbv0L', NULL, NULL, 0, 0, '{\"1\":\"2\"}', '125.168.119.130', 1, 0, '', '', '2021-04-11 20:47:09'),
(450, 1, 0, 1, 'BYEONGHWAN', 'LEE', 'hyuniv92@gmail.com', '1045332468', '', '8ecc3898a6dde78f822d68dce07925bb36341acf', '6i8vC5rHX', NULL, NULL, 0, 0, '{\"1\":\"1\"}', '211.204.43.2', 1, 0, '', '', '2021-04-11 17:41:39'),
(449, 1, 0, 1, 'Kevin', 'Li', 'hwli@hotmail.com', '+17788026644', '', '4dec40cfa254f87d171a0ffc60bc22fd22cdcd55', 'JXUjt7UGo', NULL, NULL, 0, 0, '{\"1\":\"1\"}', '209.52.88.100', 1, 0, '', '', '2021-04-06 21:43:56'),
(448, 1, 0, 2, 'Maggie', 'Liu', 'for_everfriend@yahoo.com', '98734051', '', 'a1ef92a9b38bc6a63e503354b497d99221c60132', 'BccKqxeKa', NULL, NULL, 0, 0, '{\"1\":\"2\"}', '112.118.13.59', 1, 0, '', '', '2021-04-06 16:38:43'),
(447, 1, 0, 1, 'BEIN', 'MAUNG HAW', 'raymondso2018@gmail.com', '+85366106089', '', '82e199a0047115bf22a9ff26bb78edf959e6242a', 'uiedNbKaa', NULL, NULL, 0, 0, '{\"1\":\"1\"}', '60.246.145.222', 1, 0, '', '', '2021-04-04 20:24:01'),
(446, 1, 0, 1, 'Teresa', 'Chau', 'chowrest@hotmail.com', '7974178127', '', '2e4686cf1d83f7eb79f3eaf02d7a0fe4332d3332', 'CIkhGIdH0', NULL, NULL, 0, 0, '{\"1\":\"2\"}', '218.255.173.164', 1, 0, '', '', '2021-04-01 16:36:22'),
(445, 1, 0, 1, 'Chng', 'Alicia', 'aliciChng@msn.com', '85180039', '', '05ee2ba0b0db895639a5d626ecf786c826205b57', 'cF09ZJsS1', NULL, NULL, 0, 0, '{\"1\":\"2\"}', '119.74.9.163', 1, 0, '', '', '2021-03-30 14:59:11'),
(444, 1, 0, 1, 'TS', 'Lam', 'mail.to.klam@gmail.com', '+31616488154', '', '91f91574ed8aab23a0b649994b87cbea54bf3850', 'DcnHCBxaT', NULL, NULL, 0, 0, '{\"1\":\"1\"}', '84.81.42.253', 1, 0, '', '', '2021-03-29 20:52:06'),
(443, 1, 0, 2, 'Ss', 'Tang', 'Tangpikwai@gmail', '91259119', '', 'c59156f0912d7a344bb5a6d7053a646f5acb2c95', 'jegXcHvAD', NULL, NULL, 0, 0, '{\"1\":\"2\"}', '14.0.224.204', 1, 0, '', '', '2021-03-26 20:48:58'),
(442, 1, 0, 1, 'Rain', 'Liu', 'rain1liu@gmail.com', '31614790774', '', 'e7e831c19e36f6c7b6d94e6f478d73fd94113858', 'kIa0n1Kus', NULL, NULL, 0, 0, '{\"1\":\"2\"}', '87.212.185.36', 1, 0, '', '', '2021-03-22 03:48:21'),
(441, 1, 0, 2, 'Ben', 'Koo', 'hong.7357@live.com', '91927474', '', '244fc794c3db3bdf19712e6d8f02a741832a2969', 'Khmmke7eD', NULL, NULL, 1, 0, '{\"1\":\"1\"}', '222.167.132.77', 1, 0, '', '', '2021-03-21 11:33:02'),
(440, 1, 0, 1, 'carmen', 'chan', 'carmenchan88@hotmail.com', '+61448338886', '', 'b24ab43d1a37f81db48d7a3b2ca08f8166814daf', '39caPzJnj', NULL, NULL, 1, 0, '{\"1\":\"2\"}', '120.20.108.28', 1, 0, '', '', '2021-03-20 18:29:02'),
(439, 1, 0, 1, 'Shuk Yi', 'Tam', 'katietam0423@hotmail.com', '96610820', '', '9ed347f69e46a2ec1d885597ca2628555d541499', 'hER3aIvVP', NULL, NULL, 0, 0, '{\"1\":\"2\"}', '45.64.243.70', 1, 0, '', '', '2021-03-16 16:27:31'),
(438, 1, 0, 1, 'Kai Ching', 'Ip', 'kcip0213@gmail.com', '54002170', '', '6c4c37307c114ef4b2b7f137e40cd81c169b8e88', '3rVJbY52C', NULL, NULL, 0, 0, '{\"1\":\"1\"}', '64.120.89.22', 1, 0, '', '', '2021-03-15 15:00:24'),
(437, 1, 0, 1, '伟', '黄', '656107334@qq.com', '13952091909', '', '1addbcf56b4a58e6c0590d776569f6d08552fa87', '9BPenVSK1', NULL, NULL, 1, 0, '{\"1\":\"2\"}', '101.78.234.99', 1, 0, '', '', '2021-03-12 23:41:13'),
(436, 1, 0, 1, 'AKIRA', 'KAWABE', 'akira@ookumafarm.com.au', '432796744', '', '007666901848e0e1cf68dd71e15cb9f942e48217', 'TBGltg05r', NULL, NULL, 0, 0, '{\"1\":\"1\"}', '101.189.97.243', 1, 0, '', '', '2021-03-12 16:57:28'),
(435, 1, 0, 1, 'Piere', 'Leung', 'Pierre.Leung@gmail.com', '413949388', '', '0b317fcc9de5d69647603caf2add8ab796fb124e', 'IYrdm9zc3', NULL, NULL, 0, 0, '{\"1\":\"1\"}', '1.129.26.227', 1, 0, '', '', '2021-03-09 17:08:47'),
(434, 1, 0, 1, '强', '范', 'jofan1812@sina.com', '18016045111', '', 'c78354884e53c9b4c5b7445ab4fd95c0e4795da0', 'UcBEkgyzK', NULL, NULL, 1, 0, '{\"1\":\"1\"}', '101.84.52.61', 1, 0, '', '', '2021-03-06 15:28:33'),
(433, 1, 0, 1, 'Diana', 'Majcher', 'diana.majcher@gmail.com', '98203227', '', '512c85bc2aed71630a3ef0128717c6cf12915fa6', 'gj57IrrD8', NULL, NULL, 0, 0, '{\"1\":\"2\"}', '168.70.32.144', 1, 0, '', '', '2021-02-22 23:39:38'),
(432, 1, 0, 2, 'Fiona', 'Chan', 'szelam_chan@yahoo.com', '68216118', '', 'f3808a25a5c5e5f60a004101454bf07a50f094a8', 'VYiosQCjF', NULL, NULL, 1, 0, '{\"1\":\"2\"}', '58.177.8.5', 1, 0, '', '', '2021-02-21 12:30:22'),
(431, 1, 0, 3, '咏', '侯', '13801080909@sina.com', '13801080909', '', '77d8f0ca578a9c9c23371449f96ae02da7a5e9a9', 'uWsdfi3T4', NULL, NULL, 0, 0, '{\"1\":\"1\"}', '122.97.220.229', 1, 0, '', '', '2021-02-20 16:08:56'),
(430, 1, 0, 2, 'cy', 'yip', 'kaman0419@gmail.com', '90768318', '', '9cea1567a187fa9dc9ae70b4641f502693361c85', 'W12wnW9Nb', NULL, NULL, 1, 0, '{\"1\":\"2\"}', '45.64.242.14', 1, 0, '', '', '2021-02-18 19:17:51'),
(429, 1, 0, 1, 'Wing Sze', 'Chan', 'fioncalvin1010@hotmail.com', '+4407562540101', '', '207720e90963864a038e4298d961fd9f78d16cd7', 'ZcL4LSNOQ', NULL, NULL, 0, 0, '{\"1\":\"2\"}', '82.129.95.245', 1, 0, '', '', '2021-02-18 09:20:15'),
(428, 1, 0, 1, 'Peter', 'Fitzgerald', 'pete1967cfc@gmail.com', '8617875423255', '', '1d7e594ebf784586f92b9e5b2f78b7a608bf7873', 'a24oXV2f9', NULL, NULL, 0, 0, '{\"1\":\"1\"}', '45.56.153.213', 1, 0, '', '', '2021-02-17 06:09:41'),
(427, 1, 0, 1, 'Schie', 'Sänger', 'saenger.schie@gmail.com', '41786007070', '', 'e793669f17628001c5bfc617447ad36cfc41769e', '8NDHvRKIt', NULL, NULL, 1, 0, '{\"1\":\"1\"}', '218.255.173.164', 1, 0, '', '', '2021-02-07 04:10:34'),
(426, 1, 0, 2, 'Charis', 'Cheng', 'charischeng88@gmail.com', '98683099', '', 'b5f24498d1673100f40504ac3c54aa383fd1c0c2', 'FISZeUIqc', NULL, NULL, 0, 0, '{\"1\":\"2\"}', '116.49.117.183', 1, 0, '', '', '2021-02-06 22:04:12'),
(425, 1, 0, 1, 'Amy', 'Wong', 'pythonpanda@gmail.com', '92331639', '', 'f1c8a0e351bf6d3e6fdd53727f11b12e87367577', '7NluNT9Vq', NULL, NULL, 0, 0, '{\"1\":\"2\"}', '1.64.185.189', 1, 0, '', '', '2021-02-06 12:01:36'),
(424, 1, 0, 2, 'Wai-wing', 'TONG', 'jansttong@gmail.com', '91664775', '', '12baa69b05e561dd9ab18791e1115895f899c4be', 'yoVrOu7qS', NULL, NULL, 1, 0, '{\"1\":\"1\"}', '61.239.31.134', 1, 0, '', '', '2021-02-05 13:41:31'),
(423, 1, 0, 2, 'Wai piu', 'Chan', 'cwp105@gmail.com', '67671519', '', 'ff9ce6ab211b146c14b72a544553c26eb6f26f76', 'eDIMPJQrW', NULL, NULL, 0, 0, '{\"1\":\"1\"}', '124.217.188.109', 1, 0, '', '', '2021-02-03 22:50:41'),
(422, 1, 0, 1, 'Man Trung', 'LAM', 'lammantrung@yahoo.com', '+41787759188', '', '886ad2295dcf9b967182c6b2274eacafe3b398a6', '46VihNIVv', NULL, NULL, 0, 0, '{\"1\":\"1\"}', '188.154.158.167', 1, 0, '', '', '2021-01-31 05:41:35'),
(421, 1, 0, 2, 'Danice', 'Liu', 'dcnliu@gmail.com', '62816356', '', '1309fae53466ad1575dacc2beec8b8b37f80d0ae', 'BUL44d84s', NULL, NULL, 0, 0, '{\"1\":\"1\"}', '14.0.227.152', 1, 0, '', '', '2021-01-13 17:41:52'),
(420, 1, 0, 1, 'Cecilia', 'Mooney', 'tony@maynelion.com.au', '+61 423841259', '', 'f884efd96dd40455712f7b9eca38e3c20d900ace', 'p6NASaCHJ', NULL, NULL, 0, 0, '{\"1\":\"1\"}', '101.167.15.13', 1, 0, '', '', '2021-01-13 09:36:47'),
(419, 1, 0, 2, 'Chun Kei', 'Hon', 'melissahon77@gmail.com', '95520800', '', 'c36bffbaccbb059b58752c5dd548ba69b139e480', 'bnqM5xWxM', NULL, NULL, 0, 0, '{\"1\":\"2\"}', '124.217.189.203', 1, 0, '', '', '2021-01-01 16:13:35'),
(418, 1, 0, 1, 'Alain', 'Ghestin', 'alaing2@orange.fr', '617226331', '', 'bd707b1a26efebaa785b24c6480e1e83b4f2e825', 'oSY8oSffa', NULL, NULL, 0, 0, '{\"1\":\"1\"}', '88.136.100.135', 1, 0, '', '', '2021-01-01 15:11:15'),
(417, 1, 0, 1, 'Mei Li', 'Yeung', 'amyeung0405@hotmail.com', '93306326', '', '8b90df483a919ef705cb4b61c3dd662f75a78ae6', 'bgLA1EzoA', NULL, NULL, 0, 0, '{\"1\":\"2\"}', '218.255.173.178', 1, 0, '', '', '2020-12-28 10:24:22'),
(416, 1, 0, 2, 'Connie', 'Lau', 'c203040@yahoo.com.hk', '98534821', '', 'bc677fec2cfb451dfdf3ac2ef1703b369c0be432', 'Hm8hLEH2A', NULL, NULL, 0, 0, '{\"1\":\"2\"}', '1.64.189.120', 1, 0, '', '', '2020-12-25 13:42:25'),
(415, 1, 0, 2, 'Sau Ming', 'Chan', 'mingcsm@yahoo.com.hk', '98302516', '', 'd3694106e16263c230f4c4feafbd8fab855b9f2b', 'wCbq6jssz', NULL, NULL, 1, 0, '{\"1\":\"2\"}', '14.198.165.242', 1, 0, '', '', '2020-12-25 12:21:12'),
(414, 1, 0, 2, 'Vivian', 'Wong', 'vivianswwong@yahoo.com.hk', '62293091', '', '9d923ee13050efce9d07db496ca8408804639dfa', 'Xf9acEwOP', NULL, NULL, 0, 0, '{\"1\":\"2\"}', '112.119.76.2', 1, 0, '', '', '2020-12-22 09:39:51'),
(413, 1, 0, 1, 'Mandy', 'Shum', 'mandyshum29@gmail.com', '7867555510', '', '964994bde96fc3da00c8c47ff5f11b84f673cf81', 'TShL0j3sV', NULL, NULL, 0, 0, '{\"1\":\"2\"}', '92.6.44.36', 1, 0, '', '', '2020-12-21 03:01:17'),
(412, 1, 0, 2, 'Ho Kiu Friedon', 'Keung', 'hobef@hotmail.com', '60369008', '', '97869d6b582b69d6834d56cb9173a2ffe8d99cf6', 'KXjdsyu0Q', NULL, NULL, 0, 0, '{\"1\":\"1\"}', '182.239.119.19', 1, 0, '', '', '2020-12-20 22:26:57'),
(411, 1, 0, 1, 'Mandy', 'Shum', 'mandyshum29@gmail.co.uk', '07867 555510', '', '22aea52e23de32e450c8302f7b29a5fbbb2ee6a0', 'hCqUjbz4Y', NULL, NULL, 0, 0, '{\"1\":\"2\"}', '92.6.44.36', 1, 0, '', '', '2020-12-19 05:00:48'),
(410, 1, 0, 1, 'LARRY', 'HSIAO', 'CARAUDIO902@HOTMAIL.COM', '14168271914', '', 'bf16ee6b507785d2bb5505bd6ff8f3108c331059', 'eC3xozCbq', NULL, NULL, 0, 0, '{\"1\":\"1\"}', '99.245.113.96', 1, 0, '', '', '2020-12-18 09:39:39'),
(409, 1, 0, 2, 'Ying Pong', 'Chow', 'alextour0909@gmail.com', '56314798', '', '11f3854c66386b666a4733c8e3c46ee067ee2c26', 'FcBZDBLH3', NULL, NULL, 0, 0, '{\"1\":\"1\"}', '124.217.189.222', 1, 0, '', '', '2020-12-16 12:33:04'),
(408, 1, 0, 1, 'Mike', 'Banner', 'mikebanner80@googlemail.com', '69073085', '', '9c52a49a953f73a2fe263334df0f018203ae6709', '4aIu0ihtM', NULL, NULL, 0, 0, '{\"1\":\"1\"}', '1.36.132.230', 1, 0, '', '', '2020-12-09 19:53:33'),
(407, 1, 0, 2, 'Ka Yin', 'Leung', 'kleung96@gmail.com', '91205991', '', 'fd0222aa0f64e2cc9454a1f3771ad46154fe0559', 'GkwInxe9D', NULL, NULL, 1, 0, '{\"1\":\"1\"}', '223.255.142.142', 1, 0, '', '', '2020-12-09 16:13:28'),
(406, 1, 0, 2, 'Kimmy', 'Mui', 'kimmymui@netvigator.com', '90360327', '', '8e5b39effc031c584f1567a4b8bd7c362238ed78', 'VVpkjFbg2', NULL, NULL, 0, 0, '{\"1\":\"2\"}', '42.200.234.126', 1, 0, '', '', '2020-12-01 22:03:49'),
(405, 1, 0, 1, 'Dayle', 'Harris', 'lavenderdayle@gmail.com', '886905550650', '', 'cb1ce9231c091250e8a5656542e0b9bbe9ea64ea', 'lcjB993vJ', NULL, NULL, 0, 0, '{\"1\":\"1\"}', '143.244.34.226', 1, 0, '', '', '2020-11-26 11:55:52'),
(404, 1, 0, 1, 'Milanka', 'Kosovac', 'milankakosovac@gmail.com', '+ 46 721981484', '', '2b9bd85d57eee10b86f905ba402f121936d0cad2', '6Qk0z1zc3', NULL, NULL, 1, 0, '{\"1\":\"2\"}', '213.130.119.247', 1, 0, '', '', '2020-11-25 21:47:08'),
(403, 1, 0, 1, 'MING', 'CHAO', 'chmingkimo@gmail.com', '+886915975569', '', 'b99df412ced4f8a81f076254c09433a25e927ec6', '1kYTVNU5i', NULL, NULL, 0, 0, '{\"1\":\"1\"}', '219.85.176.10', 1, 0, '', '', '2020-11-21 06:36:37'),
(402, 1, 0, 1, 'Yong hwee', 'Lee', 'Andy_leeyh@yahoo.com.sg', '+6590706013', '', '1f6b6978529d6684162ff8487ad4f5d9802c9ae6', 'q3wfV6Zxy', NULL, NULL, 0, 0, '{\"1\":\"1\"}', '119.246.155.190', 1, 0, '', '', '2020-11-18 22:48:43'),
(401, 1, 0, 2, 'Iris', 'Tsang', 'iris.tsang@yahoo.com', '98331866', '', '89ffda9cb179bca433fd4966decc8fe7ec0ff16b', 'EfumfyRno', NULL, NULL, 1, 0, '{\"1\":\"2\"}', '14.198.182.174', 1, 0, '', '', '2020-11-18 20:53:58'),
(400, 1, 0, 2, 'Wai Tung', 'Chan', 'waitung612@gmail.com', '60538267', '', 'f67e0c52ab89bcd5b5895604f059d4da0d010f8d', 'PCoo6hSPn', NULL, NULL, 0, 0, '{\"1\":\"1\"}', '218.103.55.10', 1, 0, '', '', '2020-11-13 14:47:05'),
(399, 1, 0, 2, 'Tseto', 'Wai han', 'toto101876@gmail.com', '97750446', '', '531a77dbc23f54267cc6ea04eba4dc71bbb1fa0e', 'gjzV8ywYP', NULL, NULL, 0, 0, '{\"1\":\"2\"}', '203.145.95.121', 1, 0, '', '', '2020-11-09 13:46:08'),
(398, 1, 0, 1, 'Jeanie', 'Mclean', 'chang23jean@yahoo.com.sg', '97599193', '', 'daddce4677cbb13ed4adb6bb47c3bd1dea38e40c', 'fpQZCKuXt', NULL, NULL, 0, 0, '{\"1\":\"2\"}', '116.14.95.192', 1, 0, '', '', '2020-10-30 07:47:17'),
(397, 1, 0, 1, 'D', 'Chan', 'dnachan@hotmail.com', '4168189825', '', '10420b7a0b558f0ae06304010d82aee5a2a3f3f5', 'BLrl7ShIA', NULL, NULL, 1, 0, '{\"1\":\"2\"}', '99.244.39.102', 1, 0, '', '', '2020-10-24 11:50:38'),
(396, 1, 0, 1, 'Olya', 'Zayts', 'oazayts@gmail.com', '95136966', '', '9c83bb1039c13db88e023edbf3577d9f24b6af03', 'TgK6AjqS6', NULL, NULL, 1, 0, '{\"1\":\"2\"}', '222.167.159.80', 1, 0, '', '', '2020-10-23 21:15:44'),
(395, 1, 0, 2, 'Celina', 'Ma', 'celinakwma@yahoo.com.hk', '63821248', '', '2581df747fbafe15acbb115be65448d6fbf09834', '5fkfN353x', NULL, NULL, 0, 0, '{\"1\":\"2\"}', '58.153.34.162', 1, 0, '', '', '2020-10-12 10:02:40'),
(394, 1, 0, 2, 'peter', 'cheung', 'daddy.cheung@gmail.com', '+447751890077', '', '8f18656a275996c8eba2ca431338b370ce1b4898', 'yawlAI4PF', NULL, NULL, 1, 0, '{\"1\":\"1\"}', '2.29.48.44', 1, 0, '', '', '2020-10-10 02:24:36'),
(393, 1, 0, 2, 'Jeffrey', 'Hui', 'jeffreyhui.jh@gmail.com', '60203140', '', 'b6fdcb450c2769e3a786416cfe9a14249981cd3c', 'hCgTpeNZG', NULL, NULL, 0, 0, '{\"1\":\"1\"}', '116.48.2.235', 1, 0, '', '', '2020-10-06 14:23:08'),
(392, 1, 0, 2, 'Chuan Chieh', 'Wang', 'ricky_wcc@163.com', '98163055', '', 'e1b0b6d00befacba4a77c16dbec2afbb3545fd98', 'Hv0MRzMRg', NULL, NULL, 1, 0, '{\"1\":\"1\"}', '116.48.66.213', 1, 0, '', '', '2020-10-04 21:30:27'),
(391, 1, 0, 1, 'Simon', 'Chong', 'simon@psau.com', '+61411766188', '', '972b7821d4cdf3fbb6cac9a63e6422706e3f790a', 'hZ9ZkVXzG', NULL, NULL, 0, 0, '{\"1\":\"1\"}', '175.39.217.253', 1, 0, '', '', '2020-09-24 19:51:26'),
(390, 1, 0, 1, 'Svitlana', 'Degtyarenko', 'sv-du@mail.ru', '380508580555', '', '27fc748907a24aca7af078b2d01bf992b329e088', 'eE2BWTv5K', NULL, NULL, 0, 0, '{\"1\":\"2\"}', '87.254.251.57', 1, 0, '', '', '2020-09-22 14:50:31'),
(389, 1, 0, 1, 'David Andrew', 'Roden', 'davidroden@netvigator.com', '97743238', '', '6e84e62e7586b23c87e7c14a5d110ef657720cb3', 'sd75THHhY', NULL, NULL, 0, 0, '{\"1\":\"1\"}', '219.73.10.209', 1, 0, '', '', '2020-09-20 12:58:08'),
(388, 1, 0, 1, 'Igor', 'Buć', 'baron.of.void@gmail.com', '38542331377', '', '1ee7c7ffac42aa43caf3615a78c07e767a9342f3', 'EVGZqBsR5', NULL, NULL, 0, 0, '{\"1\":\"1\"}', '109.227.19.234', 1, 0, '', '', '2020-09-19 03:24:47'),
(387, 1, 0, 2, 'James', 'Liu', 'liukayfung@hotmail.com', '60101385', '', '8d6083176ad152272bfc82003c6ba0452e62bf55', 'gQ82zWqCw', NULL, NULL, 1, 0, '{\"1\":\"1\"}', '1.36.229.128', 1, 0, '', '', '2020-09-12 00:50:46'),
(386, 1, 0, 2, 'Man', 'Yuen', 'tingting-610@hotmail.com', '93543555', '', '310b5d093a7cf41821e2970a8f268702558a9b39', 'Wr1EybQj3', NULL, NULL, 1, 0, '{\"1\":\"1\"}', '42.3.29.99', 1, 0, '', '', '2020-09-11 23:57:57'),
(385, 1, 0, 1, 'KC', 'SOO', 'kcsoo99@yahoo.com', '19497328866', '', 'f71402c69c6cd3c7f4f5457f3ef64892d974ee8f', '3mJd8oye5', NULL, NULL, 1, 0, '{\"1\":\"1\"}', '98.164.216.104', 1, 0, '', '', '2020-09-09 13:21:17'),
(384, 1, 0, 1, 'Grace', 'Ng', 'N_grace@hotmail.com', '61557625', '', 'dd70230556b4ca7d08b2f6bee5468f3c01a64b77', 'VTAuzDf0g', NULL, NULL, 0, 0, '{\"1\":\"2\"}', '23.16.75.157', 1, 0, '', '', '2020-09-08 11:46:35'),
(383, 1, 0, 2, 'Wing Yan June', 'Chan', 'junechan025@hotmail.com', '60434999', '', '7eeb2cd526ac92c6615f777bc9fa37f068bce253', 'KwHraTvzn', NULL, NULL, 0, 0, '{\"1\":\"2\"}', '210.6.117.112', 1, 0, '', '', '2020-09-06 23:25:51'),
(382, 1, 0, 2, 'Daphne', 'Chan', 'daphne12b@gmail.com', '61977987', '', '4e92e79a04634510b1949a7b606ae63789cec29b', '2tP05rM9z', NULL, NULL, 0, 0, '{\"1\":\"2\"}', '49.130.130.157', 1, 0, '', '', '2020-09-06 11:22:50'),
(381, 1, 0, 1, 'Kam', 'Foong', 'elainefoong111@gmail.com', '424767205', '', 'e3b16edada234b8d5f3884dd8381d270a73898f4', '2nWl9vcG9', NULL, NULL, 1, 0, '{\"1\":\"2\"}', '172.197.93.90', 1, 0, '', '', '2020-09-02 07:59:10'),
(380, 1, 0, 1, 'MF', 'Choi', 'yoanne.choi@gmail.com', '31624527628', '', 'd2bebf617a992fcb5eb607bb38da50db418ae52f', 'fxYYkktFi', NULL, NULL, 0, 0, '{\"1\":\"2\"}', '213.127.12.108', 1, 0, '', '', '2020-08-30 03:20:06'),
(379, 1, 0, 2, 'Jane', 'Chan', 'chunjane827@gmail.com', '68412983', '', '5c08efa1fdab0448f30a1bfaa4295df5fab394f2', 'Utydix2tN', NULL, NULL, 0, 0, '{\"1\":\"2\"}', '119.236.78.127', 1, 0, '', '', '2020-08-25 21:29:05'),
(378, 1, 0, 2, 'Lek Kin', 'Wong', 'wonglekkin@netscape.net', '92257769', '', '1d1515a1b997f6bf848994b28a636192efb337c4', 'AD1e5Caa5', NULL, NULL, 0, 0, '{\"1\":\"1\"}', '116.92.188.206', 1, 0, '', '', '2020-08-24 11:25:36'),
(377, 1, 0, 2, 'Winston', 'Wong', 'wongcww360@gmail.com', '60560046', '', 'b51757a3669db58cbda7918201d50002d1f5db53', 'uEDgCKTMC', NULL, NULL, 0, 0, '{\"1\":\"1\"}', '14.0.225.135', 1, 0, '', '', '2020-08-23 17:46:41'),
(376, 1, 0, 1, 'Fung', 'Charles', 'cfkf2004@yahoo.com.hk', '93279237', '', '1b544ed804d45c113590787fba0a78aaef601c67', 'ecjSDyuF8', NULL, NULL, 0, 0, '{\"1\":\"1\"}', '203.218.90.69', 1, 0, '', '', '2020-08-18 18:55:38'),
(375, 1, 0, 1, 'CHEONG NAM', 'HO', 'lbcom2@yahoo.com.hk', '853 66828159', '', '16db4bb3353d3933ff4db1299b3912b209fff738', 'VAxtVmdga', NULL, NULL, 0, 0, '{\"1\":\"1\"}', '60.246.93.51', 1, 0, '', '', '2020-08-18 04:25:53'),
(374, 1, 0, 2, 'Carmen', 'Law', 'eggcarmen@gmail.com', '93504400', '', '947f1bd43232647e306beff666169747abfea7b5', 'FR3BYNCRf', NULL, NULL, 0, 0, '{\"1\":\"2\"}', '183.178.130.196', 1, 0, '', '', '2020-08-17 19:10:48'),
(373, 1, 0, 2, 'Amy', 'Chow', 'amy_chow168@yahoo.com.hk', '91978803', '', 'aa16582bdc91db8095ba3406c84e2faf0c3a7e15', 'ecynKZWqY', NULL, NULL, 0, 0, '{\"1\":\"2\"}', '1.64.15.51', 1, 0, '', '', '2020-08-16 14:03:06'),
(372, 1, 0, 1, 'tsuyoshi', 'yamamoto', 'brother4454@gmail.com', '9032269666', '338002122', 'dacfb232777551060dbd744cdb68912a24476e54', 'UQuPUk5TD', NULL, NULL, 0, 0, '{\"1\":\"1\"}', '49.98.80.151', 1, 0, '', '', '2020-08-14 12:06:09'),
(371, 1, 0, 2, 'Betty', 'Wong', 'bettywong0313@yahoo.com', '92843499', '', 'b841afda824c636ec73573e402daeaecbde445f9', 'feRsUTVun', NULL, NULL, 0, 0, '{\"1\":\"2\"}', '124.217.189.133', 1, 0, '', '', '2020-08-13 11:21:40'),
(370, 1, 0, 1, 'Kat', 'Johnson', 'kjohnsonlf@gmail.com', '64984366', '', '078cfb1606ffecc78d5ef6d3e193da9c22dbf862', 'yzA9CeYup', NULL, NULL, 0, 0, '{\"1\":\"2\"}', '203.168.213.36', 1, 0, '', '', '2020-08-10 21:42:38'),
(369, 1, 0, 1, 'FUNG', 'CHAN', 'chris.f.chan@esem.com.hk', '96074304', '22477001', '3dd1ba39dfcdfda3247f65677a3ffbf916ab0bbf', 'UAhqW3gWj', NULL, NULL, 0, 0, '{\"1\":\"1\"}', '218.255.171.88', 1, 0, '', '', '2020-08-05 17:50:42'),
(368, 1, 0, 1, 'BERNICE', 'YIM', 'berniceeee26@gmail.com', '68000709', '', 'de353c1e88fec626516c952c98713313a3b86d9c', 's16JUri9F', NULL, NULL, 0, 0, '{\"1\":\"2\"}', '61.244.46.138', 1, 0, '', '', '2020-08-04 13:42:58'),
(367, 1, 0, 2, 'Claire', 'Yip', 'claireyip1006@gmail.com', '66746636', '', 'e6db2707d009257c305b78f804b4ee3a94ddfda1', 'DaXt8iFmx', NULL, NULL, 0, 0, '{\"1\":\"2\"}', '183.178.133.35', 1, 0, '', '', '2020-07-31 21:55:42'),
(366, 1, 0, 2, 'Pui Ying', 'Fung', 'phebefung214@ymail.com', '97685078', '', '9a3528c80fcaa9197bddd6b86676f9bdf7b2ff4b', '9YJFCLF2G', NULL, NULL, 0, 0, '{\"1\":\"2\"}', '42.2.65.119', 1, 0, '', '', '2020-07-30 16:28:05'),
(365, 1, 0, 1, 'T', 'Thio', 'thian34@hotmail.com', '26682666', '', 'beb04d8c4e606231c24b66efa0a9f6f9370acef5', 'QGALnRVXI', NULL, NULL, 0, 0, '{\"1\":\"1\"}', '62.163.11.62', 1, 0, '', '', '2020-07-29 18:28:31'),
(364, 1, 0, 1, 'Jim', 'C', 'mychua76@gmail.com', '+6589913357', '', '065ed36a1ff4a6d2b3403958b773b2d977105b45', 'XwbN4AEmw', NULL, NULL, 1, 0, '{\"1\":\"1\"}', '103.252.203.84', 1, 0, '', '', '2020-07-28 12:27:36'),
(363, 1, 0, 2, 'Jacky', 'Choi', 'h9723012@yahoo.com.hk', '92757268', '', '31541de0cba4b6c654f3d82e9e78f8a58b94155b', 'DLnR49R0g', NULL, NULL, 1, 0, '{\"1\":\"1\"}', '118.143.84.34', 1, 0, '', '', '2020-07-28 11:49:26'),
(362, 1, 0, 2, 'Angie', 'Lau', 'hk_angielau@hotmail.com', '93242626', '', 'e209655b9d8f18b9681ce3cc08c109fed73e2373', 'cOoBpa9Vb', NULL, NULL, 0, 0, '{\"1\":\"2\"}', '42.3.29.69', 1, 0, '', '', '2020-07-26 13:20:12'),
(361, 1, 0, 2, 'Kwun shan', 'Au', 'Kwunau1228@gmail.com', '67565909', '', '613b2cc15e1a92c06b981cea5f3da0345dd7cc9c', '8v7fi4dt3', NULL, NULL, 0, 0, '{\"1\":\"1\"}', '218.255.171.88', 1, 0, '', '', '2020-07-24 23:06:29'),
(360, 1, 0, 2, 'Hilda', 'Wong', 'hilda.hfwong@gmail.com', '64154628', '', '4fc4e26209e90f0ddfe1fabd67b96239f9c10525', 'N64eXc2oZ', NULL, NULL, 0, 0, '{\"1\":\"2\"}', '116.49.201.150', 1, 0, '', '', '2020-07-23 13:22:24'),
(359, 1, 0, 0, 'mei', 'wong', 'meiwong331@yahoo.com.hk', '65733317', '', '24b01d4afb8ff3aec54281c09af5e31b9772818e', 'tAAYn0fk4', NULL, NULL, 1, 0, '{\"1\":\"2\"}', '49.130.130.90', 1, 0, '', '', '2020-07-23 11:41:46'),
(358, 1, 0, 0, 'W.', 'Lam', 'Af330d@gmail.com', '+31612578445', '', 'ad1ab9657e4c02731ae65b41963394abc274f93b', '4M8BCnw0b', NULL, NULL, 0, 0, '{\"1\":\"1\"}', '89.205.135.74', 1, 0, '', '', '2020-07-13 15:16:30'),
(357, 1, 0, 0, 'Mei Fong', 'Ho', 'Candy.m.ho@gmail.com', '57019191', '', '79975da85ada1d5bd07f2785d5ce1755c9de6db6', 'pKRukTIw4', NULL, NULL, 0, 0, '{\"1\":\"2\"}', '174.194.134.110', 1, 0, '', '', '2020-07-11 03:28:36'),
(356, 1, 0, 0, 'craig', 'Hunt', 'cdhunt@mac.com', '91237369', '', '4f724b37040f1d517f4a60ebd9840f64fdcb6e54', 'EuP04EOvl', NULL, NULL, 0, 0, '{\"1\":\"1\"}', '119.237.89.155', 1, 0, '', '', '2020-07-01 08:04:55'),
(355, 1, 0, 0, 'Pearl', 'Tam', 'p.tam107@gmail.com', '90238132', '', 'b013ac19e50a01ff0a7240460d0571b33d5b4a35', 'IYwehwZrp', NULL, NULL, 0, 0, '{\"1\":\"2\"}', '125.59.217.31', 1, 0, '', '', '2020-06-26 15:54:39'),
(354, 1, 0, 0, 'Jessica', 'Siu', 'suselu132@gmail.com', '62782426', '', '0a656b2957887487aa876af0302284eb44e9ea62', 'ZKqKg8Z1D', NULL, NULL, 0, 0, '{\"1\":\"2\"}', '14.0.164.95', 1, 0, '', '', '2020-06-20 20:31:08'),
(353, 1, 0, 0, 'Mariana', 'Fedan', 'marjashkag.mg@gmail.com', '632189903', '', '202b46ec2ec7be96d9b23ecf0972dc8ae0ec82ff', '1BskR3TGm', NULL, NULL, 1, 0, '{\"1\":\"2\"}', '188.26.215.80', 1, 0, '', '', '2020-06-20 14:41:25'),
(352, 1, 0, 0, 'sami', 'alquqa', 'sabbahmohammed2@gmail.com', '8547854852', '', '71453768d5d3473dcaf912a76d3936ee69e2341c', 'ZQRzEljfM', NULL, NULL, 0, 0, '{\"1\":\"1\"}', '188.161.106.170', 1, 0, '', '', '2020-06-18 20:30:22'),
(351, 1, 0, 0, 'Zynette', 'Laskerr', 'zglaskerr@gmail.com', '8137120582', '', '6aeab064aff0f61b38cfaf02e386ec0eefcd533c', 'G4XvY0hMj', NULL, NULL, 1, 0, '{\"1\":\"2\"}', '47.197.53.238', 1, 0, '', '', '2020-06-11 18:42:12'),
(350, 1, 0, 0, 'Mike', 'Lee', 'mikeleehm73@gmail.com', '96929246', '', 'e3463b7afd980b482cec09f206691403e85269d6', '3syVFCwNd', NULL, NULL, 0, 0, '{\"1\":\"1\"}', '119.56.104.158', 1, 0, '', '', '2020-06-08 20:52:11'),
(349, 1, 0, 0, 'peter', 'sims', 'petesims247@hotmail.com', '+85251056327', '', '597b11dad314e47dd6efe767d8584b8481eca8fc', 'Yd79fGJmL', NULL, NULL, 0, 0, '{\"1\":\"1\"}', '218.255.170.147', 1, 0, '', '', '2020-06-07 22:03:08'),
(348, 1, 0, 0, 'Mony', 'Lau', 'lau.mony@gmail.com', '4168029799', '', 'cdc48071c2e8309d4f551294ee70af3a6aee4864', 'ZzIW85i7M', NULL, NULL, 1, 0, '{\"1\":\"2\"}', '70.26.84.185', 1, 0, '', '', '2020-06-04 08:59:01'),
(347, 1, 0, 0, 'arthur', 'chen', 'achen@neocon.co', '008617717322323', '', '181ec59443aefef653884b8f2a990f11755633f4', 'EgesPL0yP', NULL, NULL, 0, 0, '{\"1\":\"1\"}', '124.78.116.73', 1, 0, '', '', '2020-06-03 13:45:27'),
(346, 1, 0, 0, 'KY', 'NG', 'ng_kayiu@hotmail.com', '66748504', '', '0203673f77f52fe26e5a700c67a40bf0df6f058d', '4ZlrmAAYN', NULL, NULL, 0, 0, '{\"1\":\"2\"}', '223.19.101.125', 1, 0, '', '', '2020-05-26 21:14:04'),
(345, 1, 0, 0, 'Kit', 'Chan', 'Gck1023@hotmail.com', '97641393', '', '98f9910c98b709bcc08187b7428d758a90599b04', 'ihJMq3bzg', NULL, NULL, 0, 0, '{\"1\":\"1\"}', '119.237.142.114', 1, 0, '', '', '2020-05-25 18:39:17'),
(344, 1, 0, 0, 'Mariselt', 'Flores eid', 'mariselsita@hotmail.com', '631308899', '', '99f211a65166efcaf9ae6239aee467ade0607cce', 'xNTgyVA3k', NULL, NULL, 0, 0, '{\"1\":\"2\"}', '185.13.106.119', 1, 0, '', '', '2020-05-17 22:14:31'),
(343, 1, 0, 0, 'Sakhone', 'Xayyavong', 'lndinvest11@gmail.com', '+886972444282', '', 'aa6c01e770291a2f0f9404fcce58b4a736b4d3af', 'gwJQvD46S', NULL, NULL, 0, 0, '', '218.255.171.62', 1, 0, '', '', '2020-05-08 19:27:18'),
(342, 1, 0, 0, 'Jean', 'Ang', 'jean.yujing@gmail.com', '+65 97532546', '', '30539a74561586941c42819d63d05afbdceb7fe8', 'XwdQuPtnZ', NULL, NULL, 0, 0, '', '182.19.212.83', 1, 0, '', '', '2020-05-04 11:23:22'),
(341, 1, 0, 0, 'Derek', 'Le', 'derekle_mo@yahoo.com', '4173883638', '', '065ae507d2ba174844dac20aa282c14366b91122', 'RSq5lQPYf', NULL, NULL, 1, 0, '', '24.35.243.107', 1, 0, '', '', '2020-05-02 23:12:30'),
(340, 1, 0, 0, 'Carol', 'Lam', 'Cafecarol2@yahoo.com.hk', '93117231', '', 'b44def9eb17c453ba61526798d9288ecfeabdc6e', 'T2hkC8jfw', NULL, NULL, 0, 0, '', '210.6.134.114', 1, 0, '', '', '2020-04-27 16:53:58'),
(339, 1, 0, 0, '雪蓮', '陳', 'cherylcharlene@hotmail.com', '65287277', '', '9fece314683f8934f1bf06f6150d1650da70c67a', 'w8I0lggS1', NULL, NULL, 1, 0, '', '219.77.50.212', 1, 0, '', '', '2020-04-26 10:29:39'),
(338, 1, 0, 0, 'Hubert', 'Cano', 'hubertcano@yahoo.com', '7879985231', '', 'd36770cc6273c0a2fe3d012eb69041acdb6fe5de', 'eCAyp1p52', NULL, NULL, 0, 0, '', '24.171.216.121', 1, 0, '', '', '2020-04-26 06:24:00'),
(337, 1, 0, 0, 'KA KEI', 'CHING', 'cckk_621@hotmail.com', '90333439', '', '1acb026b70c825b59dddbeba29ead141818c24c4', 'xbmOyg2Tt', NULL, NULL, 0, 0, '', '202.82.16.97', 1, 0, '', '', '2020-04-24 19:08:16'),
(336, 1, 0, 0, 'Foo', 'Foo', 'ssfoo10@gmail.com', '94888380', '', 'e2df14bd594696312b17bd59abe81cbe62616cff', 'BhJzZN3XW', NULL, NULL, 0, 0, '', '116.89.114.99', 1, 0, '', '', '2020-04-24 16:53:14'),
(335, 1, 0, 0, 'Anastasija', 'Cpalina', 'terchia2323@gmail.com', '861424788', '', '9362b55f95c41285968fbe8819b9aa6438faeca1', 'C53eLH8vz', NULL, NULL, 0, 0, '', '85.232.128.76', 1, 0, '', '', '2020-04-22 08:35:46'),
(334, 1, 0, 0, 'M', 'Chan', 'mavis.chankwan@gmail.com', '91977621', '', '953bde9fd480b093c8846c4a2e4c135513e28a76', '7a1HApvdG', NULL, NULL, 0, 0, '', '112.118.184.133', 1, 0, '', '', '2020-04-21 23:05:24'),
(333, 1, 0, 0, 'Carl', 'Carl', 'carl7r7gibson@gmail.com', '1+7144603892', '1+7147309718', 'd9d3ddec94af588269f5018220655a56b03adeac', 'PNn77fwXn', NULL, NULL, 0, 0, '', '45.50.231.160', 1, 0, '', '', '2020-04-21 15:30:14'),
(332, 1, 0, 0, 'Bella', 'Wong', 'bellawcy@gmail.com', '96442705', '', '0702353f606589f42929774b8778434d5cb31e0a', 'MEuTOagkw', NULL, NULL, 1, 0, '', '113.252.117.2', 1, 0, '', '', '2020-04-20 13:54:10'),
(331, 1, 0, 0, 'Horace', 'Lo', 'lowing1102@yahoo.com.hk', '67059000', '', 'dd4a2d514dc5bc78d4123fe1155f28c7782be7a8', 'PI6DHnhDv', NULL, NULL, 0, 0, '', '124.217.189.54', 1, 0, '', '', '2020-04-19 16:23:10'),
(330, 1, 0, 0, 'Wai man', 'Fung', 'wmfung15@gmail.com', '92523324', '', '9e08ef8fcb6131b06cd186347b7b7d8e9dfb705b', 'rLCx6uRMr', NULL, NULL, 0, 0, '', '119.247.180.95', 1, 0, '', '', '2020-04-19 16:00:36'),
(329, 1, 0, 0, 'Lisa', 'Tong', 'lisatong88@hotmail.com', '90203224', '', '10a9ba693c68dad43672290dc51329f36561415a', 'wMqfI3HJT', NULL, NULL, 0, 0, '', '58.176.213.64', 1, 0, '', '', '2020-04-16 16:12:00'),
(328, 1, 0, 0, 'Man', 'Yee', 'maytomboo31@gmail.com', '62851758', '', 'e5c400e8e5871688d432d6e485b305c528962af0', 'etR2zQ8EB', NULL, NULL, 1, 0, '', '219.78.218.50', 1, 0, '', '', '2020-04-16 12:23:21'),
(327, 1, 0, 0, 'test', 'test', 'mzhang9413@gmail.com', '21100987', '', 'ae9d90d38b39760bdc5dfb0249f2d87f558459ec', 'jZ8KOC9aK', NULL, NULL, 0, 0, '', '218.255.171.62', 1, 0, '', '', '2020-04-16 12:01:20'),
(326, 1, 0, 0, 'Billy', 'Au', 'Billyau@kimo.com', '91027982', '', '1340aae8203c527d60003bc202e3a97d28c75aed', 'zy5IPG7fn', NULL, NULL, 0, 0, '', '222.167.19.70', 1, 0, '', '', '2020-04-16 00:27:43'),
(325, 1, 0, 0, 'Chloe', 'Poon', 'chloetypun@yahoo.com.hk', '61914400', '', '73e90e90724da7daedd748a66e9b66b23547fa65', 'bx79Y7IsV', NULL, NULL, 0, 0, '', '219.77.119.172', 1, 0, '', '', '2020-04-15 13:38:31'),
(324, 1, 0, 0, 'ETO', 'Amatasia', 'yacht13698@gmail.com', '+44 746 748 5904', '', '0cd699cca1ef7c9ff1d75254c1ed5acf1aee1237', 'IiRVM3Jb7', NULL, NULL, 0, 0, '', '89.185.140.30', 1, 0, '', '', '2020-04-14 21:33:42'),
(323, 1, 0, 0, 'Marco', 'Agosto', 'marcoagosto@yahoo.com', '00393471586062', '', 'a0678ea96a8f3aa836fa1eabbcfcdebbe6817205', '74FZerkA5', NULL, NULL, 0, 0, '', '62.19.200.1', 1, 0, '', '', '2020-04-10 17:22:43'),
(322, 1, 0, 0, 'Ho', 'Yin', 'hokacat@gmail.com', '90114233', '', '84f280beff42f7097cad9b78dffb8fb4ca04d142', 'CBsEkmCRz', NULL, NULL, 0, 0, '', '45.64.241.104', 1, 0, '', '', '2020-04-10 08:43:31'),
(321, 1, 0, 0, 'László', 'Nock', 'nock.laszlo@gmail.com', '+36702568756', '', '84fff6920adef287c2454e9cb08b1778c21a4cce', 'puZzek2sn', NULL, NULL, 1, 0, '', '78.31.238.8', 1, 0, '', '', '2020-04-10 04:09:11'),
(320, 1, 0, 0, 'Tsz leung', 'Chan', 'thanksleung@hotmail.com', '95112957', '', '7c1ebaefed24405a90c867b23e8b8fd179a30846', 'jhTVUtgrK', NULL, NULL, 0, 0, '', '14.0.230.104', 1, 0, '', '', '2020-04-07 15:26:55'),
(319, 1, 0, 0, 'Sheri', 'Garst', 'antimatter@collector.org', '(480) 327-7621', '', '3101602251956bbfd59b0b8bee6bd4f729e5c732', 'il5QyJkZ9', NULL, NULL, 0, 0, '', '198.15.66.67', 1, 0, '', '', '2020-04-07 07:17:56'),
(318, 1, 0, 0, 'Sarah', 'Ferguson', 'Sarahlansan@gmail.com', '62987560', '', '830b6a2228e51e4acff6b0f0f4a2fcd21772fa92', 'TmR82wZk0', NULL, NULL, 0, 0, '', '49.130.128.192', 1, 0, '', '', '2020-04-04 18:48:52'),
(317, 1, 0, 0, 'Alessia', 'Fraschetti', 'alessia.f72@gmail.com', '3471887054', '', '6050d2a60381b31175a44fb35a437bca06346911', 'oGxktZWvQ', NULL, NULL, 0, 0, '', '93.44.101.98', 1, 0, '', '', '2020-04-04 02:58:32'),
(316, 1, 0, 0, 'Sin Ying', 'NG', 'sinyingng@yahoo.com.hk', '68571194', '', 'd45d5ff9f7d074be821395195f955f40e1b19c32', 'xDCpNqaxp', NULL, NULL, 0, 0, '', '14.199.216.215', 1, 0, '', '', '2020-04-01 16:02:19');
INSERT INTO `customer` (`customer_id`, `customer_group_id`, `store_id`, `language_id`, `firstname`, `lastname`, `email`, `telephone`, `fax`, `password`, `salt`, `cart`, `wishlist`, `newsletter`, `address_id`, `custom_field`, `ip`, `status`, `safe`, `token`, `code`, `date_added`) VALUES
(315, 1, 0, 0, 'Ceci', 'So', 'ceciso0818@ymail.com', '96011601', '', '8e452b369cce773411f572c19a6f74030853f1d0', 'sSPpxwJKd', NULL, NULL, 0, 0, '', '112.119.71.245', 1, 0, '', '', '2020-04-01 15:53:47'),
(314, 1, 0, 0, 'Namito', 'Sato', 'namitosato@yahoo.co.jp', '+818048907310', '', 'c3e6d5a0d705751daacc5f89b4ce892e12a8271d', '7Sw6NHZIM', NULL, NULL, 1, 0, '', '126.182.156.153', 1, 0, '', '', '2020-04-01 01:21:12'),
(313, 1, 0, 0, 'Joanna', 'Li', 'lijoanna13@gmail.com', '91532845', '', '51ba07e207d2bab7d3176722264c42261ad2cb39', 'Lg9mPiSdb', NULL, NULL, 0, 0, '', '1.64.169.26', 1, 0, '', '', '2020-03-30 16:24:05'),
(312, 1, 0, 0, 'Yuet', 'Lam', 'rolalamyuet@gmail.com', '54030225', '', 'ef54ae8c72fab3f833ed3a136c56f837395b23b4', 'ypS9GHIRd', NULL, NULL, 0, 0, '', '123.202.117.54', 1, 0, '', '', '2020-03-30 15:40:00'),
(311, 1, 0, 0, 'Hung', 'Suen', 'Lazrasalon@gmail.com', '7323222692', '', '3f135dc9398b108aac43b500e5665d4a90c5e76f', 'u9rSo24G2', NULL, NULL, 0, 0, '', '73.197.92.17', 1, 0, '', '', '2020-03-27 00:22:25'),
(310, 1, 0, 0, 'Tong', 'Cui', 'teresacui@yahoo.com', '519-818-9998', '', '6a8912d602acd0f5981b37371dd373aa329bc831', '4rBdU3B9D', NULL, NULL, 0, 0, '', '24.57.142.29', 1, 0, '', '', '2020-03-26 04:25:18'),
(309, 1, 0, 0, 'Rachel', 'Chan', 'racwchan@gmail.com', '97588189', '', '766c7ff07f1d8eaa1483e0996fb8f07af3a0210f', 'z2ivHvr2G', NULL, NULL, 0, 0, '', '1.36.23.210', 1, 0, '', '', '2020-03-22 14:44:11'),
(308, 1, 0, 0, 'Alexandra', 'Kelaty', 'bhagija@me.com', '7920800030', '', 'e403613d6eb56793e1efa3277ccb7ad5fc863536', 'Xpuw8Si84', NULL, NULL, 0, 0, '', '86.170.247.129', 1, 0, '', '', '2020-03-21 22:15:52'),
(307, 1, 0, 0, 'Fulvio', 'Calvano', 'nonceunniknamelibero@gmail.com', '+393474990055', '', '5e39e53f49a9e095f9e80d7a4ba8b4ea287dbaf4', 'kOBHttia7', NULL, NULL, 0, 0, '', '47.53.95.154', 1, 0, '', '', '2020-03-21 03:34:22'),
(306, 1, 0, 0, 'Anita', 'Khubchandani', 'anitakhubchandani@gmail.com', '+6585185879', '', 'afbd8fe469f3c1f07402288014d91af2af69cfdd', 'zNdMaW6vr', NULL, NULL, 0, 0, '', '138.75.175.143', 1, 0, '', '', '2020-03-17 12:37:46'),
(305, 1, 0, 0, 'yuenshan', 'Tong', 'Youkudy@live.hk', '+85268450016', '', 'cb607d39b66bd0fba7ad21657b830005735b4d9d', 'Ts4qVqfXG', NULL, NULL, 0, 0, '', '58.176.1.218', 1, 0, '', '', '2020-03-16 12:43:22'),
(304, 1, 0, 0, 'Linqing', 'Cui', 'chobitsclq@gmail.com', '0425211014', '', '36bc1aa682f38c052c9d6c2a1ba34541ae458a5b', 'F15QXPzk4', NULL, NULL, 0, 0, '', '110.20.118.16', 1, 0, '', '', '2020-03-14 21:06:43'),
(303, 1, 0, 0, 'Jeffrey', 'Lai', 'jeffrey.w.lai@gmail.com', '3474450927', '', 'd3acd7d5ee0db90f0e167aae97887d56d81d27b8', 'NJL0PmrQ5', NULL, NULL, 0, 0, '', '71.105.91.91', 1, 0, '', '', '2020-03-13 12:52:49'),
(302, 1, 0, 0, 'Roberto', 'Zuccarini', 'robertozuccarini@email.it', '3382809799', '', '09679477421c24565f3b730d4460ac02ae14dd90', 'PMMpOQaKz', NULL, NULL, 0, 0, '', '37.186.245.118', 1, 0, '', '', '2020-03-13 02:49:48'),
(301, 1, 0, 0, 'Isa', 'Tam', 'iwftam@yahoo.com.hk', '62007392', '', '3d56b5cb0993520e7340b898545564aa8f5277fa', 'cE1PldYrm', NULL, NULL, 1, 0, '', '42.2.80.42', 1, 0, '', '', '2020-03-11 20:05:00'),
(300, 1, 0, 0, '嘉雯', '盧', 'lokaman@livemail.tw', '69351513', '', '010702d3a39a507b9fbb9a86ea1b6db7946a4a7c', 'ihD7ZhjHE', NULL, NULL, 0, 0, '', '45.64.242.162', 1, 0, '', '', '2020-03-10 11:44:54'),
(299, 1, 0, 0, 'Jesse', 'Kang', 'jessesaekang@gmail.com', '61225273', '', 'f5df10af4124255ca5a612711068c0d6419513f8', 'uiYaIXNyl', NULL, NULL, 0, 0, '', '119.246.3.155', 1, 0, '', '', '2020-03-09 23:19:40'),
(298, 1, 0, 0, 'Manlai', 'Cheng', 'fm_cheng@hotmail.com', '9179715989', '', 'd7d1f53e4e33a51dd65400bc7360d61e52a171fc', 'VXn8lypbR', NULL, NULL, 0, 0, '', '173.52.103.53', 1, 0, '', '', '2020-03-09 20:51:03'),
(297, 1, 0, 0, 'hongyu', 'burnett', 'chloew@163.com', '4034615509', '', 'd08001931165352c1038b6c2a67053679cd9a77d', 'a9ri4mKqI', NULL, NULL, 0, 0, '', '75.159.28.83', 1, 0, '', '', '2020-03-05 03:48:15'),
(296, 1, 0, 0, 'Louis', 'Mak', 'louismak8526@gmail.com', '51154341', '', '875d591b6758f38006016a4337532026884e2525', '0lqsfnTxT', NULL, NULL, 0, 0, '', '45.64.242.180', 1, 0, '', '', '2020-03-04 17:52:32'),
(295, 1, 0, 0, 'lai chu', 'yau', 'juliayaulc@gmail.com', '67419926', '67419926', '05679d04df6f3d9b3137cd0c8ac303e3b0eedd41', 'j3oN9yClz', NULL, NULL, 1, 0, '', '125.215.205.138', 1, 0, '', '', '2020-03-03 15:19:51'),
(294, 1, 0, 0, 'daohua', 'chen', 'merchantrisk2@aliyun.com', '13014896596', '', '6708f7037deeeb06bf2f8d3a829ad51692c540d5', '7Dzkrqtlf', NULL, NULL, 0, 966, '', '218.74.29.85', 1, 0, '', '', '2020-03-02 11:06:02'),
(293, 1, 0, 0, 'William', 'Tang', 'tkwtang@ymail.com', '91216467', '', '90444f94875c9163734355410e99e72a9d399235', 'ze0i4HBXO', NULL, NULL, 1, 965, '', '223.16.0.214', 1, 0, '', '', '2020-02-26 23:49:04'),
(292, 1, 0, 0, 'Mona', 'Van Thienen', 'Monavt@hotmail.be', '0477747766', '', '49c3263dfef39a693f731a47da328366c7d73942', 'c05hV5QoR', NULL, NULL, 0, 964, '', '81.11.237.41', 1, 0, '', '', '2020-02-26 23:10:20'),
(291, 1, 0, 0, 'kon-kwok', 'chu', 'chu.konkwok78@googlemail.com', '07884397325', '', 'e944b202e4daa4a218d4864fa811c7f1100524eb', 'r5uCoDuly', NULL, NULL, 0, 963, '', '2.102.17.97', 1, 0, '', '', '2020-02-24 19:06:48'),
(290, 1, 0, 0, 'Enid', 'Tse', 'Enidtsr@yahoo.com.hk', '91646204', '', 'be030aa95377b5f0f08d9513e926f8264a45eece', 'Scl2RlyOm', NULL, NULL, 0, 962, '', '219.76.183.104', 1, 0, '', '', '2020-02-24 18:32:31'),
(289, 1, 0, 0, 'Bradley', 'Kung', 'bkrule@hotmail.com', '416-822-7290', '', '0f7d2bd321d92ec538b2dfd5a9f39296172d3889', 'foemMfWUy', NULL, NULL, 1, 961, '', '216.165.220.253', 1, 0, '', '', '2020-02-23 06:31:12'),
(288, 1, 0, 0, 'Hugo', 'Chong', 'hugochong1213@gmail.com', '69765740', '', '5ff33be529b63c972068e47a6520a2a595f0e8a8', '6eLWz0U8i', NULL, NULL, 0, 960, '', '119.246.133.197', 1, 0, '', '', '2020-02-18 22:38:11'),
(287, 1, 0, 0, 'Pang Chun', 'Chan', 'pang0716@hotmail.com', '+85294502419', '', '0d6f15624abcc2f3c1f5c3d4c0dd0d5b16d9d9c1', '6yCdaHgiH', NULL, NULL, 1, 959, '', '75.83.185.218', 1, 0, '', '', '2020-02-15 12:45:24'),
(286, 1, 0, 0, 'Ada', 'Yuen', 'adayuen0906@yahoo.com.hk', '96003579', '', 'a4527eb6eabce5078b957a9b2c9b5b2aa5a7555b', 'PxVmrHSR5', NULL, NULL, 0, 958, '', '220.246.129.182', 1, 0, '', '', '2020-02-15 12:26:43'),
(285, 1, 0, 0, 'ben', 'Lee', 'benjaminpplee@gmail.com', '97584898', '', 'd2e9c602e0e023ec2127a5b5a8bc8bc2e061ba39', 'WZCJDaVrY', NULL, NULL, 0, 957, '', '118.140.253.46', 1, 0, '', '', '2020-02-14 09:44:56'),
(284, 1, 0, 0, 'Mango', 'Wong', 'mango_1027@hotmail.com', '60131931', '', 'fd0a0112ce406b93d4ca4194b3a29556807886ba', 'P9J1go4X9', NULL, NULL, 0, 956, '', '123.202.35.21', 1, 0, '', '', '2020-02-12 15:38:13'),
(283, 1, 0, 0, 'k', 'ko', 'kkit113@yahoo.com', '95557514', '', '66b6492eb616a892545e92f36d4390edea1cd5b0', 'dpQg4wrdp', NULL, NULL, 0, 955, '', '58.153.56.54', 1, 0, '', '', '2020-02-09 00:47:34'),
(282, 1, 0, 0, 'Cindy', 'So', 'catshop109@yahoo.com.hk', '92039542', '', '8529143c73598e0b206c16867bafbf84a2dcd60d', 'xOj5UOIUz', NULL, NULL, 0, 954, '', '61.92.54.131', 1, 0, '', '', '2020-02-06 23:40:30'),
(281, 1, 0, 0, 'Bania', 'Lau', 'mcblythe@gmail.com', '66061844', '', '99d920a12e71b02c1e667d6ce4ab118246d32de1', 'iZ0pqPOXX', NULL, NULL, 0, 953, '', '168.70.73.9', 1, 0, '', '', '2020-02-05 16:15:56'),
(280, 1, 0, 0, 'pui ling', 'chung', 'chungphoebe@yahoo.com.hk', '60128011', '', '438bcd6a308e5230f69ad712d02bb24988bf9282', 'Ecr3aUnVL', NULL, NULL, 0, 952, '', '210.3.141.186', 1, 0, '', '', '2020-02-04 15:54:49'),
(279, 1, 0, 0, 'Vivian', 'Hau', 'groovyvivian@gmail.com', '92363301', '', 'a10c88943d672d9a91c719aee6e86e1e22dd3c8a', 'nCBJO5JF5', NULL, NULL, 0, 951, '', '119.237.31.164', 1, 0, '', '', '2020-02-04 10:08:00'),
(278, 1, 0, 0, 'Jaclyyn', 'Wong', 'jacwong03@gmail.com', '90906898', '', '79bd3e2bb48cbb35d17d3545075c7a601856a8cf', 'qBEzudMq3', NULL, NULL, 0, 950, '', '31.14.74.60', 1, 0, '', '', '2020-02-04 09:42:24'),
(277, 1, 0, 0, 'Antony', 'LEE', 'leeyeel@hotmail.com', '90202075', '', 'c9638d416bbef95596ae28e41e04da2e7e455639', 'KIRmKKBn3', NULL, NULL, 0, 949, '', '58.177.125.14', 1, 0, '', '', '2020-02-04 01:56:05'),
(276, 1, 0, 0, 'Xanthe', 'CHENG', 'clslacie@gmail.com', '90783537', '', '88d6cb730d05669093325b1758b3358343ec6f2f', 'c3YNmaxQ8', NULL, NULL, 0, 948, '', '58.152.156.219', 1, 0, '', '', '2020-02-04 00:45:18'),
(275, 1, 0, 0, 'Gaio Gina', 'Lee', 'Cxcx68@hotmail.com', 'Cxcx68@hotmail.com98898938', '', '74917e7ca91ac58b1eb44f5a0dc64fb2b82c4257', 'KJOuqiFCp', NULL, NULL, 1, 947, '', '119.246.158.128', 1, 0, '', '', '2020-02-03 02:37:10'),
(274, 1, 0, 0, 'Sharon', 'Chan', 'shachan123@gmail.com', '93754935', '', '0f40ed70fd5a284ba86e14b954721e4cd7526a57', 'fWNbDBDoj', NULL, NULL, 1, 946, '', '1.36.43.13', 1, 0, '', '', '2020-02-02 17:30:33'),
(273, 1, 0, 0, 'HY', 'Shiu', 'hyshiu417@gmail.com', '62263802', '', '529cc1e439b92e2fc601d8f807ea295dcfdc412b', 'dlhlavqlC', NULL, NULL, 0, 945, '', '223.16.232.83', 1, 0, '', '', '2020-02-01 15:33:06'),
(272, 1, 0, 0, 'Eunice', 'Leung', 'Leung.eunice@ymail.com', '60854820', '', 'a27e634a40ff9a3150b919b6b5d82a6cd31511f5', 'ujr5vVUrx', NULL, NULL, 0, 944, '', '45.64.242.3', 1, 0, '', '', '2020-01-29 13:36:19'),
(271, 1, 0, 0, 'Anthony', 'Leung', 'angellun118@gmail.com', '60330413', '', '53b0e0331e9f4fdcdd712067504f3f99c74b635f', 'dqsyzjbvD', NULL, NULL, 0, 943, '', '14.0.226.139', 1, 0, '', '', '2020-01-29 07:25:12'),
(270, 1, 0, 0, 'Yi', 'Ming', 'yiminghk.1801@gmail.com', '+8526502530000', '', '5d6ada70c3e8af2eb2684473181c58a5ff973220', 'TP6nmk3lb', NULL, NULL, 0, 942, '', '104.132.115.77', 1, 0, '', '', '2020-01-29 04:22:05'),
(269, 1, 0, 0, 'tony', 'chan', 'tony@fatboyi.com', '94918897', '', '23f544b3ac9820e4b190f512fabc71db66b071d9', 'fhRkeOKRZ', NULL, NULL, 1, 941, '', '203.185.11.169', 1, 0, '', '', '2020-01-29 01:01:03'),
(268, 1, 0, 0, 'Fairy', 'Tang', 'fairy_998@hotmail.com', '93871281', '', '4ff6e43109cac9b6ead45a1d2bc781181c4aeb52', 'A2QZPC4yr', NULL, NULL, 0, 940, '', '42.2.205.196', 1, 0, '', '', '2020-01-28 11:31:52'),
(267, 1, 0, 0, 'SEK', 'LEONG', 'sekleong@yahoo.com', '3472544430', '', 'f453d078ba58f83bb241ea525c9cabf2432259d2', 'QOt0oPh3E', NULL, NULL, 0, 939, '', '74.71.153.130', 1, 0, '', '', '2020-01-28 04:07:00'),
(266, 1, 0, 0, 'Pan', 'Chijie', 'Kevin101462080@hotmail.com', '13472461809', '', 'a59dd43eadf89f53897d99d6afaf0e8901453d32', 'd4S3mnTdw', NULL, NULL, 1, 938, '[]', '101.86.140.38', 1, 0, '', '', '2020-01-25 16:03:17'),
(265, 1, 0, 0, 'CHI HO', 'CHAN', 'diochan@gmail.com', '93586266', '', 'b5877b139e8bce463e032a08d6b2eb85a37c7590', 'mcXy1bStB', NULL, NULL, 0, 937, '', '61.244.109.163', 1, 0, '', '', '2020-01-23 12:46:17'),
(264, 1, 0, 0, 'Joe', 'Ching', 'joeyen23@hotmail.com', '+447720148307', '', '7fbea83438a087fd747393b225013ad102e17a79', 'R27pBVJGR', NULL, NULL, 0, 936, '', '115.164.41.187', 1, 0, '', '', '2020-01-21 15:23:58'),
(263, 1, 0, 0, 'chak ching', 'chau', 'chauchakching@gmail.com', '64887266', '', '46c24f2fca26e1ef93037a8524fc57f0487745a9', 'Iqkockimt', NULL, NULL, 0, 935, '', '119.237.112.79', 1, 0, '', '', '2020-01-18 13:51:40'),
(262, 1, 0, 0, 'Pik Lin', 'Tang', 'Peggytang@hotmail.com', '94831923', '', 'baae84878e96eb58b4aba9684e45e7cd1dcd5262', 'R6gsUTkvj', NULL, NULL, 1, 934, '', '14.0.229.114', 1, 0, '', '', '2020-01-12 21:23:43'),
(261, 1, 0, 0, 'Cherry', 'Yau', 'c_yau1@outlook.com', '91903948', '', 'f910b7a533bb8d52c8f7028262caff47e3022b38', 'GI73QRLbQ', NULL, NULL, 0, 933, '', '165.225.116.212', 1, 0, '', '', '2020-01-09 16:41:03'),
(260, 1, 0, 0, 'CHI LAM', 'TANG', 'yuixtcl2006@gmail.com', '62888358', '', '1899b23ccc97a5fbce0a9b65a8583dfd34059daf', 'SuXVoqJUq', NULL, NULL, 0, 932, '', '182.239.85.46', 1, 0, '', '', '2020-01-08 14:12:51'),
(259, 1, 0, 0, 'PUI KI', 'LI', 'puikili@hotmail.com', '91304586', '', 'a4e01cdc1e8bbc8881a039ad2e18c38134ecb546', 'Dt2hw5S2Y', NULL, NULL, 0, 931, '', '223.197.3.124', 1, 0, '', '', '2020-01-08 12:07:29'),
(258, 1, 0, 0, '潜', '陈', 'fj35168@163.com', '15966080163', '', '917ab7ab0dbd71a9f43c8daaa6874b434245476c', 'mk2DPrWS6', NULL, NULL, 0, 930, '', '120.224.111.89', 1, 0, '', '', '2020-01-08 10:28:53'),
(257, 1, 0, 0, 'Edmund', 'Law', 'emlaw1@gmail.com', '9493466928', '', 'f5233a811e4ae152094766264ad98e890b79f567', 's3p6u4X84', NULL, NULL, 0, 929, '', '99.24.231.73', 1, 0, '', '', '2020-01-07 08:19:38'),
(256, 1, 0, 0, 'Ruby', 'Wong', 'rubygnow@gmail.com', '62916680', '', 'ed7dceda723a41f46053c5050b4cf4e4195e7c9a', '2gi2Gl7LT', NULL, NULL, 0, 928, '', '183.179.125.173', 1, 0, '', '', '2020-01-05 00:36:50'),
(255, 1, 0, 0, 'SIN MAN', 'SUN', 'mssm91@hotmail.com', '63563828', '', 'f2afa5b264d7d3a5b0409148337ea19ed777b035', 'pyjb7KRnv', NULL, NULL, 0, 927, '', '61.239.100.150', 1, 0, '', '', '2020-01-01 18:29:10'),
(254, 1, 0, 0, 'ANDY', 'ANDY', 'andyakao@gmail.com', '6047226366', '', 'd442eb10145ea05ff338086af976d24b4004b2fb', 'KjRj3O0Cy', NULL, NULL, 0, 926, '', '174.7.6.35', 1, 0, '', '', '2020-01-01 10:22:43'),
(253, 1, 0, 0, 'ken', 'wang', 'ken_wang@yahoo.com', '4155168046', '', '8384a43db3b13b932cc1d0b5ede05980dae7a221', '0penaaIOo', NULL, NULL, 0, 925, '', '45.64.242.77', 1, 0, '', '', '2019-12-31 16:14:45'),
(252, 1, 0, 0, '志炳', '黄', '279181504@qq.com', '15015565536', '', 'fda9a23de2c8ae190f8a35cbe70704a3ab977468', '2DaNoE23K', NULL, NULL, 0, 924, '', '23.83.236.88', 1, 0, '', '', '2019-12-28 16:30:16'),
(251, 1, 0, 0, 'vincent', 'chiu', 'vincentcychiu@gmail.com', '90705900', '', '0de52b8071052e16703d620f1a83c13a72b19f87', 'tYUTh9pAn', NULL, NULL, 0, 923, '', '42.200.149.205', 1, 0, '', '', '2019-12-27 18:30:50'),
(250, 1, 0, 0, 'Phoebe', 'Tsui', 'tsy48923@gmail.com', '61017783', '', '67d0339a425c5ec51283c1e35b70d2b34832766f', 'fcbdwx7aK', NULL, NULL, 0, 922, '', '203.145.95.13', 1, 0, '', '', '2019-12-24 09:40:10'),
(249, 1, 0, 0, 'Andrew', 'Sze', 'sze@astri.org', '96527862', '', '1c2a9c3e5813ccdb3e1b3a75cb04b1479d227346', 'hnCRL8Mkf', NULL, NULL, 0, 921, '', '101.78.229.4', 1, 0, '', '', '2019-12-23 10:59:24'),
(248, 1, 0, 0, '谭少利', '谭', 'tanshaoli12@sina.com', '18953416303', '', '2f5b1f9768996b100d7801e168c7ce083b42fe96', 'LeTu0eo5I', NULL, NULL, 0, 920, '', '49.7.3.75', 1, 0, '', '', '2019-12-21 11:39:03'),
(247, 1, 0, 0, 'Fung', 'Man', 'honmancontact@gmail.com', '93133515', '', '30441f6d481975ee5841f9c9ab7dd894b54b2094', 'KuwxiGRo3', NULL, NULL, 0, 919, '', '14.0.152.106', 1, 0, '', '', '2019-12-17 15:52:32'),
(246, 1, 0, 0, '曉恩', '梁', 'ginnyleunghy@gmail.com', '91261665', '24178465', '13f7c2802032d6c620411e99c991c92c3b30844e', 'sAhx9WPYY', NULL, NULL, 1, 918, '', '124.217.189.97', 1, 0, '', '', '2019-11-27 23:10:03'),
(245, 1, 0, 0, 'trhy', 'rew', 'ss@gmail.com', '9122109999', '', '2dd43fb250553a306838b44d996a0782e6b7802f', 'xoDRbUdFM', NULL, NULL, 0, 917, '', '95.71.74.23', 1, 0, '', '', '2019-11-27 14:49:42'),
(244, 1, 0, 0, 'Lap', 'Wong', 'd.man@motive-power.com.hk', '123456', '', '42539661db2ea1e4bf1d8ce51784a3e67d24a282', 'D6GhzDoUP', NULL, NULL, 0, 916, '', '183.178.8.222', 1, 0, '', '', '2019-11-27 12:23:45'),
(243, 1, 0, 0, 'Wai Kwong David', 'Lung', 'wkdlung@gmail.com', '1(917)770-9952', '', '3cb753a6cb0fb510468033f0a7b5266bc1a7c0d7', 'Hxze7uZsA', NULL, NULL, 0, 915, '', '108.46.29.18', 1, 0, '', '', '2019-11-22 22:41:42'),
(242, 1, 0, 0, 'Lewis', 'Chung', 'ccm719@gmail.com', '92333884', '', '787753d04a37e1dd715fda4d55810f9c212df62c', 'E3u6rgA1Z', NULL, NULL, 0, 914, '', '124.244.184.121', 1, 0, '', '', '2019-11-19 02:43:32'),
(234, 1, 0, 0, 'Yip', 'Joe-Hin', 'joehin30@googlemail.com', '+491733654087', '', '464450f60c43c3189274810d53e94a1e050f49ee', 'oQ7wzt4Rq', NULL, NULL, 0, 913, '', '46.5.156.172', 1, 0, '', '', '2019-11-12 22:25:36'),
(231, 1, 0, 0, 'wu', 'jiapei', '1263435094@qq.com', '15124364537', '', 'ea5453e9ff16e999a4afd5ae2d46fd0530e1f953', '1T6YENPd0', NULL, NULL, 0, 907, '', '114.226.139.169', 1, 0, '', '', '2019-11-10 20:27:02'),
(211, 1, 0, 0, 'Francesca', 'Vernengo', 'francescavernengo@hotmail.com', '59938588', '', '3a184a2d403aa3065ec6f5986464dab7c7d2ce0c', 'p0Q8Ea0zI', NULL, NULL, 0, 906, '', '218.250.111.87', 1, 0, '', '', '2019-11-04 11:41:10'),
(209, 1, 0, 0, 'ZONGJIASHENG', 'LI', 'star9212@gmail.com', '66853795', '', 'a3c6caa051542282959086190f27848b89c14671', 'WpcAAYc1P', NULL, NULL, 0, 905, '', '42.3.74.168', 1, 0, '', '', '2019-11-03 16:08:16'),
(208, 1, 0, 0, 'Backy', 'Kam', 'backy083@gmail.com', '64409800', '26774050', '896cd894591348ce66a33333df51b6a7ac894413', 'YlbsveuSC', NULL, NULL, 1, 904, '', '182.239.88.133', 1, 0, '', '', '2019-10-29 18:53:08'),
(207, 1, 0, 0, 'Kelly', 'Lim', 'lim_kell@hotmail.com', '+6596666775', '', '5e5d1ff51d430800cd44dbd2bba9f61e6c975d14', 'ODKnHHgMM', NULL, NULL, 1, 903, '', '103.67.170.100', 1, 0, '', '', '2019-10-25 12:57:31'),
(206, 1, 0, 0, 'Ivy', 'Siu', 'ting1231hk@yahoo.com.hk', '90138728', '', '7ebfb266f7b5bc16c70ca18f67f74e45fc257ef1', '0n5mbrpKO', NULL, NULL, 0, 902, '', '101.78.234.241', 1, 0, '', '', '2019-10-24 12:12:08'),
(205, 1, 0, 0, 'Jackson', 'Youn', 'jacksonyoun@jeolasia.com.sg', '65659989', '', '71599d2d28bc0a6c0373017fa3d63e51cbb10cc2', 'JLE2pBxgT', NULL, NULL, 0, 901, '', '180.129.22.53', 1, 0, '', '', '2019-10-23 21:56:01'),
(204, 1, 0, 0, 'Kei', 'Takehara', 'kei.takehara@qeaustralia.com.au', '+61 477 641 400', '', '294e2fe6bee4756f00538facc4c87154cefff6e5', 'FoHzM3AaQ', NULL, NULL, 0, 900, '', '116.212.237.174', 1, 0, '', '', '2019-10-22 17:44:44'),
(203, 1, 0, 0, 'YIK Shing', 'Lee', 'system876@yahoo.com.hk', '96839815', '', '37c3ecb3764afcba6b519f65d2330cba1a811760', 'aRbR7CT6R', NULL, NULL, 0, 899, '', '119.246.65.247', 1, 0, '', '', '2019-10-18 20:13:28'),
(202, 1, 0, 0, 'Yang', 'Jin', 'merchantrisk@aliyun.com', '15507810492', '', '8162cd0dc3ced2c3fc60321b307578990a159469', 'nwojVAQob', NULL, NULL, 0, 898, '', '47.251.3.230', 1, 0, '', '', '2019-10-14 10:41:37'),
(200, 1, 0, 0, 'King ho', 'Chau', 'wongcalvin@live.com', '6478723843', '', 'bc9abf84603a2db2a5660b992aa195a2b0259f89', 'X7riJXVJq', NULL, NULL, 0, 897, '', '199.7.156.226', 1, 0, '', '', '2019-09-27 08:28:02'),
(199, 1, 0, 0, 'Zita', 'Wong', 'Zitawong333@gmail.com', '+852', '67100825', '74ab9170aa498686543159744dce53c9467fab17', 'IHZBouFaK', NULL, NULL, 0, 896, '', '58.177.208.34', 1, 0, '', '', '2019-09-23 19:26:23'),
(198, 1, 0, 0, 'Milk', 'Chan', 'chanmilk22@gmail.com', '62267919', '', 'b2acbe8258269a0839bc406b2bb86ac814430ebb', 'eMq2Xcr42', NULL, NULL, 0, 895, '', '49.130.131.236', 1, 0, '', '', '2019-09-23 08:07:24'),
(197, 1, 0, 0, 'John', 'Mac', 'jrokit@gmail.com', '+8613421677775', '', '81a7a52d57240ebd75fe3ae77d3de2b74bf9f49d', 'GNWHX232a', NULL, NULL, 1, 894, '', '192.119.166.59', 1, 0, '', '', '2019-09-18 06:31:05'),
(196, 1, 0, 0, 'Wilson', 'Wong', 'Wilson.waisum@gmail.com', '95702277', '', '0d13e878c9376ca4c934027adab9a378966a168d', 'WlSbiD5Hn', NULL, NULL, 0, 893, '', '185.192.70.57', 1, 0, '', '', '2019-09-12 15:48:28'),
(195, 1, 0, 0, '胤', '李', 'liyin@sgad.com.cn', '+8618601783110', '', '0ecfae9446e41cd608f002c581310d6678494ea6', '9m6zrMphS', NULL, NULL, 1, 892, '', '114.84.149.112', 1, 0, '', '', '2019-09-11 17:44:36'),
(194, 1, 0, 0, 'Max', 'Tan', 'max007007@yahoo.com', '97453959', '', 'ba262d9e3a9d93b2e71ee30ecc55e6ef76604b15', 'yxRwF5Z4E', NULL, NULL, 0, 891, '', '138.75.216.51', 1, 0, '', '', '2019-09-09 15:40:56'),
(193, 1, 0, 0, 'Azlann', 'Az', 'Azlanz71@hotmail.com', '91090724', '', 'a5727b45e425af952a406214540fefbdf5f27a0d', '0qqURVAbA', NULL, NULL, 0, 890, '', '119.56.110.55', 1, 0, '', '', '2019-09-09 12:45:04'),
(192, 1, 0, 0, 'SEE WING', 'HO', 'chloewingb@gmail.com', '53115090', '', '76957299a037adc4490f4ee92485e26e2c6d4978', 'PtLbJ1pod', NULL, NULL, 0, 889, '', '203.186.121.153', 1, 0, '', '', '2019-09-04 11:03:05'),
(191, 1, 0, 0, 'Edmund', 'Law', 'emlaw1@yahoo.com', '19493466928', '', '67a02269ed7ea26a6b3f45cb6d463ce18085a9ea', 'vQG1rUmtX', NULL, NULL, 0, 888, '', '99.24.231.73', 1, 0, '', '', '2019-09-02 12:52:27'),
(190, 1, 0, 0, 'Kayle', 'Chin', 'kayle.chin@eliteinternship.com', '34262498', '', 'ffa67208a228fe552faf2f0b1f10db8cb4610497', 'LBpcz3ZGt', NULL, NULL, 0, 887, '', '203.174.55.2', 1, 0, '', '', '2019-08-27 18:29:33'),
(189, 1, 0, 0, 'Joseph', 'Lo', 'josephlo@hotmail.com', '16045628216', '', '1fee09dd06743c2c9de5ca43f6409b35c6153dc9', '5LWn8a1rA', NULL, NULL, 0, 885, '', '159.153.136.105', 1, 0, '', '', '2019-08-27 13:20:10'),
(188, 1, 0, 0, 'Andy', 'Lyons', 'andylyons3@hotmail.com', '57445395', '', '79226c89aaab2a423f880b1edc46a97d72d35640', 'MKB0IueZP', NULL, NULL, 0, 884, '', '116.49.201.3', 1, 0, '', '', '2019-08-26 20:09:27'),
(187, 1, 0, 0, '阿', '牛', '3323924871@qq.com', '13204780975', '', 'f4558e0cc6fec5a964d858e4692ca2a48242406d', 'Z42Ss4WWP', NULL, NULL, 0, 882, '[]', '220.195.66.253', 1, 0, '', '', '2019-08-26 07:05:09'),
(186, 1, 0, 0, 'Wilson', 'Wong', 'wilwong829@gmail.com', '90755250', '', 'f5f905d5978d3c6fc392ee758974ee78ea10647a', 'EuYOssm1g', NULL, NULL, 0, 881, '', '14.199.250.130', 1, 0, '', '', '2019-08-21 19:38:58'),
(185, 1, 0, 0, 'Dennis', 'Yip', 'yippie1983@yahoo.com.au', '+61410407355', '', '123b96a5f6c09b87bb03fed938d2316977307d1b', 'hQQ61sQNd', NULL, NULL, 0, 880, '', '192.46.52.15', 1, 0, '', '', '2019-08-21 12:42:27'),
(184, 1, 0, 0, 'Ryuta', 'Samukawa', 'samukawaryuta@gmail.com', '+61429670658', '', 'd170333c2657e85a64ca25a58e47c93f0cde8542', 'TLVw9i6wO', NULL, NULL, 0, 879, '', '119.12.190.162', 1, 0, '', '', '2019-08-10 23:11:49'),
(183, 1, 0, 0, 'Elizabeth', 'Cornett', 'elizabethfaygraham@yahoo.com', '3188346438', '', '165ebb549fe0ba63f92da79196c85384f704f927', 'LnFgFpgSl', NULL, NULL, 0, 878, '', '107.77.196.130', 1, 0, '', '', '2019-08-09 13:03:14'),
(182, 1, 0, 0, 'Frank', 'lee', 'jflee168@yahoo.com', '6304641286', '', '81c8428dcbdbb18fb334e0019ab05b7825e9108c', 'V9P0a57E3', NULL, NULL, 0, 876, '{\"1\":\"1\"}', '98.215.141.73', 1, 0, '', '', '2019-08-01 11:35:06'),
(181, 1, 0, 0, 'Vian', 'Yip', 'syaoran2206@gmail.com', '63570928', '', '88d38703bfc8ffcf9633023c9eac6b5001decd7e', 'et7vCualP', NULL, NULL, 0, 875, '', '14.198.37.60', 1, 0, '', '', '2019-08-01 01:38:50'),
(180, 1, 0, 0, 'David', 'Kwan', 'davidkwan01@gmail.com', '90357289', '', 'e3fc59f8b40dabeb89bc603bda782fa5a15641a1', 'HnjZjY5Ul', NULL, NULL, 1, 874, '', '1.36.231.70', 1, 0, '', '', '2019-07-30 21:42:48'),
(179, 1, 0, 0, 'Maggie', 'Chim', 'Matschki@hotmail.de', '015119694075', '', 'cc19349b7c3accef181c374aa5da56877e58c424', 'DW6YUhkGN', NULL, NULL, 0, 873, '', '79.210.251.127', 1, 0, '', '', '2019-07-27 15:14:26'),
(178, 1, 0, 0, 'Lap Anthony', 'Cheung', 'joyant1027@icloud.com', '98193134', '', '32f05410502649a0f2451db66d87201f9116346b', 'KK6zoPHiL', NULL, NULL, 0, 871, '', '125.215.132.10', 1, 0, '', '', '2019-07-25 17:12:04'),
(177, 1, 0, 0, 'HK', 'tsui', 'dreamsoda@gmail.com', '97299822', '', '529e319960b173255e8b8fcae2f22d01e46877bc', 'yfh93P5pM', NULL, NULL, 1, 870, '', '58.176.227.226', 1, 0, '', '', '2019-07-23 08:59:54'),
(176, 1, 0, 0, 'Simon', 'Lee', 'simonlee@me.com', '90926718', '', 'e0bfc277410fe7621edb2f287e30761afef7410a', 'vUlvHfpnD', NULL, NULL, 0, 869, '', '61.10.165.167', 1, 0, '', '', '2019-07-20 20:32:08'),
(175, 1, 0, 0, 'Yuffrey', 'Huang', 'yuf5969@hotmail.com', '+61414566363', '', '7049a4ea1cb5ffe77f81ee003748855a9757b578', '4iBRyt9En', NULL, NULL, 1, 868, '', '120.155.10.54', 1, 0, '', '', '2019-07-09 21:21:55'),
(174, 1, 0, 0, 'Daling', 'zheng', 'zdl@163.com', '+61448060319', '', 'c5111cbba64005df1a94b99c9d937431c06d636c', '6j3k47Fr7', NULL, NULL, 0, 866, '', '203.41.141.37', 1, 0, '', '', '2019-07-06 13:23:13'),
(173, 1, 0, 0, 'zhifeng', 'song', 'songzhifeng0108@icloud.com', '4079213808', '', 'f1e25cbb5f11bf92058edbfcf730e5d5b9f68173', '4po3Lki4q', NULL, NULL, 0, 865, '', '184.88.39.200', 1, 0, '', '', '2019-07-02 10:28:37'),
(172, 1, 0, 0, 'Ling', 'Hoy-jan', 'HJMichelle_ling@outlook.com', '+32486789281', '', 'b40fdf27b9e53eb0da55832a130b5ed9444e0222', '42pry9Mdr', NULL, NULL, 1, 864, '', '78.20.220.144', 1, 0, '', '', '2019-06-28 00:34:40'),
(171, 1, 0, 0, 'Stanley', 'Kwan', 'sk333888@gmail.com', '6502550943', '', '551df740ad0b8fa6e38ca91fb71e0813ac8a542e', 'tzBXbpJsM', NULL, NULL, 0, 863, '', '73.93.59.231', 1, 0, '', '', '2019-06-27 15:04:42'),
(170, 1, 0, 0, 'Patrick', 'Chow', 'pakyupatrick.chow@gmail.com', '+16263299659', '', '814219e6bcd4d3df9f7d2d56fd220dd662ec4d56', '7YwlhFodr', NULL, NULL, 0, 862, '', '203.145.95.5', 1, 0, '', '', '2019-06-26 15:27:55'),
(169, 1, 0, 0, 'Kin', 'Tang', 'appletango@me.com', '85298349850', '', 'e60cd07aa40e0d1cab11afa9650208060c0655cc', '7exeiVB5K', NULL, NULL, 0, 861, '', '61.92.241.226', 1, 0, '', '', '2019-06-25 12:53:37'),
(168, 1, 0, 0, 'wing', 'chan', 'vghostchan@gmail.com', '3475278228', '', 'eef3519b98a08b766d330e7c9c434b5cc1efed2f', 'V9BsGsaW6', NULL, NULL, 0, 860, '', '69.38.175.18', 1, 0, '', '', '2019-06-22 01:25:36'),
(167, 1, 0, 0, 'Benkk', 'Stan', 'vivibon72@gmail.com', '67442325', '', '0ae4258f2aef45e746d97ffdec22f0faca24a9d3', '6e1lsDPw0', NULL, NULL, 1, 859, '', '182.239.83.243', 1, 0, '', '', '2019-06-18 15:08:29'),
(166, 1, 0, 0, 'Sanna', 'Lam', 'sannallam@gmail.com', '+85297788466', '', 'e1189acb413e3866813e5f0c716fe523033f00bc', 'wBckL7u5t', NULL, NULL, 0, 858, '', '182.239.121.123', 1, 0, '', '', '2019-06-06 12:10:42'),
(165, 1, 0, 0, 'Kwan Wai', 'Wong', 'conway552@gmail.com', '91864331', '', 'a5c0c650088a80ebe50770a68a85e02e183b7b39', 'xFt4fdSvQ', NULL, NULL, 0, 857, '', '42.200.242.45', 1, 0, '', '', '2019-06-05 20:53:10'),
(164, 1, 0, 0, 'CHOR PONG', 'Cheng', 'Brcanberra@gmail.com', '0413056039', '', 'a6c6ac59674c88191fbfbff71a074b3fdf2a58b3', 'myhGvWwWc', NULL, NULL, 0, 856, '', '124.171.107.144', 1, 0, '', '', '2019-05-23 17:14:49'),
(163, 1, 0, 0, 'Andrew', 'Lam', 'ccandrewlam@gmail.com', '95533626', '', 'a95f725969757c1527269b800d047deea3eea0a2', 'Yz1qxWwYW', NULL, NULL, 0, 855, '', '119.237.155.26', 1, 0, '', '', '2019-05-22 12:20:27'),
(162, 1, 0, 0, 'Mark', 'Mark', 'mjh@onthenet.com.au', '0418755470', '', '076eeee8e321de569227c49db8ee9d2d9b617941', 'guLexzpVa', NULL, NULL, 0, 854, '', '144.139.77.80', 1, 0, '', '', '2019-05-21 06:14:43'),
(161, 1, 0, 0, 'Douglas', 'Lee', 'dougl888@hotmail.com', '0411300320', '', '56a2738ace37d37ca2722c1461db2e76abfac25c', '3XY3LB3IY', NULL, NULL, 0, 853, '', '210.215.158.142', 1, 0, '', '', '2019-05-19 19:32:17'),
(160, 1, 0, 0, 'ngai cheng', 'lam', 'lamtim1018@yahoo.com.hk', '67474305', '', '8f6fd819ed9782adcf25ee6c25e31236f1045df7', 'HdKpRkwIp', NULL, NULL, 0, 852, '', '49.130.131.55', 1, 0, '', '', '2019-05-17 04:28:08'),
(159, 1, 0, 0, 'David', 'Leung', 'dsol1270@msn.com', '6303008549', '', 'd6783fa9ef74fc1c688ee8e34dbb8970115924a2', '7P3jNeVy3', NULL, NULL, 0, 851, '', '99.203.129.77', 1, 0, '', '', '2019-05-16 21:45:40'),
(157, 1, 0, 0, 'Alfred', 'Cheung', 'acheung@canchi.com', '5149753628', '', '9ace6919a6e8e8f010dc9f08702aae714a0354bb', 'QNPBpyABR', NULL, NULL, 0, 850, '', '70.28.92.170', 1, 0, '', '', '2019-05-14 19:25:45'),
(156, 1, 0, 0, 'Alicia', 'Chng', 'aliciachng@msn.com', '+65 85180039', '', '6aad0d65ec70542a8a10e19eaf2876fc15ee3206', 'CoaGIqHEZ', NULL, NULL, 0, 849, '{\"1\":\"2\"}', '111.65.69.25', 1, 0, '', '', '2019-05-10 17:26:48'),
(155, 1, 0, 0, 'Tuan', 'Huynh', 'feilonghuynh@gmail.com', '9094511587', '', '05150eee2d25c1aa8575fc7627f502336e4c97e4', 'xO3OhaXXH', NULL, NULL, 1, 848, '', '75.83.169.50', 1, 0, '', '', '2019-05-07 16:23:47'),
(154, 1, 0, 0, 'Quoc', 'LAM', 'quoc.lam@telis.mc', '+33680864770', '', '3c2e50039bd3deb78e09556e0ef0a649032da93d', 'Emn06JukC', NULL, NULL, 1, 845, '', '88.209.102.97', 1, 0, '', '', '2019-05-06 04:31:46'),
(153, 1, 0, 0, 'Teik Tong', 'Loi', 'loilee.freddie@gmail.com', '+60123311911', '+60355695368', '3f5fb0603ceeb6a37b884e110cb83fefa072d121', '2sRb4axGN', NULL, NULL, 1, 844, '', '121.121.61.187', 1, 0, '', '', '2019-05-05 10:52:16'),
(152, 1, 0, 0, 'Mei', 'Tang', 'm.jennifertang@gmail.com', '96622116', '', '79c67b8800162b26cc88e158477a44667521dfd5', 'BbhEBgINX', NULL, NULL, 0, 842, '', '86.188.161.179', 1, 0, '', '', '2019-04-30 21:11:03'),
(151, 1, 0, 0, 'Calvin Kan', 'K S', 'allskk@singnet.com.sg', '83187222', '', 'ee9558f6cf5433c99c6d468ff501ec7b086710fb', 'pLnKGO13a', NULL, NULL, 0, 841, '{\"1\":\"1\"}', '116.15.187.198', 1, 0, '', '', '2019-04-21 16:13:33'),
(150, 1, 0, 0, 'Armand', 'Leong', 'armandleongwk@gmail.com', '85363947481', '', '466092526f375c4ee68417f717488f34705ca329', 'P4oWvW17o', NULL, NULL, 0, 840, '', '116.193.14.18', 1, 0, '', '', '2019-04-18 19:40:12'),
(149, 1, 0, 0, 'Cynric', 'Ng', 'cynricng@gmail.com', '66212881', '', '31698386f3de648df5422d3ca691977e76de3139', 'hwmEJ0mNM', NULL, NULL, 0, 839, '', '112.120.195.232', 1, 0, '', '', '2019-04-18 11:06:49'),
(147, 1, 0, 0, 'YT', 'Chen', 'yt.chen@me.com', '+61406719132', '', '024e39acd6b33c45e6639d7a52680f2082046371', 'aZeI6S9ql', NULL, NULL, 0, 838, '', '165.225.114.193', 1, 0, '', '', '2019-04-16 12:15:25'),
(146, 1, 0, 0, 'siu ki', 'yeung', 'ken327327@gmail.com', '92026313', '', 'fcea20fa251642060ba508147c6b5d61d3b16639', '3lwy2QvKH', NULL, NULL, 0, 837, '', '183.179.156.214', 1, 0, '', '', '2019-04-13 21:34:14'),
(145, 1, 0, 0, 'Raymond', 'Lei', 'annalok@rocketmail.com', '+85291013509', '', 'f2e54b170e80e53d6916397aeadc1376f92e23e2', 'neBGXegA6', NULL, NULL, 1, 836, '', '112.119.91.227', 1, 0, '', '', '2019-04-13 12:06:36'),
(144, 1, 0, 0, 'Jeremy', 'Kou', 'jeremykkt@gmail.com', '+6591596017', '', '1ff7b2d2baf234ad142c19309aaeac549ddf2d10', 'kS5aagK6B', NULL, NULL, 0, 835, '', '122.11.149.152', 1, 0, '', '', '2019-04-11 19:33:09'),
(143, 1, 0, 0, 'Yee', 'Lew', 'lewbill@hotmail.com', '1-210-887-1937', '', '3bc558bf0d1c99e404fa1e6e504b74abd9e38ae7', 'rcKwAHTAA', NULL, NULL, 1, 834, '', '136.50.11.194', 1, 0, '', '', '2019-04-10 23:53:44'),
(142, 1, 0, 0, 'Benjamin', 'Leung', 'BENJAMIN.LEUNG@HOTMAIL.COM', '6472192192', '', '1a4c970562626b0729cdda6f58dbe266c9aefb15', 'o5aCGzFtu', NULL, NULL, 0, 833, '', '72.139.43.82', 1, 0, '', '', '2019-04-10 22:38:12'),
(141, 1, 0, 0, 'Sammy', 'Li', 'Sammyli@live.com', '07921555683', '', '5476ef3b154173f686761114b9ed6dbf0d2e38c9', 'f5HexPiDb', NULL, NULL, 0, 832, '', '5.68.235.63', 1, 0, '', '', '2019-04-08 08:58:10'),
(140, 1, 0, 0, 'Kin Yin', 'Chan', '14224887@life.hkbu.edu.hk', '55441558', '', '011b5e75df7bf77b402e530c65db54c7fb772f29', 'sW826WlNR', NULL, NULL, 0, 0, '[]', '101.78.246.128', 1, 0, '', '', '2019-04-03 18:11:53'),
(139, 1, 0, 0, 'Wai yan', 'Liu', 'qq1437@yahoo.com.hk', '92390937', '', '4b67cbb28c835bed6e443f8fa945a017738acee4', 'Uw1T0avn7', NULL, NULL, 0, 830, '', '221.124.11.57', 1, 0, '', '', '2019-03-30 03:04:17'),
(138, 1, 0, 0, '麗敏', '潘', 'lemon19921023@gmail.com', '67403066', '', 'c804a8f019f45462e3dc7d2a2723f30c168e309c', 'nnFRBcDOp', NULL, NULL, 0, 829, '', '123.203.62.24', 1, 0, '', '', '2019-03-28 18:55:51'),
(137, 1, 0, 0, 'May', 'HK', 'mayfromtheus@gmail.com', '+85221091227', '', '27c8c8dab21f64a514b79e781f21a03659f79357', 'xxpaHbhs7', NULL, NULL, 0, 828, '', '104.132.115.78', 1, 0, '', '', '2019-03-23 18:28:51'),
(136, 1, 0, 0, 'jeffrey', 'foo', 'foo8120@gmail.com', '16462871634', '', 'e6ac99a19fb599f7e46bcede7a03cbb0994264d8', 'xu3WLXUnW', NULL, NULL, 0, 827, '', '98.15.33.112', 1, 0, '', '', '2019-03-22 20:01:12'),
(135, 1, 0, 0, 'Man Yee', 'Cheung', 'man2cheung@gmail.com', '63383680', '', '88d513e0b1daec6d81a1926fda99a200b74a475e', 'bISye8Da1', NULL, NULL, 1, 826, '', '219.78.68.181', 1, 0, '', '', '2019-03-20 12:46:27'),
(134, 1, 0, 0, 'Ricky', 'Lo', 'rickysuper@gmail.com', '63716566', '', '0be537a0bb86805240c652d949faec1395c47184', '0Q4Foc5Bf', NULL, NULL, 0, 825, '', '101.188.145.126', 1, 0, '', '', '2019-03-17 14:07:10'),
(133, 1, 0, 0, 'Suis', 'Kana', 'fheroolife@yahoo.com', '91365937', '', 'c331a704de45e32510fa35f40ab9c66a9c2ad12d', 'gKUYEWHuV', NULL, NULL, 1, 824, '', '121.203.239.145', 1, 0, '', '', '2019-03-14 12:39:04'),
(132, 1, 0, 0, 'Lee', 'Hsu', 'supergapman@gmail.com', '28821708', '', '50f284d808d22e81764dea399fe7177e58a83f6d', '4xnMXO5XJ', NULL, NULL, 0, 823, '', '42.200.241.38', 1, 0, '', '', '2019-03-08 09:03:28'),
(131, 1, 0, 0, 'Agnes', 'Chan', 'Agnesling2003@yahoo.com', '3109359231', '', 'ef051dccbbb71fe2f809254a8f97bfbab3a1b237', 'yLTX3ddzt', NULL, NULL, 0, 822, '', '75.84.186.160', 1, 0, '', '', '2019-03-07 14:35:17'),
(130, 1, 0, 0, 'Patkee', 'Cheng', 'patkeecheng@hotmail.com', '+31 633047594', '', 'e3efbc96bb8140cd43194b4973ae4652c24ebe15', 'k61AZfrxp', NULL, NULL, 0, 821, '', '143.178.235.226', 1, 0, '', '', '2019-02-25 05:28:37'),
(129, 1, 0, 0, 'cheng', 'cheng', 'lily_chengcheng880227@hotmail.com', '433521270', '', '04587900cd6b5b4dd8e118f4fe95b343462c0be0', 'gGVnhqDIm', NULL, NULL, 0, 820, '', '101.164.135.119', 1, 0, '', '', '2019-02-21 15:01:35'),
(128, 1, 0, 0, 'Andrew', 'Chan', 'a8chan@roadrunner.com', '+852 2784 5591', '', 'b49b2640df1387559b0eff72b43336190e911662', 'FuJ5RE7PF', NULL, NULL, 1, 819, '', '76.176.77.194', 1, 0, '', '', '2019-02-18 13:31:18'),
(127, 1, 0, 0, 'Patrick', 'Chung', 'patrickchungwh@gmail.com', '90180946', '', '401456024d6e3a5c13a05e16424e8843b8ab424e', '8530MlJic', NULL, NULL, 0, 818, '', '203.145.94.165', 1, 0, '', '', '2019-02-18 00:21:12'),
(126, 1, 0, 0, 'Yongxiang', 'Yang', 'sd2400533@gmail.com', '+61 423442184', '', '19f6d7aab7e6ec709dec19fc616a20f06255f008', 'fI2EWBYAP', NULL, NULL, 1, 817, '', '106.71.118.80', 1, 0, '', '', '2019-01-22 20:07:39'),
(125, 1, 0, 0, 'Brenda', 'Wong', 'ahbeetsang@hotmail.com', '0409888448', '', '2b4affd69cf2f2fa8fa453c0d65ba7701f721ebe', 'YVKe12UyY', NULL, NULL, 0, 816, '', '112.141.40.125', 1, 0, '', '', '2019-01-15 13:49:20'),
(124, 1, 0, 0, 'Peter Ka wah', 'Luk', 'chefpeterluk@yahoo.co.uk', '+447814058734', '', '2ef6ee48ddf63b8de1c5000f0d6375e60a4876db', 'qxsInNtfE', NULL, NULL, 0, 815, '', '86.149.89.218', 1, 0, '', '', '2019-01-08 18:10:24'),
(123, 1, 0, 0, 'Dominic', 'Lai', 'dklai@yahoo.com', '17328811883', '', '011b67fc25ab3fea667989a6b3d93688d1c2ceb1', '6AdEeygi6', NULL, NULL, 0, 814, '', '73.178.143.197', 1, 0, '', '', '2019-01-07 07:02:12'),
(122, 1, 0, 0, 'Wai Zee', 'Tse', 'Kobbytse@gmail.com', '97506393', '', '041b81ca75e014820404a211ca619b471936e74b', 'qqWKx34FT', NULL, NULL, 0, 813, '', '124.217.188.156', 1, 0, '', '', '2019-01-02 08:20:14'),
(121, 1, 0, 0, 'Christopher', 'Tang', 'chris.tang@live.co.uk', '+447708880021', '', '3c8f688cac9cf104fd9a3d963122d92a3427081f', 'vWckHquXl', NULL, NULL, 0, 812, '', '94.3.134.151', 1, 0, '', '', '2018-12-30 08:12:19'),
(120, 1, 0, 0, '永立', '梁', 'szsindax2017@163.com', '15814406522', '', '0c32e4e1af35c9bc5458fb752339379013e3d471', '3XiHKhEEj', NULL, NULL, 0, 811, '', '113.88.66.125', 1, 0, '', '', '2018-12-26 15:43:42'),
(119, 1, 0, 0, '加進', '李', 'afakcli@yahoo.com.hk', '98250425', '', '890b30f915ce433058c2f5ce988549a235972758', 'lMw3tWxJx', NULL, NULL, 1, 810, '', '218.191.242.130', 1, 0, '', '', '2018-12-24 21:50:33'),
(118, 1, 0, 0, 'Boldwin', 'Liu', 'bliu@bigpond.net.au', '93185109', '', '850daa6ac23f1592fd8fb6b5c6048fbbfb1c53dc', '6knFBPjDV', NULL, NULL, 0, 809, '', '1.136.107.146', 1, 0, '', '', '2018-12-24 19:26:29'),
(117, 1, 0, 0, 'Paul', 'So', 'paulso0037@gmail.com', '67033752', '', '41bb198700bdf484a4a678da71b41e80f30b98e3', '6nIaKIMRO', NULL, NULL, 0, 808, '', '219.73.53.211', 1, 0, '', '', '2018-12-14 22:07:46'),
(116, 1, 0, 0, 'Jimmy', 'Cun', 'jcun@cisco.com', '4158672014', '', '3731b49a8aa0f8029fd3088dd98cfb5c50b4a4c2', 'PedLyxMa4', NULL, NULL, 0, 807, '', '128.107.241.178', 1, 0, '', '', '2018-12-13 05:14:16'),
(115, 1, 0, 0, 'Amanda', 'Chan', 'wychanamanda@gmail.com', '91093029', '', '534fedbe20371f536a4cf360c77c8f720ac027fd', 'T4Nb5KDgP', NULL, NULL, 1, 806, '', '61.92.175.214', 1, 0, '', '', '2018-12-12 16:26:47'),
(114, 1, 0, 0, '维成', '倪', 'niweicheng17@nudt.edu.cn', '18868111960', '', 'c58f5d399de974c536bb5b0e7227b3cefa4692d9', '6KUdvba00', NULL, NULL, 0, 805, '', '113.247.230.194', 1, 0, '', '', '2018-12-09 10:33:23'),
(113, 1, 0, 0, 'Boldwin', 'Liu', 'Bliu888@hotmail.com', '+61478490261', '', '445dd1b15faf29966b3a061803b1710bda0062e3', 'mcAfIYotU', NULL, NULL, 1, 804, '', '139.130.55.10', 1, 0, '', '', '2018-12-06 18:32:25'),
(112, 1, 0, 0, '玉鶯', '郭', 'lt26226@gmail.com', '+882972608009', '', '6945ede58c71ee75403cdc0ecbcab49efcd76faf', '7juCZzIfT', NULL, NULL, 1, 803, '', '223.137.102.46', 1, 0, '', '', '2018-12-06 13:11:46'),
(111, 1, 0, 0, 'Alan', 'Tan', 'alantan6018@hotmail.com', '+61418253856', '', '4e13f51facc1098ed59d2a831493449e2e18512a', 'tIMEwevPy', NULL, NULL, 1, 802, '', '121.46.120.11', 1, 0, '', '', '2018-11-29 14:32:57'),
(110, 1, 0, 0, 'Gina', 'Yu', 'rivmeyu@gmail.com', '96501107', '', '78babf5b4e968390ed203f62c57dd10cf94c4307', 'eIWclwCQZ', NULL, NULL, 0, 801, '', '119.247.120.74', 1, 0, '', '', '2018-11-26 21:50:38'),
(109, 1, 0, 0, 'Xinting', 'Wang', 'xintingwang@hotmail.com', '68729303', '', 'ae6a76d4dafec2dd6f9b0f4d9cb735579610dddd', 'TOuECEzPk', NULL, NULL, 0, 800, '', '210.6.199.162', 1, 0, '', '', '2018-11-24 08:59:55'),
(108, 1, 0, 0, 'Ruikun', 'XU', 'ruikunx@gmail.com', '+31-(0)681342132', '', 'e0573f4d5188fa4170be92e7e4e8518fd9a9cc63', 'Gq5NLmNWn', NULL, NULL, 0, 799, '', '213.93.78.47', 1, 0, '', '', '2018-11-23 09:35:51'),
(107, 1, 0, 0, 'Kevin', 'Gao', 'kevinfgao@gmail.com', '7188083888', '', '6a64d4da95042720cc4095c0c54cb8ef771e5cb9', 'abK2D3upt', NULL, NULL, 0, 798, '', '69.203.147.13', 1, 0, '', '', '2018-11-20 11:52:59'),
(106, 1, 0, 0, 'Clarence', 'Lee', 'swclarence@gmail.com', '91666446', '', '89b7e7e49b67c14a1508fc62183f0f2711996b4f', 'WKlBJXDSM', NULL, NULL, 0, 796, '', '42.200.254.232', 1, 0, '', '', '2018-11-16 11:14:58'),
(105, 1, 0, 0, 'Zhifeng', 'Song', 'song81753660@gmail.com', '4079213808', '', '0ca9ad66d3deca58b24d41e765f8aff99ecfc34d', 'k7s0iaWqE', NULL, NULL, 1, 795, '', '108.188.37.19', 1, 0, '', '', '2018-11-09 00:11:04'),
(104, 1, 0, 0, 'H Y', 'Lum', 'info@freewayltd.com', '24419969', '', '66eb897c995adfc965cf57476d27986c8e802c9f', 'KmKPjko10', NULL, NULL, 0, 794, '', '118.140.55.198', 1, 0, '', '', '2018-11-07 15:04:29'),
(103, 1, 0, 0, 'S. K.', 'Kam', 'skkpotato@hotmail.com', '93795345', '', '59f56a6d42c3669d06fbef1a9e1296381606f1a1', 'RYCf8Km36', NULL, NULL, 1, 793, '', '119.246.158.95', 1, 0, '', '', '2018-11-07 10:07:08'),
(102, 1, 0, 0, '寰宇', '张', '595280303@qq.com', '13713668362', '', '621a8baef46c1c476fd5204757b155a3d7347122', 'eLc76DXwG', NULL, NULL, 0, 792, '', '117.136.79.115', 1, 0, '', '', '2018-11-06 11:47:39'),
(101, 1, 0, 0, 'YUMEI', 'HSU', 'oiarielhsu@gmail.com', '886958811400', '', '8da1bc27bb6a587d66cd1cbad2ea2214ec8df1d3', 'GKn6s5Ts2', NULL, NULL, 0, 791, '', '163.20.28.48', 1, 0, '', '', '2018-11-06 10:54:21'),
(100, 1, 0, 0, 'Shun Choy', 'Leung', 'leungscs@netvigator.com', '98714943', '28340717', '44cb7dff4689727693d01c311a9297f5acaab92a', 'EcE95jkcj', NULL, NULL, 1, 790, '', '119.236.49.154', 1, 0, '', '', '2018-11-05 23:08:17'),
(99, 1, 0, 0, 'Lotus', 'Leung', 'lotusleung@hotmail.com', '90789256', '', 'b608839b894c85c7714b8b9189a9fe85deb079f3', 'i2yK8CFTu', NULL, NULL, 0, 789, '', '42.200.226.202', 1, 0, '', '', '2018-11-02 12:41:59'),
(98, 1, 0, 0, 'Margaret', 'Tang', 'moonteh88@gmail.com', '61410678881', '', '50182830fb730891545eb291eb36e7a5c1c83b91', 'oin2HvHJW', NULL, NULL, 0, 788, '', '60.242.86.186', 1, 0, '', '', '2018-10-25 13:31:36'),
(97, 1, 0, 0, 'wing lung', 'yeung', 'devin.yeungwl@gmail.com', '97227191', '', 'd1c2b96a6e4f0ff92c57befaf1d93ac2f63e0b95', 'QGhLlQIuc', NULL, NULL, 0, 786, '', '14.0.226.210', 1, 0, '', '', '2018-10-21 16:57:41'),
(96, 1, 0, 0, 'Sally', 'Chan', 'sallylcchan@gmail.com', '98074742', '', '9d6764038da28a1af85ad2e2a34a20ec337d5406', 'AHt7yStP1', NULL, NULL, 0, 783, '', '203.198.171.29', 1, 0, '', '', '2018-10-12 08:37:50'),
(95, 1, 0, 0, 'YUE', 'LIU', 'liuyue99@hotmail.com', '+61488081770', '', '37b0c240cd5aa40edf6d5992f157cddf87bc5dbc', '6B2Wy5OhP', NULL, NULL, 0, 782, '', '165.225.114.211', 1, 0, '', '', '2018-10-05 12:52:43'),
(94, 1, 0, 0, 'Hung', 'Suen', '168hung@gmail.com', '1-7323222692', '', '804f8cd70356dc7a62009c3c40f140a5b1a387a8', 'iNgQUECl4', NULL, NULL, 0, 780, '', '73.197.92.17', 1, 0, '', '', '2018-09-28 18:13:41'),
(93, 1, 0, 0, 'HAZEL', 'HO', 'zah.htc@gmail.com', '91807563', '', '5ff7a375da994e294e0af5481055d867d8c8c642', 'DHU0RgoNm', NULL, NULL, 0, 778, '', '58.176.167.254', 1, 0, '', '', '2018-09-25 05:36:47'),
(92, 1, 0, 0, 'Antonella', 'Zandegu', 'azandegu@tpg.com.au', '+61419333213', '', '978387d1a0be7296ed473e40d40deb9d4a6d043f', 'VTUEbOj2j', NULL, NULL, 0, 777, '', '110.175.33.151', 1, 0, '', '', '2018-09-22 20:14:18'),
(91, 1, 0, 0, 'Wing Hang', 'Sin', 'raymondwhsin@yahoo.com.hk', '96692566', '', '2a8119aec977d2b075bf4bd353e88990f05bfeb3', 'Psz2CTRIT', NULL, NULL, 1, 776, '', '203.80.224.157', 1, 0, '', '', '2018-09-20 00:49:17'),
(90, 1, 0, 0, 'Wong', 'ky', 'yw98882005@gmail.com', '63387720', '', '59b96f34396012ed7e0c99b3926e95ccd611f1ac', 'ucdkb5Uhp', NULL, NULL, 0, 775, '', '203.218.105.241', 1, 0, '', '', '2018-09-19 02:49:27'),
(89, 1, 0, 0, 'Cherry', 'Chow', 'tszwai126@hotmail.com', '+85291218501', '', 'd325b611e4510ff2040b884cb890e4dcd83e6eb2', 'cWECk7NPN', NULL, NULL, 0, 774, '', '210.184.86.182', 1, 0, '', '', '2018-09-19 02:07:57'),
(88, 1, 0, 0, 'Andy', 'Lau', 'lautaksun@gmail.com', '93533880', '', '91b427f7e5a166c912d5bd458b0ecc4898d11a74', 'NrJWaWxCY', NULL, NULL, 0, 773, '', '14.0.154.9', 1, 0, '', '', '2018-09-17 21:07:05'),
(87, 1, 0, 0, 'Bo Sing', 'Ng', 'Johnnynbs@hotmail.com', '98516122', '', '7d2bb8b202111006fd4f9f8eb436e6c623d3fca9', '2CibRYgVi', NULL, NULL, 0, 772, '', '219.73.49.178', 1, 0, '', '', '2018-09-17 06:01:39'),
(86, 1, 0, 0, 'WING', 'PAN', 'cafinncheung@gmail.com', '917-657-2602', '', '3d1ad8e19801069102c5251daadbbc44e09c8ad5', 'pZNjEn3gG', NULL, NULL, 0, 771, '', '24.164.148.33', 1, 0, '', '', '2018-09-13 22:20:35'),
(85, 1, 0, 0, 'Kelvin', 'Chan', 'pro5wolf@yahoo.com.hk', '90912445', '', '1932de3d26da46aac44eb0e735ee69a6a9d8a409', '5oTkdTm0y', NULL, NULL, 0, 770, '', '59.152.252.219', 1, 0, '', '', '2018-09-10 22:09:05'),
(84, 1, 0, 0, 'Kevin', 'Fong', 'kevin.fong@qq.com', '67639303', '', 'f6a532284e8ecd722a73c94d0551bfa28b5eddec', 'UMFbNVKZ8', NULL, NULL, 0, 769, '', '119.236.33.225', 1, 0, '', '', '2018-09-10 01:56:55'),
(83, 1, 0, 0, 'kai hong', 'tang', 'h10009@hotmail.com', '9173377359', '', '784cf7aec10d54722a5002da05bece956f1b8a31', 'yDMIc0LvB', NULL, NULL, 1, 768, '', '67.247.18.195', 1, 0, '', '', '2018-09-06 10:12:15'),
(82, 1, 0, 0, 'Anna', 'Ho', 'hoilamho@hotmail.com', '96029091', '', '4a50a867eedd03578c16a4adac1303ce1dedfcce', 'Rt2tI1V9j', NULL, NULL, 0, 767, '', '116.48.138.243', 1, 0, '', '', '2018-09-04 04:17:57'),
(81, 1, 0, 0, 'Vincent', 'Ip', 'vincent.jp.ip@gmail.com', '07925392633', '', '0dc8f2f5575d599d45265134e7cd40ac5b7cca53', 'YnKenq7OJ', NULL, NULL, 0, 766, '', '109.147.92.105', 1, 0, '', '', '2018-09-03 06:30:00'),
(80, 1, 0, 0, 'mimi', 'yap', 'mimiyappp@gmail.com', '91414141', '', '3674c8eda45d89415299b7b0458f1d22cea0cae9', 'eyDYSCrPb', NULL, NULL, 0, 765, '', '104.132.115.77', 1, 0, '', '', '2018-09-02 21:31:55'),
(79, 1, 0, 0, 'Steve', 'DaZuHui', '346307591@qq.com', '852-21101743', '', 'bfe8a0b481e59eae56b6c5c1c9a649c8e35b42c4', 'KOmLWKD3j', NULL, NULL, 0, 764, '', '49.77.150.96', 1, 0, '', '', '2018-08-31 22:26:26'),
(78, 1, 0, 0, 'Ivan', 'Cheng', 'ivancheng1126@yahoo.com.hk', '+85290821126', '', '7831fd8182f37edbbf2e1add0b39b3033c26e4d2', 'br8vHUBlP', NULL, NULL, 0, 763, '', '45.64.243.85', 1, 0, '', '', '2018-08-31 19:07:10'),
(77, 1, 0, 0, 'Yi Wing', 'Cheng', 'isabelcheng.work@gmail.com', '97401235', '', 'd8a22d7be0c86d2fbdd7614695d55355e1418322', 'uA18a7mX3', NULL, NULL, 0, 762, '', '210.3.150.227', 1, 0, '', '', '2018-08-25 00:45:09'),
(76, 1, 0, 0, 'Johnson', 'Chan', 'joonsun@gmail.com', '+85291004527', '', '009906ef39cf0f2b63fbf0f850f1fce12dc5a235', 'eG34F7F3I', NULL, NULL, 0, 761, '', '188.172.198.43', 1, 0, '', '', '2018-08-23 23:26:45'),
(75, 1, 0, 0, 'Alvin', 'Liu', 'zingho.liu@gmail.com', '06-14440409', '', '48584e52d8e53b9f8b09969ed4b604e7a8a941c8', 'J7ChpEz9w', NULL, NULL, 0, 759, '', '84.29.54.160', 1, 0, '', '', '2018-08-22 06:33:20'),
(74, 1, 0, 0, 'Chung Pui', 'YIP', 'angusyip1986@gmail.com', '+85260975753', '', 'c03b5b9f289990776f0658113cf1dfd117457f99', 'ivfzGvvQO', NULL, NULL, 1, 758, '', '59.148.252.122', 1, 0, '', '', '2018-08-21 01:54:25'),
(73, 1, 0, 0, 'Tjin gin', 'Ho', 'Yelliho@gmail.com', '+628129222722', '', '4bf6c5ad834f17d858df1e12df624372f2daf175', 'pZTtuV9CC', NULL, NULL, 0, 755, '', '182.1.94.102', 1, 0, '', '', '2018-08-17 20:11:49'),
(72, 1, 0, 0, 'Kevin', 'Kong', 'Kk1184@hotmail.com', '+16263227219', '', '3e56e63eab0225c59e965ae9901342f250b09861', 'ZVgw8oNhH', NULL, NULL, 0, 754, '', '72.34.76.42', 1, 0, '', '', '2018-08-17 01:30:00'),
(71, 1, 0, 0, 'Winnie', 'Lo', 'winghanlo@gmail.com', '61852806', '', '47e445644cb215a013130fbbd81942d7323bb09c', 'mcktzS1cj', NULL, NULL, 0, 753, '', '218.250.158.193', 1, 0, '', '', '2018-08-15 07:41:20'),
(70, 1, 0, 0, 'Chun Yu', 'Leung', 'leungchunyu2003@yahoo.com.hk', '+85264496964', '', '690c751ceb6aba888ebc082330508c944b8a7e57', '5xSuTYsm5', NULL, NULL, 0, 752, '', '42.98.223.245', 1, 0, '', '', '2018-08-13 18:32:20'),
(69, 1, 0, 0, 'yuet yan', 'kong', 'yuetyan.kong@gmail.com', '68095234', '', '6e12fa824230e82da70fa079acaad94a8786f215', 'uvLfza9rj', NULL, NULL, 1, 751, '', '183.179.134.15', 1, 0, '', '', '2018-08-08 09:53:32'),
(68, 1, 0, 0, 'Faith', 'Hou', 'yakfai_0806@yahoo.com.hk', '90925396', '', '07dba45fcd578a243967467ab06c7c434d4a3571', 'qJmXLKVGo', NULL, NULL, 0, 750, '', '14.0.227.202', 1, 0, '', '', '2018-08-02 09:23:46'),
(67, 1, 0, 0, 'Alice', 'Chung', 'alice.syc@gmail.com', '93669881', '', '969d8e3661b69a312ccab2a1f4bf0fccc50705ee', 'HxTmvE6RH', NULL, NULL, 0, 749, '', '14.0.225.160', 1, 0, '', '', '2018-07-29 20:21:19'),
(66, 1, 0, 0, 'Leung', 'Luke', 'leonluke@live.com', '7809083207', '', 'b6af2ba4b72ff9ba7de31706e28541d5c5765695', 'CxLsEuBoZ', NULL, NULL, 1, 748, '', '68.150.170.106', 1, 0, '', '', '2018-07-28 20:56:12'),
(65, 1, 0, 0, 'Ka in', 'Cheung', 'Piggy10786@yahoo.com.hk', '93837334', '', '3cac593a02589050d94e1149eb1424950d6fd393', 'fdt2tctB2', NULL, NULL, 0, 747, '', '70.79.215.11', 1, 0, '', '', '2018-07-24 00:50:18'),
(64, 1, 0, 0, 'David', 'Shen', 'blades22@gmail.com', '6262412510', '', '6d194fb3c77adfee8bbf7142eb07b9b1cdb2e3c9', 'JoTk5qFxG', NULL, NULL, 1, 745, '', '71.93.146.108', 1, 0, '', '', '2018-07-22 17:29:22'),
(63, 1, 0, 0, 'WONG', 'Kat', 'katwong1230@hotmail.com', '93075197', '', '32a8fc2b0822ddbf3fd196b1c4badaf8f5e13cf7', 'p01OwkxkA', NULL, NULL, 0, 744, '', '14.0.155.111', 1, 0, '', '', '2018-07-21 02:04:33'),
(62, 1, 0, 0, 'Genevieve', 'Chow', 'genevievekchow@gmail.com', '+85298579362', '', 'bf7acd9815e57cfe8832d0a21320c732e37c896f', 'mp2c66PR0', NULL, NULL, 0, 743, '', '101.78.242.100', 1, 0, '', '', '2018-07-20 20:26:30'),
(61, 1, 0, 0, 'Peter', 'Lee', 'peterlee2885@gmail.com', '55882849', '', '8499703f1045b4d273f93534576518ef816fd58a', 'AV6KiBOQx', NULL, NULL, 0, 742, '', '119.246.196.61', 1, 0, '', '', '2018-07-16 02:11:41'),
(60, 1, 0, 0, 'Hok Ching', 'Wong', 'hokchingwong@yahoo.com.hk', '97902933', '', '36fcebaa9cd8961f7aee270b85b211f6635c9619', 'yiqNWoaqZ', NULL, NULL, 0, 741, '', '58.152.226.114', 1, 0, '', '', '2018-07-16 01:04:26'),
(59, 1, 0, 0, 'Sunny', 'Lam', 'Sunny.lam81@gmail.com', '5145772760', '', '0c4340639c802a4a55af8ca2d006380225f72944', 'RdEptAjcR', NULL, NULL, 0, 740, '', '96.21.193.86', 1, 0, '', '', '2018-07-15 16:16:10'),
(58, 1, 0, 0, 'Ray', 'Cheung', 'Raycheung876@yahoo.com.hk', '92183998', '', '5ceeacac6c085a9ab5a84b8ea4e8190568263b3f', 'Rv4m7rD8S', NULL, NULL, 0, 739, '', '218.255.209.93', 1, 0, '', '', '2018-07-14 23:47:33'),
(57, 1, 0, 0, 'SIU MEI', 'HO', 'meih627@yahoo.com.hk', '94686322', '', '43c1101601cd0fd0e9f534fac57b6c5c41b33d85', 'u5tiRssSA', NULL, NULL, 0, 738, '', '14.0.224.78', 1, 0, '', '', '2018-07-13 09:26:51'),
(56, 1, 0, 0, 'Nolan', 'Kung', 'nolankung2011@gmail.com', '7783228011', '', 'f3dcce7a33d07bf4276876843609afe12138195c', 'domfbpODB', NULL, NULL, 0, 737, '', '50.92.98.55', 1, 0, '', '', '2018-07-12 14:44:09'),
(55, 1, 0, 0, 'SO', 'Ting Hong', 'tinghongso@gmail.com', '96582018', '', '4722eec5affc2caecb0a24406bd2c630084241b0', 'BPfV86DED', NULL, NULL, 0, 736, '', '124.244.59.80', 1, 0, '', '', '2018-07-08 05:37:20'),
(54, 1, 0, 0, 'eva', 'chan', 'evaperon@gmail.com', '91905135', '', '8a2380a39075b5bf9ceed20b1a10048e2baf6b70', 'B4JxXChfX', NULL, NULL, 0, 735, '', '119.247.137.114', 1, 0, '', '', '2018-07-07 18:47:26'),
(53, 1, 0, 0, 'Jeff', 'Yan', 'jeffpcyan@gmail.com', '90219576', '', '1fd6abc1f4197bfdaae8eba267b05e3cdba3a534', '6cDVV4Vul', NULL, NULL, 0, 734, '', '112.119.66.178', 1, 0, '', '', '2018-07-07 03:48:31'),
(52, 1, 0, 0, 'ivan', 'tsang', 'thankyouc9@gmail.com', '97343759', '', '203cf27ef2b6c353d68005e75bf0a3e5b619c230', 'BEZOvElsD', NULL, NULL, 0, 733, '', '61.92.248.58', 1, 0, '', '', '2018-07-06 20:52:09'),
(51, 1, 0, 0, 'Nicholas', 'Leung', 'Nicleungs@gmail.com', '0414262995', '', '2059c17d88f82e9d9b7d35e2d62ee7999b719836', 'c3NqtDUkm', NULL, NULL, 0, 732, '', '49.191.10.35', 1, 0, '', '', '2018-07-06 16:50:48'),
(50, 1, 0, 0, 'Jack', 'Yap', 'jackyap781807@yahoo.com.sg', '+65 84815538', '', 'e564cc196886bd36b4c20983c60b4a16af475657', 'nEAaZXjHM', NULL, NULL, 1, 731, '', '119.74.37.75', 1, 0, '', '', '2018-07-06 03:40:34'),
(49, 1, 0, 0, 'Bianca', 'Ma', 'bma07788@gmail.com', '16263888428', '', '0b1a69bebe552cc4b1854e43cc0a137d73abcf4f', 'T8BlEk1Iq', NULL, NULL, 0, 730, '{\"1\":\"2\"}', '75.142.213.34', 1, 0, '', '', '2018-07-03 21:20:30'),
(48, 1, 0, 0, 'Suki', 'Lee', 'sookheelee@hotmail.com', '62535738', '', 'f6695d628d17840578a6a5509f6eafddaa82997f', 'bPXG18jcb', NULL, NULL, 1, 729, '', '218.255.11.138', 1, 0, '', '', '2018-06-24 23:56:52'),
(47, 1, 0, 0, 'Jenny', 'Chow', 'jyy_chow@yahoo.com.hk', '91226521', '', 'f37d5f59707476b40ccf5ca272cc6cb87f97ca17', '38KlAB9vn', NULL, NULL, 1, 728, '', '14.0.164.225', 1, 0, '', '', '2018-06-20 21:51:34'),
(46, 1, 0, 0, 'Mike', 'Bertelli', 'mike.bertelli@lidl.com.hk', '+85238995461', '', '886d2444d267d74135f23063014d14f759147b2f', 'PSjJOqm29', NULL, NULL, 0, 727, '', '202.155.249.18', 1, 0, '', '', '2018-06-20 19:54:34');
INSERT INTO `customer` (`customer_id`, `customer_group_id`, `store_id`, `language_id`, `firstname`, `lastname`, `email`, `telephone`, `fax`, `password`, `salt`, `cart`, `wishlist`, `newsletter`, `address_id`, `custom_field`, `ip`, `status`, `safe`, `token`, `code`, `date_added`) VALUES
(45, 1, 0, 0, 'Wai Keung', 'Tang', 'op0304@hotmail.com', '0430113352', '', '902aac854e6b1184f61ef7fe1f245503daa2f44c', 'a6AVJzAnY', NULL, NULL, 0, 726, '', '120.18.137.96', 1, 0, '', '', '2018-06-17 20:48:34'),
(44, 1, 0, 0, 'jennifer', 'hui', 'huifamilysmail@aol.com', '7023021218', '', '89824ad63effde5284e3b0f1f47b640783e6ba4f', 'Sm1xik85c', NULL, NULL, 0, 725, '', '68.108.131.31', 1, 0, '', '', '2018-06-14 22:14:06'),
(43, 1, 0, 0, '單楹', '何', 'Lovebaby52060@gmail.com', '68517873', '', 'dff9b7fc669e6663a7de4563abcde49c1eed1100', 'SXezwSI2A', NULL, NULL, 1, 724, '', '42.2.78.139', 1, 0, '', '', '2018-06-12 10:54:25'),
(42, 1, 0, 0, 'hua', 'lu', 'peter7070@gmail.com', '6172772714', '', '1bab0926de1096441229cecf7d966319d9222996', 'vGMzQxmIT', NULL, NULL, 1, 723, '', '12.230.217.112', 1, 0, '', '', '2018-06-09 10:49:30'),
(41, 1, 0, 0, 'George', 'Hui', 'georgehui524@hotmail.com', '01912950340', '', '5d2a64a9ed4b68850b7d48591729c5cffe6f7b15', 'EpNLnc4hp', NULL, NULL, 1, 722, '', '165.120.238.123', 1, 0, '', '', '2018-06-06 14:19:46'),
(40, 1, 0, 0, 'KL', 'Chua', 'a7210@yahoo.com.hk', '93157961', '', 'e35862a7bed913d8d6fa9ed6d64a635aa66c47fc', '4WJxIYp0h', NULL, NULL, 0, 721, '', '123.202.231.98', 1, 0, '', '', '2018-06-06 03:19:58'),
(39, 1, 0, 0, 'Elliot', 'Chiu', 'knightkids@gmail.com', '+447549950087', '', '3c82fa12012b3c88fe0cbc1a26c6afc6ca4dde6c', 'LaLIw4HnE', NULL, NULL, 0, 720, '', '82.18.61.162', 1, 0, '', '', '2018-06-05 21:57:45'),
(38, 1, 0, 0, 'Kit', 'Yue', 'kit.yue1@gmail.com', '61433689143', '', '154ca8f364b5765f4e501473ca96c69c5e4a7821', 'IcAnXAxm9', NULL, NULL, 1, 719, '', '58.161.28.248', 1, 0, '', '', '2018-06-03 21:16:00'),
(37, 1, 0, 0, 'Eric', 'S.', 'eric3755@yahoo.com', '98219913', '98219913', '1eb2a902f3bd31ca931131ed31e08e11b47f7e84', 'jfplMAAEu', NULL, NULL, 1, 718, '', '221.124.102.197', 1, 0, '', '', '2018-06-03 09:37:20'),
(36, 1, 0, 0, 'Jackie', 'Hu', 'e222j@yahoo.com.hk', '67194486', '', 'c0398fbd269fe4da13ab71c208444ecee96149e9', 'pqV3bTO1D', NULL, NULL, 0, 717, '', '223.16.59.55', 1, 0, '', '', '2018-05-27 00:31:36'),
(35, 1, 0, 0, 'Mandy', 'Wong', 'mandywong62@gmail.com', '67315271', '', '78741903bd2f0d58b10b677de70215d117ac25c9', 'BMVXfIJL1', NULL, NULL, 0, 715, '', '218.255.209.93', 1, 0, '', '', '2018-05-23 07:38:49'),
(34, 1, 0, 0, '冶', '陶', '598756686@qq.com', '13917758796', '', '402514107cb18825db90d847dd54aa3bd31c6c20', 'bQl6JVhU2', NULL, NULL, 0, 712, '', '223.104.210.126', 1, 0, '', '', '2018-05-23 06:41:07'),
(33, 1, 0, 0, 'Luci', 'Wang', 'Kaiqiwang@hotmail.com', '00642102871377', '', '79aa083d799760d8299318986800c2eff88761f3', 'LPPlci9zC', NULL, NULL, 0, 710, '[]', '118.148.152.225', 1, 0, '', '', '2018-05-20 17:54:47'),
(32, 1, 0, 0, 'Jonathan', 'MAK', 'qweasdzxcrfvbn@hotmail.com', '61996531', '', '1954e04bfae378b7e2aa26e70ee706f2fc4ff8ae', 'rfqchEb5p', NULL, NULL, 0, 709, '', '61.244.172.6', 1, 0, '', '', '2018-05-17 21:35:24'),
(31, 1, 0, 0, 'WAI TAK', 'CHOY', 'evanchoy@hotmail.com', '90380830', '', '7dbf5d2fec99891b59d091c4f4d49c3e37145942', 'P2XnitIFi', NULL, NULL, 0, 708, '', '59.148.196.121', 1, 0, '', '', '2018-05-16 21:03:08'),
(30, 1, 0, 0, 'Christian', 'Hepfinger', 'Hepfinger@web.de', '+49 172 6006115', '', '33af2cede2dcb277f977381f33ba0f19301a3d98', '5V2KEcPTI', NULL, NULL, 0, 0, '', '93.199.137.19', 1, 0, '', '', '2018-05-15 15:39:07'),
(29, 1, 0, 0, '郁淳', '蘇', 'xxoobkk@gmail.com', '93377759', '', 'c1c4d8f28f384223f436a4681e5fffe39ef10fb6', 'TC3Gzf7Zu', NULL, NULL, 0, 706, '', '219.73.89.35', 1, 0, '', '', '2018-05-11 10:37:34'),
(28, 1, 0, 0, 'Jones', 'Chung', 'joneswingsze@yahoo.com.hk', '98522310', '', '3be95255e4ec7a087b9123188e243aabe3acadc4', 'IrRGvPnSf', NULL, NULL, 0, 705, '', '125.215.172.135', 1, 0, '', '', '2018-05-07 00:07:55'),
(27, 1, 0, 0, 'Victor', 'pop', 'victorchew513@gmail.com', '03231503', '', '01878002368baff77ba02a1cc6181eacbee22c4d', 'SFY1JHIzb', NULL, NULL, 0, 704, '', '104.132.115.93', 1, 0, '', '', '2018-04-29 23:34:04'),
(26, 1, 0, 0, 'Amy', 'Wan', 'Baxpress@hotmail.com', '9546825898', '', '197bdfcad7b248142bf129aa42a1b0fbd93b1229', 'jlAAyIYWV', NULL, NULL, 0, 703, '[]', '107.77.216.34', 1, 0, '', '', '2018-04-24 16:07:16'),
(25, 1, 0, 0, 'Tik hei', 'Ng', 'fkstf04@yahoo.com.hk', '4157941293', '', '514c8b321541751e052cf7dd94a34bec071c1e46', 'F5j8CqrCI', NULL, NULL, 0, 702, '', '69.181.52.147', 1, 0, '', '', '2018-04-14 12:48:52'),
(24, 1, 0, 0, 'Nelson', 'Leung', 'lkchun@yahoo.com.hk', '66229717', '', '17a70ff0a901e64b31ec90eca7baccc480c305e1', 'D4F2C6VHW', NULL, NULL, 0, 701, '', '45.64.243.64', 1, 0, '', '', '2018-04-02 08:57:34'),
(23, 1, 0, 0, 'NG', 'RAY', 'bigray001@gmail.com', '57298199', '', '08ed563214ec04e310276b3a36255b44afc0d148', 'zD5W3h3fo', NULL, NULL, 0, 700, '', '42.2.90.145', 1, 0, '', '', '2018-03-27 20:03:21'),
(22, 1, 0, 0, 'Alex', 'Tai', 'sseutn@gmail.com', '57196400', '', 'c6c83486ff4adcc8dcba08410dc6e00572996c48', 'VuoeBz9Ub', NULL, NULL, 0, 699, '', '119.236.138.209', 1, 0, '', '', '2018-03-19 03:43:10'),
(21, 1, 0, 0, 'Kheng Keong', 'Tan', 'tankk73@yahoo.com', '+6598194279', '', '395b0acdf892745314e4d55454a16d0b1b896890', 'nUx3xzDVC', NULL, NULL, 0, 698, '', '42.60.79.202', 1, 0, '', '', '2018-03-17 03:35:12'),
(20, 1, 0, 0, 'helen', 'yip', 'helenknyip@gmail.com', '11223344', '', 'ffdb0f82ac4b1fe7c3172cce7f9672b73657a5d9', 'IM1wCEOEF', NULL, NULL, 0, 697, '', '101.78.249.50', 1, 0, '', '', '2018-03-15 20:15:58'),
(19, 1, 0, 0, 'Grant', 'Lee', 'grant_lee@att.net', '3128423829', '', 'f5ed13017fe87e503200e08f6ae816eb49edb0b9', 'jX2wR7ozD', NULL, NULL, 0, 696, '', '174.221.132.102', 1, 0, '', '', '2018-03-15 13:09:32'),
(18, 1, 0, 0, 'Ching San', 'Tsang', 'cowmantsang@gmail.com', '68886860', '', 'c6abd5a26c6956ccc24c0d95d01b4401ec2d92bb', 'QdiDJw2gu', NULL, NULL, 0, 695, '', '182.239.117.162', 1, 0, '', '', '2018-03-04 21:51:23'),
(17, 1, 0, 0, 'Anthony', 'Yeung', 'yeungstarz@gmail.com', '96690257', '', '7a5a932e421072e091b1edaea67307e00d52e5ae', 'cAtIUcvYm', NULL, NULL, 0, 693, '', '203.198.28.191', 1, 0, '', '', '2018-02-21 21:06:36'),
(16, 1, 0, 0, 'Janet', 'Ho', 'janet9683@yahoo.com.sg', '+6591282295', '', 'fcc7076b23ec39eda01c1c674ff3ebfb0238e238', 'kM6ntTs4z', NULL, NULL, 0, 692, '', '121.7.35.238', 1, 0, '', '', '2018-02-19 00:00:25'),
(15, 1, 0, 0, '良峰', '朱', 'hyzhulf@foxmail.com', '+8618067098360', '', 'cfec9bedfdb91cd2fee8e19f2cd8a4596c5186fe', '7G1eFNqqJ', NULL, NULL, 0, 691, '', '122.238.46.196', 1, 0, '', '', '2018-02-18 08:56:16'),
(14, 1, 0, 0, 'George', 'Fokas', 'g.fokas@gmail.com', '+85252205419', '', '30de39b557d4fa47aebceaf67fa2b004452c1d4b', '1NEmUGlnc', NULL, NULL, 0, 690, '', '175.159.182.54', 1, 0, '', '', '2018-02-08 21:02:56'),
(13, 1, 0, 0, 'KEITH', 'AU', 'uahtiek@gmail.com', '53074659', '', '01b14a8c3f40c2bb7b02f690cc8d62bb1ef36c2c', 'DqHWnZo2F', NULL, NULL, 0, 688, '', '101.78.249.50', 1, 0, '', '', '2018-02-05 20:38:14'),
(12, 1, 0, 0, 'Lewis', 'Lee', 'lewislee707@hotmail.com', '97321514', '', '8b07046594eaaa8317b58134d91753a37434b0a6', 'BLIIOleiU', NULL, NULL, 0, 687, '', '101.78.249.50', 1, 0, '', '', '2018-02-04 10:07:41'),
(10, 1, 0, 0, 'Peter', 'Wong', 'pw12f338c@live.hk', '62275705', '', '80e2db31f08db1b07b7554f176720fe088297f1b', 'JjlUlukfX', NULL, NULL, 0, 685, '', '103.46.223.69', 1, 0, '', '', '2017-11-23 04:08:07'),
(9, 1, 0, 0, 'Krishna Das', 'Suman', 'mksuman1@gmail.com', '62023979', '', '2cfc2b974e7c55349f31ee19f3682954ec7a2ea1', '39NWEHkKs', NULL, NULL, 0, 684, '', '119.237.146.142', 1, 0, '', '', '2017-11-19 21:20:24'),
(8, 1, 0, 0, 'Chun', 'Ho', 'attaho17@gmail.com', '63754903', '', 'd4628f26e2d489365b15d8830920e42d30358cb8', 'xEBTiqYVw', NULL, NULL, 0, 682, '', '61.93.232.46', 1, 0, '', '', '2017-10-09 19:59:24'),
(7, 1, 0, 0, 'Kenneth', 'Chow', 'kenneth1110@gmail.com', '62335542', '', 'a5e5f95f9056e5dc3a9a7966ab508a855ae6b3ad', 'ed729A3iX', NULL, NULL, 0, 681, '', '61.93.209.106', 1, 0, '', '', '2017-09-22 00:53:32'),
(6, 1, 0, 0, 'Matthew', 'Cheung', 'matthew@ibizasia.com', '36157110', '', '0ed39e1d4cb33e2a883fe9e39b1afbc9dada4a80', 'YbaPXYN8f', NULL, NULL, 1, 679, '{\"1\":\"1\"}', '101.78.248.97', 1, 0, '', '', '2017-09-19 22:02:48'),
(5, 1, 0, 0, 'Miu Ying', 'Sze', 'szemying@gmail.com', '69770781', '', '2eac5ca3078dd31cd3bdda46ab71ebdf03896345', '1kncjUTTF', NULL, NULL, 0, 678, '', '101.78.250.158', 1, 0, '', '', '2017-09-19 19:38:07'),
(4, 1, 0, 0, 'Bonnie', 'Lee', 'bonnie@daikin.com.hk', '39669319', '23573282', 'f1cf6a9e2b571938a24612370803df64f40df1cb', 'WZzleftgs', NULL, NULL, 0, 677, '', '218.103.124.210', 1, 0, '', '', '2017-09-06 23:56:08'),
(1, 1, 0, 0, 'KEI SHING', 'NG', 'garyhksarnew@gmail.com', '+852 64914124', '', '3e986401d04b20bcec1da2123c7ca6c62e1bdf57', '0e5TFCNZP', NULL, NULL, 0, 674, '', '103.17.73.98', 1, 0, '', '', '2017-08-14 03:20:34'),
(2, 1, 0, 0, 'Jaci', 'Ho', 'jaciho@gmail.com', '92618187', '', '617ec8444d54f4940b59294b789943b23248160f', 'dvYeNgjFy', NULL, NULL, 1, 675, '', '103.228.182.142', 1, 0, '', '', '2017-08-29 20:42:42'),
(3, 1, 0, 0, 'Warren', 'Yu', 'warren.yu@hkbrewcraft.com', '98177689', '98177689', '9b04c7379174bd56d8df0b408dc71245e798241f', 'MHjOyBiuD', NULL, NULL, 0, 676, '', '124.217.189.94', 1, 0, '', '', '2017-09-02 13:18:36'),
(543, 1, 0, 0, 'Vi', 'Cheung', 'yeemancheung1229@hotmail.com', '60177168', '', 'a65091085c8b468b9d56f3416f291f7145e50c3e', 'VcqfTjR4b', NULL, NULL, 0, 1009, '{\"1\":\"2\"}', '220.246.221.50', 1, 0, '', '', '2022-02-08 14:56:39'),
(544, 1, 0, 0, 'Kwong Hung', 'Lok', 'johnnie517@yahoo.com.hk', '90939586', '', '83a2cc6464d79bc27000e7889ce3e18e9839648e', 'WVqCqh0XY', NULL, NULL, 1, 1010, '{\"1\":\"1\"}', '203.168.201.131', 1, 0, '', '', '2022-02-08 14:58:39'),
(545, 1, 0, 0, 'Ken', 'Kwok', 'dandanzhou87@gmail.com', '0634064260', '', '96cb2eba0ecf5896cbcf5da04fb306ed4706a1db', 'm9eCfks39', NULL, NULL, 0, 1011, '{\"1\":\"1\"}', '82.169.56.231', 1, 0, '', '', '2022-02-17 05:20:56'),
(546, 1, 0, 0, 'shuzhen', 'lv', 'nog.jc.chen@gmail.com', '18676839839', '', 'ce1b7b8242168142a025242d0019fdcbd873fb94', 'xCJ0jWU7N', NULL, NULL, 1, 1012, '{\"1\":\"1\"}', '61.221.57.87', 1, 0, '', '', '2022-02-19 10:54:00'),
(547, 1, 0, 0, 'Chun Lok', 'Ho', 'vinimas714@hotmail.com', '63439346', '', '5a534dd4e8b01a827d2d7fdaac5b233c4ed8e31e', 'spSMl5nt9', NULL, NULL, 0, 1014, '{\"1\":\"1\"}', '185.225.234.225', 1, 0, '', '', '2022-02-27 12:11:51'),
(548, 1, 0, 0, 'Pang To', 'Chung', 'RICKYAKILTD@YAHOO.COM.HK', '92028127', '', '0cb179a19e3523a6cd90f8fcccce6166bc4183d4', 'TX8WLDAoL', NULL, NULL, 0, 1015, '{\"1\":\"1\"}', '14.0.236.28', 1, 0, '', '', '2022-02-27 23:58:15'),
(549, 1, 0, 0, 'Vicki', 'Kong', 'vickikwk@yahoo.com.hk', '93087112', '', '353c8ba07be05dc66253a84a16b050b71fae07f3', '4zP8srAhs', NULL, NULL, 0, 1016, '{\"1\":\"2\"}', '14.0.152.189', 1, 0, '', '', '2022-02-28 22:17:50'),
(550, 1, 0, 0, 'iris', 'lam', 'iris.lam16@gmail.com', '62384340', '', '852df14451ade46a10bbf1ac2e1449c602e27bfc', '9vm7n6NKo', NULL, NULL, 0, 1017, '{\"1\":\"2\"}', '219.77.225.155', 1, 0, '', '', '2022-03-07 01:23:29'),
(551, 1, 0, 0, 'Adam', 'Xiang', '124388342@qq.com', '13611734168', '', 'd62c4c719ae3070a818952f45bcfb3e16291356a', 'pxRNpYG5B', NULL, NULL, 0, 1018, '{\"1\":\"1\"}', '101.86.153.15', 1, 0, '', '', '2022-03-07 22:25:09'),
(552, 1, 0, 0, 'Niki', 'Cheuk', 'nkc@ghs.edu.hk', '53356323', '', '28cdc4debc98647f8199c91a005cde714a0ce718', 'O3gkNQpNG', NULL, NULL, 0, 1019, '{\"1\":\"2\"}', '218.255.163.117', 1, 0, '', '', '2022-03-09 12:27:12'),
(553, 1, 0, 0, 'Fung chang', 'Chen', 'Lchen6457@yahoo.com', '6262266200', '', '2ef02d1e9197d308168041855f859f4f17e6a8b1', 'kJykv204R', NULL, NULL, 1, 1020, '{\"1\":\"1\"}', '71.92.194.115', 1, 0, '', '', '2022-03-13 13:45:26'),
(554, 1, 0, 0, 'BEIN', 'MAUNG HAW', 'cucusoakmk@gmail.com', '+16573649684', '', '0878cd328ff0019db608de10fbcd2e0f5f6d561e', 'MFE1otQSW', NULL, NULL, 0, 1021, '{\"1\":\"1\"}', '23.241.152.246', 1, 0, '', '', '2022-03-14 01:20:37'),
(555, 1, 0, 0, 'sin poh', 'tan', 'hopnis@yahoo.com.sg', '6590037001', '', 'bac14ab05d1dae92d9a8ce4f35722789e24bb02f', 'Y0rZY8p6j', NULL, NULL, 1, 1022, '{\"1\":\"1\"}', '103.203.221.136', 1, 0, '', '', '2022-03-16 17:28:21'),
(556, 1, 0, 0, 'Elly', 'LEUNG', 'bebeey5759@yahoo.com.hk', '96620652', '', 'c747affe05910ebfd3b1da4ba69fa749330f28fd', 'xWEACDHsv', NULL, NULL, 1, 1023, '{\"1\":\"2\"}', '218.253.136.36', 1, 0, '', '', '2022-03-19 23:18:57'),
(557, 1, 0, 0, 'Jeffrey', 'Fung', 'jeffungfrey430091@gmail.com', '63518557', '', '5237d397661b421d66e5df6ee1c6ebe67aa14c13', 'ayR7D5MdI', NULL, NULL, 0, 1024, '{\"1\":\"1\"}', '119.247.80.58', 1, 0, '', '', '2022-03-27 12:55:22'),
(558, 1, 0, 0, '京', '谢', 'jing-king@vip.163.com', '008613003215107', '', '66470ea46b396b2e7497585ddcec700b30819ba8', 'aN0DHOJvR', NULL, NULL, 1, 1025, '{\"1\":\"1\"}', '101.80.35.240', 1, 0, '', '', '2022-03-27 16:48:07'),
(559, 1, 0, 0, 'V', 'Lam', 'vlam1001@gmail.com', '94942114', '', '1222b656b06af4daf1acad2f6e70e0e803abd438', 'iEzBpwA5h', NULL, NULL, 1, 1028, '{\"1\":\"2\"}', '210.3.53.58', 1, 0, '', '', '2022-04-04 09:35:02'),
(560, 1, 0, 0, 'Zoe', 'Tse', 'zoetlk@yahoo.com.hk', '64863703', '', '4bda57ff1c4288903bb7bf3730e9ec38b3c4e07f', '8GyKfciBu', NULL, NULL, 0, 1029, '{\"1\":\"2\"}', '203.145.94.147', 1, 0, '', '', '2022-04-04 11:37:44'),
(561, 1, 0, 0, 'Monster', 'Ng', 'ng__patricia@hotmail.com', '92525472', '', 'c60fd06e038edea7911f5827ad561d4156f775af', 'aMrdHNVSa', NULL, NULL, 0, 1031, '{\"1\":\"2\"}', '210.177.242.241', 1, 0, '', '', '2022-04-04 16:28:13'),
(562, 1, 0, 0, 'Kelly', 'Hsu', 'Kellyho112186@gmail.com', '6264291121', '', 'e35661b0a68226cd9d46aaaaf97947e8b8d2ba66', 'MS4zrhpHr', NULL, NULL, 1, 1032, '{\"1\":\"2\"}', '172.115.164.205', 1, 0, '', '', '2022-04-12 10:59:08'),
(563, 1, 0, 0, 'JERRY', 'TSOI', 'the_great_jerry@hotmail.com', '93280418', '', '0a29a0f408451443c8ae28eb18796e7c1413958d', 'd5SaZhOt4', NULL, NULL, 0, 1034, '{\"1\":\"1\"}', '103.31.138.42', 1, 0, '', '', '2022-04-12 16:53:45'),
(564, 1, 0, 0, 'Anna', 'Leung', 'tiffany30247@gmail.com', '6478483973', '', '4d23ac9dd0804be29716f8b64fa557e7f254f603', 'bUT1t1SVr', NULL, NULL, 1, 1035, '{\"1\":\"2\"}', '97.108.159.183', 1, 0, '', '', '2022-04-16 10:31:59'),
(565, 1, 0, 0, 'Monkey', 'Luffy', 'junsun_hakdogman@hotmail.com', '6508730750', '', 'a54dd63d3160ba5b03bbab4839a03d6e1680c754', 'dWJqhraVK', NULL, NULL, 0, 1036, '{\"1\":\"1\"}', '180.190.100.30', 1, 0, '', '', '2022-04-27 03:24:34'),
(566, 1, 0, 0, 'Bobby', 'Putol', 'Sandiko392@gmail.com', '6508730750', '', '9a896e6ba7a9ca92c0d5eb70e03ef0b0c6ad6117', 'ymYePF1CF', NULL, NULL, 0, 1037, '{\"1\":\"1\"}', '136.158.11.154', 1, 0, '', '', '2022-04-27 08:35:08'),
(567, 1, 0, 0, 'MARK JOGETTE', 'LEAL', 'jetjetleal123@gmail.com', '09462504764', '', 'fd2a4e5c808188643caa44e0253f3f0b1ed3b672', '8orqPjzge', NULL, NULL, 0, 1038, '{\"1\":\"1\"}', '175.176.52.37', 1, 0, '', '', '2022-04-28 00:10:29'),
(568, 1, 0, 0, 'ALBERT', 'HO', 'joealbert@netvigator.com', '+85290109732', '', 'a84b29ae319413f571ddf8a88652ce341e75be5b', 'bswthtiVB', NULL, NULL, 0, 1039, '{\"1\":\"1\"}', '1.36.23.234', 1, 0, '', '', '2022-05-03 13:08:08'),
(569, 1, 0, 0, 'William', 'Boyadjian', 'william.boyadjian@gmail.com', '0683083218', '', '4ea33a26a82bbb9a27c0ebac46146016c586cd2a', 'CMaCRQA5v', NULL, NULL, 0, 1040, '{\"1\":\"1\"}', '92.169.30.48', 1, 0, '', '', '2022-05-06 03:51:58'),
(570, 1, 0, 0, 'Agnes', 'Yuen', 'agnes_y627@yahoo.com.hk', '92506671', '', 'ae355c4e57c9e3971fa3d523d94c5bd60bc0e3df', 'ZYTXFmtfL', NULL, NULL, 0, 1042, '{\"1\":\"2\"}', '58.152.136.157', 1, 0, '', '', '2022-05-07 17:08:35'),
(571, 1, 0, 0, '洪盛', '江', '597049305@qq.com', '18588992722', '', '527212d5e285f8b1732521560c0c84d4cb680927', 'F4FfPXqXF', NULL, NULL, 0, 1043, '{\"1\":\"1\"}', '112.96.173.239', 1, 0, '', '', '2022-05-09 10:07:17'),
(572, 1, 0, 0, 'Betina', 'Chan', 'betina_chan2001@yahoo.com.hk', '96480400', '', 'de770795ac23d39009846e0ee407aa44d43eda61', 'reboGT7vm', NULL, NULL, 1, 1045, '{\"1\":\"2\"}', '59.148.129.218', 1, 0, '', '', '2022-05-16 23:07:37'),
(573, 1, 0, 0, 'Agnes', 'Wong', 'agneswong@head-bright.com', '98722666', '', 'ed5f34ec5f83f3aab46e6edf056c8ef371fdee2b', 'X0AOjxKjm', NULL, NULL, 1, 1046, '{\"1\":\"2\"}', '112.118.168.218', 1, 0, '', '', '2022-05-16 23:35:55'),
(574, 1, 0, 0, 'Ka Man', 'Ho', 'carmenho0630@gmail.com', '60889635', '', '650898a4450ccbc0a24ccd5d017e9243515f79b5', 'TeGvO6EXy', NULL, NULL, 0, 1047, '{\"1\":\"2\"}', '123.203.187.154', 1, 0, '', '', '2022-05-18 20:26:25'),
(575, 1, 0, 0, 'Sarah', 'Choi', 'sarahmsc2011@gmail.com', '6267588856', '', '5718cadc1ba282c43fc0586afe568709dfd24f7f', 'oKQJhmU7X', NULL, NULL, 0, 1048, '{\"1\":\"2\"}', '75.140.81.64', 1, 0, '', '', '2022-05-25 22:11:29'),
(576, 1, 0, 0, 'Vivian', 'Cheng', 'viv2888@hotmail.com', '61408844728', '', '7a941124bfe8f51b4c7b2aa5d3d06343cde4adae', 'jIEuXZr3j', NULL, NULL, 1, 1049, '{\"1\":\"2\"}', '1.144.20.183', 1, 0, '', '', '2022-05-26 08:43:01'),
(577, 1, 0, 0, 'Benjamin', 'Sung', 'detective_conan3@hotmail.com', '0488779885', '', 'd6d5a3e587959b3c0e765ebb56bdd161666eda28', 'yRZikwp2q', NULL, NULL, 0, 1050, '{\"1\":\"1\"}', '110.175.4.96', 1, 0, '', '', '2022-05-29 10:55:35'),
(578, 1, 0, 0, 'Patricia', 'Kung', 'patkung48@yahoo.com', '604-285-6078', '', 'fe0af1fcf140a6510980249194f64c83f976cb3a', 'RMWkhWUsr', NULL, NULL, 0, 1051, '{\"1\":\"2\"}', '104.219.200.1', 1, 0, '', '', '2022-06-09 05:44:01'),
(579, 1, 0, 0, 'Hao', 'Wang', 'wanghao@outlook.com', '96385347', '', 'bdb5e95974651c912c25633b36bf54595b02e47b', 'XjxtGPjbj', NULL, NULL, 0, 1052, '{\"1\":\"1\"}', '175.159.122.58', 1, 0, '', '', '2022-06-10 22:16:15'),
(580, 1, 0, 0, 'Christine', 'Cheung', 'christinechicheung@yahoo.com.hk', '60177459', '', 'd62d6d76eda5ac5e48a7cb10eb8316d392bd3b36', '7g1oD9bok', NULL, NULL, 0, 1053, '{\"1\":\"2\"}', '58.176.227.51', 1, 0, '', '', '2022-06-26 13:44:57'),
(581, 1, 0, 0, 'Simon', 'Suen', 'shuntinest2008@gmail.com', '90421890', '', '1fe0ea709d9a8292fdb053a8fe1b7532bdf7c9b3', '9fnCCqoUt', NULL, NULL, 0, 1054, '{\"1\":\"1\"}', '14.198.175.20', 1, 0, '', '', '2022-07-04 11:11:54'),
(582, 1, 0, 0, '麗文', '張', 'rickycwpang@gmail.com', '95568830', '95568830', '09ddc2ebcf78823a2e0176652282214c2c0e5da5', 'mXjgyMnqu', NULL, NULL, 0, 1055, '{\"1\":\"2\"}', '58.153.93.251', 1, 0, '', '', '2022-07-05 23:53:59'),
(583, 1, 0, 0, 'Ted', 'Wong', 'uktedwong@gmail.com', '+447726454233', '', '576f16f4fb4d9f008e688a2b4b3ad7fc7dd279e0', 'hOSpnbSSh', NULL, NULL, 1, 1056, '{\"1\":\"1\"}', '92.9.68.32', 1, 0, '', '', '2022-07-29 17:04:37'),
(584, 1, 0, 0, 'Tracy', 'Ho', 'tracyho@aia.com.hk', '9270 3003', '', 'a68d06f5b4cf52584e2d734bc598d0314da2737d', 'AbyPDxS7d', NULL, NULL, 0, 1057, '{\"1\":\"2\"}', '203.145.94.61', 1, 0, '', '', '2022-08-01 12:29:01'),
(585, 1, 0, 0, 'Choo', 'Boon Tuan', 'chooboontuan@yahoo.co.uk', '+6598320159', '', 'e3e7161f1250a82ab7a3c5a0a932a291e3b863ba', 'sHooz8QBm', NULL, NULL, 0, 1058, '{\"1\":\"2\"}', '116.88.85.147', 1, 0, '', '', '2022-08-16 01:55:35'),
(586, 1, 0, 0, 'Oi-Lam', 'Ng', 'ng.oilam@gmail.com', '+85266808323', '', '38894d42330fddaa312a84dea67a0cf526dbd8fc', 'fV9pS01zx', NULL, NULL, 0, 1059, '{\"1\":\"2\"}', '203.198.116.141', 1, 0, '', '', '2022-08-25 18:28:30'),
(587, 1, 0, 0, 'Micheal', 'Lui', 'Micheallui123@hotmail.com', '4164026268', '', '4b84aeec06c328ddceb114dc58ba01bbbf4fd4bf', 'Dc3H57BsS', NULL, NULL, 1, 1060, '{\"1\":\"1\"}', '209.141.196.175', 1, 0, '', '', '2022-09-12 15:12:08'),
(588, 1, 0, 0, 'Klare', 'Kim', 'ccwcpm@yahoo.com', '91882503', '', '89ac0fb8087863f40c4f0e1a91041eb49f646be4', '67Mz4hnrH', NULL, NULL, 0, 1061, '{\"1\":\"2\"}', '220.241.53.29', 1, 0, '', '', '2022-09-13 01:13:27'),
(589, 1, 0, 0, 'Yik', 'Leung', 'ziptyoran@gmail.com', '51920336', '', 'b65ccc4a216ae94752826f0249cbd93276b0d07f', 'KTY7iiUw6', NULL, NULL, 0, 1062, '{\"1\":\"2\"}', '112.118.177.85', 1, 0, '', '', '2022-09-14 14:00:08'),
(590, 1, 0, 0, 'Wilfred', 'Wong', 'wingwahwilfred@gmail.com', '91262367', '', '24e223d323bf6cc8fc8ea7c154602654efbeb6c0', 'PIgK5fKek', NULL, NULL, 0, 1063, '{\"1\":\"1\"}', '58.177.45.93', 1, 0, '', '', '2022-10-09 14:27:06'),
(591, 1, 0, 0, 'chi wa', 'yip', 'kelyip1203@yahoo.com.hk', '96635856', '', '1556aa648667b56519cf7ab4fd92bc795b44f4b3', 'vK58leqGE', NULL, NULL, 0, 1064, '{\"1\":\"1\"}', '223.18.81.172', 1, 0, '', '', '2022-10-11 17:18:50'),
(592, 1, 0, 0, 'Scarlet', 'Lam', 'scarletlam97@yahoo.com.hk', '60165979', '', '8f0fdc1f4b576e7c51c54b5ec82a0ffd3cd6d293', 'UojAxbhiW', NULL, NULL, 1, 1065, '{\"1\":\"2\"}', '49.130.131.77', 1, 0, '', '', '2022-10-20 23:42:09'),
(593, 1, 0, 0, 'Shirley', 'chan', 'shirleysmchan@gmail.com', '98149581', '', 'fc79fcb20118936dc07def55f63bbf2a6bd4ca45', 'SZM5QWu3g', NULL, NULL, 0, 1068, '{\"1\":\"2\"}', '61.93.183.187', 1, 0, '', '', '2022-11-05 22:02:38'),
(594, 1, 0, 0, 'TSZ KIT', 'LEE', '0861337@gmail.com', '63362666', '', '81cff183f69b61bc23c905ebfb18238d383c3fdc', '7VPnpmHx0', NULL, NULL, 1, 1070, '{\"1\":\"1\"}', '49.130.131.184', 1, 0, '', '', '2022-11-14 17:48:01'),
(595, 1, 0, 0, 'Edgar', 'Luk', 'cannavarocook@hotmail.com', '+85260885641', '', '431af7f7cb2f033ad9f9f7723aba2181f8d9d3dc', 'YDNMLUnC9', NULL, NULL, 0, 1071, '{\"1\":\"1\"}', '219.77.217.122', 1, 0, '', '', '2022-11-16 21:49:11'),
(596, 1, 0, 0, 'Chi Ho', 'Leung', 'iceiceiceiceice5@gmail.com', '17788613577', '', '102d65c27851ed920c2e5004b1dfd08b17fe6024', 'iGy744pid', NULL, NULL, 1, 1072, '{\"1\":\"1\"}', '24.80.83.44', 1, 0, '', '', '2022-11-28 12:34:51'),
(597, 1, 0, 0, 'Eric', 'Hsi', 'erichsi168@yahoo.com', '6264463668', '', '648bc3a65543f7a53cfe9c397e8a1f9c07057b01', 'rPSqbdROu', NULL, NULL, 1, 1073, '{\"1\":\"1\"}', '216.165.246.89', 1, 0, '', '', '2022-12-10 13:31:32'),
(598, 1, 0, 0, '富華', '李', 'loleefuwah@gmail.com', '90315457', '', '8740e3582ae7d7d577331d8319cfedd0c43a7f36', 'HJquSFs0S', NULL, NULL, 0, 1074, '{\"1\":\"1\"}', '42.200.191.110', 1, 0, '', '', '2022-12-13 17:00:36'),
(599, 1, 0, 0, 'PIK YUK', 'OR', 'Sotanmimi06@yahoo.com', '94802927', '', 'afbf26c8cadfc741ea99855645438dfa8fe60d0d', '5SoL8MJ6A', NULL, NULL, 0, 1075, '{\"1\":\"2\"}', '116.48.11.228', 1, 0, '', '', '2022-12-14 16:53:12'),
(600, 1, 0, 0, 'Sam', 'Lau', 'samman801@yahoo.com', '67063786', '', '1927f6fd9a433d22075d0257bb9b1d3af0fb5fac', 'ho9gsNzWh', NULL, NULL, 0, 1076, '{\"1\":\"1\"}', '185.225.234.27', 1, 0, '', '', '2022-12-18 16:25:02');

-- --------------------------------------------------------

--
